000
CXUS54 KHGX 011410
CF6DWH
PRELIMINARY LOCAL CLIMATOLOGICAL DATA (WS FORM: F-6)
STATION: HOUSTON/D.W._HOOKS
MONTH: JULY
YEAR: 2023
LATITUDE: 30 4 N
LONGITUDE: 95 33 W
TEMPERATURE IN F: :PCPN: SNOW: WIND :SUNSHINE: SKY :PK WND
================================================================================
1 2 3 4 5 6A 6B 7 8 9 10 11 12 13 14 15 16 17 18
12Z AVG MX 2MIN
DY MAX MIN AVG DEP HDD CDD WTR SNW DPTH SPD SPD DIR MIN PSBL S-S WX SPD DR
================================================================================
1 100 76 88 4 0 23 0.00 0.0 0 3.9 12 200 M M 2 18 190
2 98 76 87 3 0 22 0.19 0.0 0 4.6 25 120 M M 3 13 38 110
3 99 76 88 4 0 23 0.00 0.0 0 2.2 9 140 M M 2 13 17 160
4 92 77 85 1 0 20 0.01 0.0 0 3.7 14 190 M M 2 13 24 180
5 96 77 87 3 0 22 T 0.0 0 3.3 16 130 M M 4 3 24 130
6 90 75 83 -1 0 18 0.50 0.0 0 3.5 14 240 M M 3 13 22 230
7 92 72 82 -2 0 17 0.01 0.0 0 3.4 20 150 M M 3 1 31 140
8 96 74 85 1 0 20 0.00 0.0 0 4.8 20 200 M M 2 1 28 200
9 98 80 89 5 0 24 0.00 0.0 0 7.2 14 190 M M 4 26 320
10 99 79 89 5 0 24 0.00 0.0 0 5.7 14 200 M M 3 21 190
11 99 81 90 6 0 25 0.00 0.0 0 6.5 14 230 M M 4 27 170
12 100 82 91 7 0 26 0.00 0.0 0 9.0 18 190 M M 4 28 190
13 100 81 91 7 0 26 0.00 0.0 0 8.7 16 190 M M 4 28 190
14 99 81 90 6 0 25 0.00 0.0 0 8.9 14 240 M M 3 25 260
15 100 81 91 7 0 26 0.00 0.0 0 7.4 14 200 M M 4 21 200
16 99 81 90 6 0 25 0.00 0.0 0 5.2 12 190 M M 2 19 200
17 101 81 91 7 0 26 0.00 0.0 0 6.2 13 200 M M 2 22 140
18 100 81 91 6 0 26 0.00 0.0 0 7.4 14 190 M M 3 24 190
19 101 80 91 6 0 26 0.00 0.0 0 6.8 12 200 M M 3 23 190
20 102 77 90 5 0 25 0.00 0.0 0 5.2 14 130 M M 1 1 23 130
21 101 76 89 4 0 24 0.00 0.0 0 3.8 12 200 M M 2 17 200
22 101 80 91 6 0 26 T 0.0 0 5.5 12 280 M M 2 3 17 240
23 101 75 88 3 0 23 T 0.0 0 3.7 13 100 M M 3 23 180
24 103 74 89 4 0 24 0.00 0.0 0 3.2 14 230 M M 2 3 22 240
25 100 74 87 2 0 22 T 0.0 0 4.3 16 140 M M 2 1 26 140
26 101 74 88 3 0 23 0.00 0.0 0 3.2 17 120 M M 2 1 29 150
27 99 74 87 2 0 22 0.00 0.0 0 2.8 12 130 M M 2 12 22 130
28 101 72 87 2 0 22 0.00 0.0 0 3.4 14 140 M M 2 1 21 170
29 100 74 87 2 0 22 0.00 0.0 0 3.3 12 200 M M 1 1 19 190
30 102 75 89 4 0 24 0.00 0.0 0 4.4 10 210 M M 0 15 200
31 105 77 91 6 0 26 0.00 0.0 0 4.3 10 110 M M 0 19 110
================================================================================
SM 3075 2393 0 727 0.71 0.0 155.5 M 76
================================================================================
AV 99.2 77.2 5.0 FASTST M M 2 MAX(MPH)
MISC ----> 25 120 38 110
================================================================================
NOTES:
# LAST OF SEVERAL OCCURRENCES
COLUMN 17 PEAK WIND IN M.P.H.
PRELIMINARY LOCAL CLIMATOLOGICAL DATA (WS FORM: F-6) , PAGE 2
STATION: HOUSTON/D.W._HOOKS
MONTH: JULY
YEAR: 2023
LATITUDE: 30 4 N
LONGITUDE: 95 33 W
[TEMPERATURE DATA] [PRECIPITATION DATA] SYMBOLS USED IN COLUMN 16
AVERAGE MONTHLY: 88.2 TOTAL FOR MONTH: 0.71 1 = FOG OR MIST
DPTR FM NORMAL: 3.7 DPTR FM NORMAL: -3.02 2 = FOG REDUCING VISIBILITY
HIGHEST: 105 ON 31 GRTST 24HR 0.50 ON 6- 6 TO 1/4 MILE OR LESS
LOWEST: 72 ON 28, 7 3 = THUNDER
SNOW, ICE PELLETS, HAIL 4 = ICE PELLETS
TOTAL MONTH: 0.0 INCH 5 = HAIL
GRTST 24HR 0.0 6 = FREEZING RAIN OR DRIZZLE
GRTST DEPTH: 0 7 = DUSTSTORM OR SANDSTORM:
VSBY 1/2 MILE OR LESS
8 = SMOKE OR HAZE
[NO. OF DAYS WITH] [WEATHER - DAYS WITH] 9 = BLOWING SNOW
X = TORNADO
MAX 32 OR BELOW: 0 0.01 INCH OR MORE: 4
MAX 90 OR ABOVE: 31 0.10 INCH OR MORE: 2
MIN 32 OR BELOW: 0 0.50 INCH OR MORE: 1
MIN 0 OR BELOW: 0 1.00 INCH OR MORE: 0
[HDD (BASE 65) ]
TOTAL THIS MO. 0 CLEAR (SCALE 0-3) 24
DPTR FM NORMAL 0 PTCLDY (SCALE 4-7) 7
TOTAL FM JUL 1 0 CLOUDY (SCALE 8-10) 0
DPTR FM NORMAL 0
[CDD (BASE 65) ]
TOTAL THIS MO. 727
DPTR FM NORMAL 124 [PRESSURE DATA]
TOTAL FM JAN 1 2128 HIGHEST SLP 30.15 ON 25
DPTR FM NORMAL 335 LOWEST SLP 29.81 ON 13
[REMARKS]
#FINAL-07-23#