000
CXUS54 KEWX 011010
CF6DZB
PRELIMINARY LOCAL CLIMATOLOGICAL DATA (WS FORM: F-6)
STATION: Horseshoe Bay
MONTH: JUNE
YEAR: 2020
LATITUDE: 30 31 N
LONGITUDE: 98 22 W
TEMPERATURE IN F: :PCPN: SNOW: WIND :SUNSHINE: SKY :PK WND
================================================================================
1 2 3 4 5 6A 6B 7 8 9 10 11 12 13 14 15 16 17 18
12Z AVG MX 2MIN
DY MAX MIN AVG DEP HDD CDD WTR SNW DPTH SPD SPD DIR MIN PSBL S-S WX SPD DR
================================================================================
1 84 66 75 M 0 10 0.00 M M 3.4 10 150 M M 6 17 150
2 88 66 77 M 0 12 0.06 M M 2.9 9 170 M M 6 20 170
3 91 70 81 M 0 16 0.00 M M 3.8 9 190 M M 3 16 170
4 93 72 83 M 0 18 0.00 M M 4.1 9 170 M M 1 M M
5 93 73 83 M 0 18 0.00 M M 4.6 12 170 M M 2 9 150
6 95 72 84 M 0 19 0.00 M M 3.1 8 80 M M 1 M M
7 95 72 84 M 0 19 0.00 M M 2.0 6 50 M M 2 M M
8 99 70 85 M 0 20 0.00 M M 3.4 13 180 M M 2 21 180
9 100 72 86 M 0 21 0.00 M M 6.4 15 180 M M 2 23 180
10 91 59 75 M 0 10 0.00 M M 4.1 8 20 M M 0 21 30
11 95 57 76 M 0 11 0.00 M M 3.5 9 50 M M 0 16 70
12 93 57 75 M 0 10 0.00 M M 2.9 8 50 M M 0 16 110
13 93 61 77 M 0 12 0.00 M M 2.9 8 100 M M 0 M M
14 91 61 76 M 0 11 0.00 M M 3.4 9 140 M M 1 18 90
15 93 66 80 M 0 15 0.00 M M 5.4 10 150 M M 4 18 150
16 93 73 83 M 0 18 0.00 M M 6.0 13 140 M M 3 22 140
17 93 66 80 M 0 15 0.00 M M 8.2 13 140 M M 1 21 190
18 93 73 83 M 0 18 0.00 M M 8.8 13 140 M M 5 22 180
19 93 75 84 M 0 19 0.00 M M 9.0 16 170 M M 4 23 170
20 93 72 83 M 0 18 0.23 M M 6.1 12 190 M M 4 18 170
21 95 73 84 M 0 19 0.00 M M 7.4 15 190 M M 4 22 190
22 95 77 86 M 0 21 0.00 M M 8.6 14 190 M M 5 23 190
23 88 70 79 M 0 14 0.20 M M 6.4 12 360 M M 5 3 20 140
24 88 70 79 M 0 14 0.00 M M 3.8 8 310 M M 5 M M
25 93 68 81 M 0 16 0.00 M M 4.1 13 160 M M 3 18 160
26 86 73 80 M 0 15 0.01 M M 7.5 16 190 M M 5 8 28 190
27 93 72 83 M 0 18 0.00 M M 8.0 15 170 M M 5 18 27 190
28 90 73 82 M 0 17 0.02 M M 9.9 15 180 M M 6 3 27 190
29 91 79 85 M 0 20 0.00 M M 10.5 17 180 M M 7 29 190
30 95 79 87 M 0 22 0.00 M M 10.8 17 170 M M 5 23 170
================================================================================
SM 2773 2087 0 486 0.52 M 171.0 M 97
================================================================================
AV 92.4 69.6 5.7 FASTST M M 3 MAX(MPH)
MISC ----> # 17 180 # 29 190
================================================================================
NOTES:
# LAST OF SEVERAL OCCURRENCES
COLUMN 17 PEAK WIND IN M.P.H.
PRELIMINARY LOCAL CLIMATOLOGICAL DATA (WS FORM: F-6) , PAGE 2
STATION: Horseshoe Bay
MONTH: JUNE
YEAR: 2020
LATITUDE: 30 31 N
LONGITUDE: 98 22 W
[TEMPERATURE DATA] [PRECIPITATION DATA] SYMBOLS USED IN COLUMN 16
AVERAGE MONTHLY: 81.0 TOTAL FOR MONTH: 0.52 1 = FOG OR MIST
DPTR FM NORMAL: M DPTR FM NORMAL: M 2 = FOG REDUCING VISIBILITY
HIGHEST: 100 ON 9 GRTST 24HR 0.23 ON 20-20 TO 1/4 MILE OR LESS
LOWEST: 57 ON 12,11 3 = THUNDER
SNOW, ICE PELLETS, HAIL 4 = ICE PELLETS
TOTAL MONTH: M 5 = HAIL
GRTST 24HR M ON M 6 = FREEZING RAIN OR DRIZZLE
GRTST DEPTH: M ON M 7 = DUSTSTORM OR SANDSTORM:
VSBY 1/2 MILE OR LESS
8 = SMOKE OR HAZE
[NO. OF DAYS WITH] [WEATHER - DAYS WITH] 9 = BLOWING SNOW
X = TORNADO
MAX 32 OR BELOW: 0 0.01 INCH OR MORE: 5
MAX 90 OR ABOVE: 25 0.10 INCH OR MORE: 2
MIN 32 OR BELOW: 0 0.50 INCH OR MORE: 0
MIN 0 OR BELOW: 0 1.00 INCH OR MORE: 0
[HDD (BASE 65) ]
TOTAL THIS MO. 0 CLEAR (SCALE 0-3) 13
DPTR FM NORMAL M PTCLDY (SCALE 4-7) 17
TOTAL FM JUL 1 1644 CLOUDY (SCALE 8-10) 0
DPTR FM NORMAL M
[CDD (BASE 65) ]
TOTAL THIS MO. 486
DPTR FM NORMAL M [PRESSURE DATA]
TOTAL FM JAN 1 1098 HIGHEST SLP M ON M
DPTR FM NORMAL M LOWEST SLP M ON M
[REMARKS]
#FINAL-06-20#