000
CXUS54 KMAF 011210
CF6E38
PRELIMINARY LOCAL CLIMATOLOGICAL DATA (WS FORM: F-6)
STATION: ALPINE-CASPARIS MUNICIPAL
MONTH: FEBRUARY
YEAR: 2021
LATITUDE: 30 23 N
LONGITUDE: 103 41 W
TEMPERATURE IN F: :PCPN: SNOW: WIND :SUNSHINE: SKY :PK WND
================================================================================
1 2 3 4 5 6A 6B 7 8 9 10 11 12 13 14 15 16 17 18
12Z AVG MX 2MIN
DY MAX MIN AVG DEP HDD CDD WTR SNW DPTH SPD SPD DIR MIN PSBL S-S WX SPD DR
================================================================================
1 63 28 46 M 19 0 M M M 6.5 14 170 M M 0 20 110
2 77 42 60 M 5 0 M M M 6.4 16 240 M M 0 20 240
3 80 51 66 M 0 1 M M M 12.3 24 250 M M 0 31 250
4 71 45 58 M 7 0 M M M 8.8 22 280 M M 0 31 280
5 68 45 57 M 8 0 M M M 10.2 25 270 M M 0 33 300
6 62 37 50 M 15 0 M M M 3.3 13 40 M M 0 24 0
7 74 42 58 M 7 0 M M M 4.7 17 270 M M 0 28 250
8 74 43 59 M 6 0 M M M 6.3 22 240 M M 0 26 240
9 79 43 61 M 4 0 M M M 5.6 22 220 M M 0 31 240
10 77 39 58 M 7 0 M M M 3.9 15 40 M M 0 20 40
11 48 30 39 M 26 0 M M M 5.4 10 60 M M 6 17 50
12 39 24 32 M 33 0 M M M 4.9 12 60 M M 7 M M
13 29 22 26 M 39 0 M M M 2.4 7 60 M M 9 M M
14 25 4 15 M 50 0 M M M 3.8 7 40 M M 8 M M
15 37 4 21 M 44 0 M M M 7.1 18 250 M M 4 M M
16 58 32 45 M 20 0 M M M 14.1 22 260 M M 3 30 260
17 54 31 43 M 22 0 M M M 14.5 28 270 M M 4 38 270
18 31 15 23 M 42 0 0.05 M M 6.6 10 50 M M 10 M M
19 52 13 33 M 32 0 0.03 M M 11.1 18 230 M M 0 25 220
20 71 38 55 M 10 0 M M M 11.5 18 240 M M 0 28 230
21 70 40 55 M 10 0 M M M 11.8 20 230 M M 0 24 270
22 67 30 49 M 16 0 M M M 9.4 17 260 M M 0 25 240
23 77 42 60 M 5 0 M M M 11.1 20 230 M M 0 25 240
24 69 42 56 M 9 0 M M M 7.1 14 50 M M 1 17 50
25 53 36 45 M 20 0 M M M 5.0 10 70 M M 1 M M
26 75 29 52 M 13 0 M M M 7.8 18 250 M M 0 26 260
27 78 48 63 M 2 0 M M M 10.5 24 250 M M 1 30 250
28 69 45 57 M 8 0 M M M 8.7 15 60 M M 2 21 220
================================================================================
SM 1727 940 479 1 0.08 M 220.8 M 56
================================================================================
AV 61.7 33.6 7.9 FASTST M M 2 MAX(MPH)
MISC ----> 28 270 38 270
================================================================================
NOTES:
# LAST OF SEVERAL OCCURRENCES
COLUMN 17 PEAK WIND IN M.P.H.
PRELIMINARY LOCAL CLIMATOLOGICAL DATA (WS FORM: F-6) , PAGE 2
STATION: ALPINE-CASPARIS MUNICIPAL
MONTH: FEBRUARY
YEAR: 2021
LATITUDE: 30 23 N
LONGITUDE: 103 41 W
[TEMPERATURE DATA] [PRECIPITATION DATA] SYMBOLS USED IN COLUMN 16
AVERAGE MONTHLY: 47.6 TOTAL FOR MONTH: 0.08 1 = FOG OR MIST
DPTR FM NORMAL: 0.0 DPTR FM NORMAL: 0.08 2 = FOG REDUCING VISIBILITY
HIGHEST: 80 ON 3 GRTST 24HR 0.05 ON 18-18 TO 1/4 MILE OR LESS
LOWEST: 4 ON 15,14 3 = THUNDER
SNOW, ICE PELLETS, HAIL 4 = ICE PELLETS
TOTAL MONTH: M 5 = HAIL
GRTST 24HR M ON M 6 = FREEZING RAIN OR DRIZZLE
GRTST DEPTH: M ON M 7 = DUSTSTORM OR SANDSTORM:
VSBY 1/2 MILE OR LESS
8 = SMOKE OR HAZE
[NO. OF DAYS WITH] [WEATHER - DAYS WITH] 9 = BLOWING SNOW
X = TORNADO
MAX 32 OR BELOW: 3 0.01 INCH OR MORE: 2
MAX 90 OR ABOVE: 0 0.10 INCH OR MORE: 0
MIN 32 OR BELOW: 12 0.50 INCH OR MORE: 0
MIN 0 OR BELOW: 0 1.00 INCH OR MORE: 0
[HDD (BASE 65) ]
TOTAL THIS MO. 479 CLEAR (SCALE 0-3) 20
DPTR FM NORMAL M PTCLDY (SCALE 4-7) 6
TOTAL FM JUL 1 2051 CLOUDY (SCALE 8-10) 2
DPTR FM NORMAL M
[CDD (BASE 65) ]
TOTAL THIS MO. 1
DPTR FM NORMAL M [PRESSURE DATA]
TOTAL FM JAN 1 1 HIGHEST SLP M ON M
DPTR FM NORMAL M LOWEST SLP M ON M
[REMARKS]
#FINAL-02-21#