000
CXUS53 KGID 220830
CF6EAR
PRELIMINARY LOCAL CLIMATOLOGICAL DATA (WS FORM: F-6)
STATION: KEARNEY NE
MONTH: APRIL
YEAR: 2024
LATITUDE: 40 43 N
LONGITUDE: 99 0 W
TEMPERATURE IN F: :PCPN: SNOW: WIND :SUNSHINE: SKY :PK WND
================================================================================
1 2 3 4 5 6A 6B 7 8 9 10 11 12 13 14 15 16 17 18
12Z AVG MX 2MIN
DY MAX MIN AVG DEP HDD CDD WTR SNW DPTH SPD SPD DIR MIN PSBL S-S WX SPD DR
================================================================================
1 42 34 38 -6 27 0 T M M 18.7 28 80 M M 10 1 35 350
2 58 32 45 0 20 0 T M M 20.0 31 340 M M 4 44 340
3 59 29 44 -1 21 0 0.00 M M 14.6 24 330 M M 0 31 330
4 63 27 45 0 20 0 0.00 M M 7.8 10 20 M M 0 8 17 20
5 68 31 50 4 15 0 0.00 M M 17.8 29 130 M M 0 38 120
6 69 43 56 10 9 0 0.09 M M 25.5 38 190 M M 2 3 51 130
7 55 42 49 3 16 0 0.00 M M 24.7 37 220 M M 7 55 220
8 63 33 48 2 17 0 0.00 M M 12.1 25 270 M M 1 37 260
9 67 32 50 3 15 0 0.00 M M 8.4 17 240 M M 0 24 240
10 69 39 54 7 11 0 0.00 M M 13.7 28 350 M M 2 43 340
11 62 38 50 3 15 0 0.00 M M 15.2 27 340 M M 0 40 340
12 71 30 51 3 14 0 0.00 M M 10.0 20 190 M M 0 25 190
13 86 45 66 18 0 1 0.00 M M 8.9 15 180 M M 0 M M
14 86 46 66 18 0 1 0.00 M M 13.8 21 40 M M 0 32 40
15 85 53 69 21 0 4 0.00 M M 23.9 39 130 M M 2 52 130
16 67 51 59 10 6 0 0.53 M M 21.6 36 300 M M 5 13 50 220
17 70 46 58 9 7 0 T M M 12.1 25 20 M M 1 43 320
18 53 36 45 -4 20 0 T M M 18.1 33 360 M M 6 1 41 360
19 50 35 43 -7 22 0 0.00 M M 6.9 17 360 M M 8 M M
20 49 30 40 -10 25 0 0.00 M M 9.2 17 340 M M 6 22 340
21 61 28 45 -5 20 0 0.00 M M 9.5 15 180 M M 0 18 250
================================================================================
SM 1353 780 300 6 0.62 M 312.5 M 54
================================================================================
AV 64.4 37.1 14.9 FASTST M M 3 MAX(MPH)
MISC ----> 39 130 55 220
================================================================================
NOTES:
# LAST OF SEVERAL OCCURRENCES
COLUMN 17 PEAK WIND IN M.P.H.
PRELIMINARY LOCAL CLIMATOLOGICAL DATA (WS FORM: F-6) , PAGE 2
STATION: KEARNEY NE
MONTH: APRIL
YEAR: 2024
LATITUDE: 40 43 N
LONGITUDE: 99 0 W
[TEMPERATURE DATA] [PRECIPITATION DATA] SYMBOLS USED IN COLUMN 16
AVERAGE MONTHLY: 50.8 TOTAL FOR MONTH: 0.62 1 = FOG OR MIST
DPTR FM NORMAL: 3.5 DPTR FM NORMAL: -0.79 2 = FOG REDUCING VISIBILITY
HIGHEST: 86 ON 14,13 GRTST 24HR 0.53 ON 16-16 TO 1/4 MILE OR LESS
LOWEST: 27 ON 4 3 = THUNDER
SNOW, ICE PELLETS, HAIL 4 = ICE PELLETS
TOTAL MONTH: M 5 = HAIL
GRTST 24HR M ON M 6 = FREEZING RAIN OR DRIZZLE
GRTST DEPTH: M ON M 7 = DUSTSTORM OR SANDSTORM:
VSBY 1/2 MILE OR LESS
8 = SMOKE OR HAZE
[NO. OF DAYS WITH] [WEATHER - DAYS WITH] 9 = BLOWING SNOW
X = TORNADO
MAX 32 OR BELOW: 0 0.01 INCH OR MORE: 2
MAX 90 OR ABOVE: 0 0.10 INCH OR MORE: 1
MIN 32 OR BELOW: 8 0.50 INCH OR MORE: 1
MIN 0 OR BELOW: 0 1.00 INCH OR MORE: 0
[HDD (BASE 65) ]
TOTAL THIS MO. 300 CLEAR (SCALE 0-3) 14
DPTR FM NORMAL -80 PTCLDY (SCALE 4-7) 6
TOTAL FM JUL 1 5144 CLOUDY (SCALE 8-10) 1
DPTR FM NORMAL -1001
[CDD (BASE 65) ]
TOTAL THIS MO. 6
DPTR FM NORMAL 6 [PRESSURE DATA]
TOTAL FM JAN 1 6 HIGHEST SLP M ON M
DPTR FM NORMAL 6 LOWEST SLP M ON M
[REMARKS]