000
CXUS51 KAKQ 010710
CF6ECG
PRELIMINARY LOCAL CLIMATOLOGICAL DATA (WS FORM: F-6)
STATION: ELIZABETH CITY NC
MONTH: OCTOBER
YEAR: 2022
LATITUDE: 36 16 N
LONGITUDE: 76 11 W
TEMPERATURE IN F: :PCPN: SNOW: WIND :SUNSHINE: SKY :PK WND
================================================================================
1 2 3 4 5 6A 6B 7 8 9 10 11 12 13 14 15 16 17 18
12Z AVG MX 2MIN
DY MAX MIN AVG DEP HDD CDD WTR SNW DPTH SPD SPD DIR MIN PSBL S-S WX SPD DR
================================================================================
1 78 60 69 0 0 4 0.00 0.0 0 7.5 16 210 M M 6 21 210
2 72 57 65 -3 0 0 T 0.0 0 7.0 23 340 M M 9 29 330
3 60 51 56 -12 9 0 0.06 0.0 0 20.5 29 340 M M 10 1 36 340
4 56 50 53 -15 12 0 0.01 0.0 0 10.7 16 320 M M 10 1 21 310
5 61 52 57 -10 8 0 0.00 0.0 0 9.5 18 290 M M 10 24 290
6 79 56 68 1 0 3 0.00 0.0 0 5.6 14 320 M M 4 19 290
7 82 56 69 2 0 4 0.00 0.0 0 6.0 16 240 M M 0 1 20 240
8 68 45 57 -9 8 0 0.00 0.0 0 9.7 18 360 M M 2 23 360
9 67 43 55 -11 10 0 0.00 0.0 0 4.6 12 130 M M 0 17 170
10 72 45 59 -7 6 0 0.00 0.0 0 2.3 9 200 M M 1 1 14 190
11 71 47 59 -6 6 0 0.00 0.0 0 3.5 10 70 M M 0 12 15 80
12 77 51 64 -1 1 0 0.00 0.0 0 4.0 16 130 M M 1 12 18 120
13 77 61 69 5 0 4 0.02 0.0 0 5.2 14 150 M M 5 12 18 140
14 72 48 60 -4 5 0 T 0.0 0 6.5 29 360 M M 6 12 36 360
15 76 43 60 -4 5 0 0.00 0.0 0 5.9 14 230 M M 0 12 19 220
16 81 56 69 6 0 4 0.00 0.0 0 7.6 14 220 M M 0 20 210
17 79 59 69 6 0 4 0.00 0.0 0 8.7 21 200 M M 3 26 210
18 63 42 53 -9 12 0 0.00 0.0 0 10.2 20 340 M M 5 26 20
19 59 36 48 -14 17 0 0.00 0.0 0 8.6 18 280 M M 0 28 240
20 64 33 49 -13 16 0 0.00 0.0 0 5.7 15 180 M M 0 21 220
21 69 38 54 -7 11 0 0.00 0.0 0 3.9 12 60 M M 1 12 14 110
22 72 52 62 1 3 0 0.00 0.0 0 8.9 16 40 M M 1 20 40
23 63 57 60 0 5 0 0.53 0.0 0 13.7 23 330 M M 10 1 30 330
24 62 49 56 -4 9 0 0.00 0.0 0 6.8 16 330 M M 9 12 22 330
25 65 49 57 -3 8 0 T 0.0 0 5.9 12 60 M M 10 12 14 340
26 73 60 67 8 0 2 T 0.0 0 3.4 12 230 M M 9 12 14 220
27 69 56 63 4 2 0 0.00 0.0 0 11.8 18 10 M M 4 23 10
28 69 55 62 4 3 0 T 0.0 0 14.2 24 30 M M 9 1 31 40
29 67 51 59 1 6 0 T 0.0 0 13.7 22 30 M M 7 28 30
30 70 52 61 3 4 0 0.00 0.0 0 8.2 14 40 M M 6 1 17 30
31 73 48 61 4 4 0 0.00 0.0 0 3.5 14 120 M M 4 12 17 120
================================================================================
SM 2166 1558 170 25 0.62 0.0 243.3 M 142
================================================================================
AV 69.9 50.3 7.8 FASTST M M 5 MAX(MPH)
MISC ----> # 29 340 # 36 340
================================================================================
NOTES:
# LAST OF SEVERAL OCCURRENCES
COLUMN 17 PEAK WIND IN M.P.H.
PRELIMINARY LOCAL CLIMATOLOGICAL DATA (WS FORM: F-6) , PAGE 2
STATION: ELIZABETH CITY NC
MONTH: OCTOBER
YEAR: 2022
LATITUDE: 36 16 N
LONGITUDE: 76 11 W
[TEMPERATURE DATA] [PRECIPITATION DATA] SYMBOLS USED IN COLUMN 16
AVERAGE MONTHLY: 60.1 TOTAL FOR MONTH: 0.62 1 = FOG OR MIST
DPTR FM NORMAL: -3.0 DPTR FM NORMAL: -3.01 2 = FOG REDUCING VISIBILITY
HIGHEST: 82 ON 7 GRTST 24HR 1.98 ON 30- 1 TO 1/4 MILE OR LESS
LOWEST: 33 ON 20 3 = THUNDER
SNOW, ICE PELLETS, HAIL 4 = ICE PELLETS
TOTAL MONTH: 0.0 INCH 5 = HAIL
GRTST 24HR 0.0 6 = FREEZING RAIN OR DRIZZLE
GRTST DEPTH: 0 7 = DUSTSTORM OR SANDSTORM:
VSBY 1/2 MILE OR LESS
8 = SMOKE OR HAZE
[NO. OF DAYS WITH] [WEATHER - DAYS WITH] 9 = BLOWING SNOW
X = TORNADO
MAX 32 OR BELOW: 0 0.01 INCH OR MORE: 4
MAX 90 OR ABOVE: 0 0.10 INCH OR MORE: 1
MIN 32 OR BELOW: 0 0.50 INCH OR MORE: 1
MIN 0 OR BELOW: 0 1.00 INCH OR MORE: 0
[HDD (BASE 65) ]
TOTAL THIS MO. 170 CLEAR (SCALE 0-3) 13
DPTR FM NORMAL 39 PTCLDY (SCALE 4-7) 9
TOTAL FM JUL 1 181 CLOUDY (SCALE 8-10) 9
DPTR FM NORMAL 41
[CDD (BASE 65) ]
TOTAL THIS MO. 25
DPTR FM NORMAL -47 [PRESSURE DATA]
TOTAL FM JAN 1 1839 HIGHEST SLP M ON M
DPTR FM NORMAL 93 LOWEST SLP 29.60 ON 17
[REMARKS]
#FINAL-10-22#