000
CXUS55 KVEF 011010
CF6EED
PRELIMINARY LOCAL CLIMATOLOGICAL DATA (WS FORM: F-6)
STATION: NEEDLES CA
MONTH: FEBRUARY
YEAR: 2023
LATITUDE: 34 46 N
LONGITUDE: 114 37 W
TEMPERATURE IN F: :PCPN: SNOW: WIND :SUNSHINE: SKY :PK WND
================================================================================
1 2 3 4 5 6A 6B 7 8 9 10 11 12 13 14 15 16 17 18
12Z AVG MX 2MIN
DY MAX MIN AVG DEP HDD CDD WTR SNW DPTH SPD SPD DIR MIN PSBL S-S WX SPD DR
================================================================================
1 62 42 52 -6 13 0 0.00 M M 16.7 29 10 M M 0 38 10
2 67 43 55 -3 10 0 0.00 M M 7.3 15 10 M M 0 19 10
3 66 44 55 -3 10 0 0.00 M M 4.7 10 240 M M 0 14 10
4 71 43 57 -1 8 0 0.00 M M 4.6 12 240 M M 0 14 350
5 73 42 58 0 7 0 0.00 M M 7.1 22 280 M M 0 28 300
6 66 48 57 -1 8 0 0.00 M M 13.6 31 20 M M 1 37 10
7 65 48 57 -2 8 0 0.00 M M 13.6 28 360 M M 0 37 10
8 71 44 58 -1 7 0 0.00 M M 6.1 12 230 M M 0 18 10
9 65 47 56 -3 9 0 0.00 M M 17.7 35 10 M M 0 44 10
10 68 41 55 -4 10 0 0.00 M M 7.9 20 350 M M 0 24 350
11 71 44 58 -1 7 0 0.00 M M 4.4 16 200 M M 0 20 200
12 72 47 60 1 5 0 0.00 M M 8.9 21 160 M M 0 30 170
13 65 47 56 -3 9 0 T M M 8.4 17 190 M M 1 23 200
14 68 40 54 -6 11 0 T M M 12.9 37 320 M M 2 47 330
15 58 36 47 -13 18 0 0.00 M M 6.5 18 30 M M 0 26 10
16 58 41 50 -10 15 0 0.00 M M 14.5 26 10 M M 0 35 10
17 60 42 51 -9 14 0 0.00 M M 9.8 21 10 M M 0 27 350
18 68 43 56 -4 9 0 0.00 M M 6.2 16 350 M M 0 22 10
19 M 42 M M M M 0.00 M M M M M M M M M M
20 76 46 61 0 4 0 0.00 M M 3.3 10 230 M M 0 13 20
21 77 46 62 1 3 0 0.00 M M 11.4 32 230 M M 1 42 210
22 60 44 52 -9 13 0 0.03 M M 20.8 41 260 M M 6 59 270
23 54 41 48 -13 17 0 0.01 M M 12.5 28 180 M M 7 37 180
24 63 37 50 -12 15 0 0.00 M M 8.3 20 150 M M 3 28 120
25 70 45 58 -4 7 0 0.21 M M 11.6 31 240 M M 4 1 42 140
26 59 41 50 -12 15 0 0.00 M M 7.2 16 250 M M 2 22 170
27 63 41 52 -10 13 0 0.00 M M 8.3 17 190 M M 0 24 210
28 64 44 54 -9 11 0 0.00 M M 7.9 18 220 M M 3 25 210
================================================================================
SM 1780 1209 276 0 0.25 M 262.2 M 30
================================================================================
AV 65.9 43.2 9.7 FASTST M M 1 MAX(MPH)
MISC ----> 41 260 59 270
================================================================================
NOTES:
# LAST OF SEVERAL OCCURRENCES
COLUMN 17 PEAK WIND IN M.P.H.
PRELIMINARY LOCAL CLIMATOLOGICAL DATA (WS FORM: F-6) , PAGE 2
STATION: NEEDLES CA
MONTH: FEBRUARY
YEAR: 2023
LATITUDE: 34 46 N
LONGITUDE: 114 37 W
[TEMPERATURE DATA] [PRECIPITATION DATA] SYMBOLS USED IN COLUMN 16
AVERAGE MONTHLY: 54.6 TOTAL FOR MONTH: 0.25 1 = FOG OR MIST
DPTR FM NORMAL: -5.3 DPTR FM NORMAL: -0.54 2 = FOG REDUCING VISIBILITY
HIGHEST: 77 ON 21 GRTST 24HR 0.21 ON 25-25 TO 1/4 MILE OR LESS
LOWEST: 36 ON 15 3 = THUNDER
SNOW, ICE PELLETS, HAIL 4 = ICE PELLETS
TOTAL MONTH: M 5 = HAIL
GRTST 24HR M ON M 6 = FREEZING RAIN OR DRIZZLE
GRTST DEPTH: M ON M 7 = DUSTSTORM OR SANDSTORM:
VSBY 1/2 MILE OR LESS
8 = SMOKE OR HAZE
[NO. OF DAYS WITH] [WEATHER - DAYS WITH] 9 = BLOWING SNOW
X = TORNADO
MAX 32 OR BELOW: 0 0.01 INCH OR MORE: 3
MAX 90 OR ABOVE: 0 0.10 INCH OR MORE: 1
MIN 32 OR BELOW: 0 0.50 INCH OR MORE: 0
MIN 0 OR BELOW: 0 1.00 INCH OR MORE: 0
[HDD (BASE 65) ]
TOTAL THIS MO. 276 CLEAR (SCALE 0-3) 23
DPTR FM NORMAL 115 PTCLDY (SCALE 4-7) 4
TOTAL FM JUL 1 1197 CLOUDY (SCALE 8-10) 1
DPTR FM NORMAL 333
[CDD (BASE 65) ]
TOTAL THIS MO. 0
DPTR FM NORMAL -18 [PRESSURE DATA]
TOTAL FM JAN 1 0 HIGHEST SLP 30.39 ON 2
DPTR FM NORMAL -19 LOWEST SLP 29.27 ON 22
[REMARKS]
#FINAL-02-23#