000
CXUS55 KVEF 012007
CF6EED
PRELIMINARY LOCAL CLIMATOLOGICAL DATA (WS FORM: F-6)
STATION: NEEDLES CA
MONTH: MARCH
YEAR: 2022
LATITUDE: 34 46 N
LONGITUDE: 114 37 W
TEMPERATURE IN F: :PCPN: SNOW: WIND :SUNSHINE: SKY :PK WND
================================================================================
1 2 3 4 5 6A 6B 7 8 9 10 11 12 13 14 15 16 17 18
12Z AVG MX 2MIN
DY MAX MIN AVG DEP HDD CDD WTR SNW DPTH SPD SPD DIR MIN PSBL S-S WX SPD DR
================================================================================
1 87 61 74 11 0 9 0.00 M M 12.9 25 10 M M 0 30 360
2 88 50 69 6 0 4 0.00 M M 3.9 12 250 M M 0 14 350
3 88 55 72 9 0 7 0.00 M M 6.5 21 190 M M 0 26 190
4 72 59 66 2 0 1 0.00 M M 12.4 24 200 M M 2 31 190
5 66 48 57 -7 8 0 T M M 12.4 30 270 M M 3 37 280
6 66 44 55 -9 10 0 0.00 M M 5.9 15 270 M M 2 32 330
7 65 44 55 -9 10 0 0.00 M M 13.0 30 20 M M 0 36 30
8 68 48 58 -7 7 0 0.00 M M 10.5 22 10 M M 0 28 360
9 77 42 60 -5 5 0 0.00 M M 8.0 20 200 M M 0 26 220
10 67 49 58 -7 7 0 0.00 M M 20.6 36 10 M M 1 45 20
11 68 45 57 -8 8 0 0.00 M M 16.8 30 360 M M 0 38 360
12 77 47 62 -4 3 0 0.00 M M 5.5 15 360 M M 0 20 20
13 82 46 64 -2 1 0 0.00 M M 7.7 23 260 M M 0 31 250
14 80 54 67 1 0 2 0.00 M M 10.6 24 350 M M 0 28 350
15 87 50 69 3 0 4 0.00 M M 5.7 17 270 M M 0 22 120
16 84 61 73 6 0 8 0.00 M M 12.1 25 20 M M 0 30 20
17 79 61 70 3 0 5 0.00 M M 12.8 32 10 M M 0 39 360
18 84 49 67 0 0 2 0.00 M M 5.0 14 30 M M 0 18 10
19 87 54 71 4 0 6 0.00 M M 10.6 28 180 M M 0 36 160
20 76 56 66 -2 0 1 0.00 M M 11.4 28 340 M M 2 37 330
21 77 55 66 -2 0 1 0.00 M M 19.4 36 10 M M 0 43 30
22 81 59 70 2 0 5 0.00 M M 18.6 35 10 M M 0 42 360
23 83 59 71 3 0 6 0.00 M M 8.8 22 340 M M 0 29 340
24 92 51 72 4 0 7 0.00 M M 3.9 14 250 M M 0 15 240
25 97 59 78 9 0 13 0.00 M M 3.6 15 230 M M 0 17 230
26 96 63 80 11 0 15 0.00 M M 7.1 18 160 M M 0 24 180
27 93 65 79 10 0 14 0.00 M M 9.8 23 160 M M 0 31 170
28 85 60 73 4 0 8 0.05 M M 14.8 37 230 M M M 3 46 240
29 74 55 65 -5 0 0 0.01 M M 6.1 14 70 M M 1 3 21 100
30 84 55 70 0 0 5 0.00 M M 5.1 14 220 M M 0 19 10
31 84 62 73 3 0 8 0.00 M M 6.0 16 170 M M 0 22 190
================================================================================
SM 2494 1666 59 131 0.06 M 307.5 M 11
================================================================================
AV 80.5 53.7 9.9 FASTST M M 0 MAX(MPH)
MISC ----> 37 230 46 240
================================================================================
NOTES:
# LAST OF SEVERAL OCCURRENCES
COLUMN 17 PEAK WIND IN M.P.H.
PRELIMINARY LOCAL CLIMATOLOGICAL DATA (WS FORM: F-6) , PAGE 2
STATION: NEEDLES CA
MONTH: MARCH
YEAR: 2022
LATITUDE: 34 46 N
LONGITUDE: 114 37 W
[TEMPERATURE DATA] [PRECIPITATION DATA] SYMBOLS USED IN COLUMN 16
AVERAGE MONTHLY: 67.1 TOTAL FOR MONTH: 0.06 1 = FOG OR MIST
DPTR FM NORMAL: 0.5 DPTR FM NORMAL: -0.45 2 = FOG REDUCING VISIBILITY
HIGHEST: 97 ON 25 GRTST 24HR 0.05 ON 28-28 TO 1/4 MILE OR LESS
LOWEST: 42 ON 9 3 = THUNDER
SNOW, ICE PELLETS, HAIL 4 = ICE PELLETS
TOTAL MONTH: M 5 = HAIL
GRTST 24HR M ON M 6 = FREEZING RAIN OR DRIZZLE
GRTST DEPTH: M ON M 7 = DUSTSTORM OR SANDSTORM:
VSBY 1/2 MILE OR LESS
8 = SMOKE OR HAZE
[NO. OF DAYS WITH] [WEATHER - DAYS WITH] 9 = BLOWING SNOW
X = TORNADO
MAX 32 OR BELOW: 0 0.01 INCH OR MORE: 2
MAX 90 OR ABOVE: 4 0.10 INCH OR MORE: 0
MIN 32 OR BELOW: 0 0.50 INCH OR MORE: 0
MIN 0 OR BELOW: 0 1.00 INCH OR MORE: 0
[HDD (BASE 65) ]
TOTAL THIS MO. 59 CLEAR (SCALE 0-3) 29
DPTR FM NORMAL -3 PTCLDY (SCALE 4-7) 1
TOTAL FM JUL 1 831 CLOUDY (SCALE 8-10) 1
DPTR FM NORMAL -96
[CDD (BASE 65) ]
TOTAL THIS MO. 131
DPTR FM NORMAL 19 [PRESSURE DATA]
TOTAL FM JAN 1 155 HIGHEST SLP 30.37 ON 11
DPTR FM NORMAL 23 LOWEST SLP 29.52 ON 28
[REMARKS]
#FINAL-03-22#