000
CXUS55 KVEF 010910
CF6EED
PRELIMINARY LOCAL CLIMATOLOGICAL DATA (WS FORM: F-6)
STATION: NEEDLES CA
MONTH: OCTOBER
YEAR: 2021
LATITUDE: 34 46 N
LONGITUDE: 114 37 W
TEMPERATURE IN F: :PCPN: SNOW: WIND :SUNSHINE: SKY :PK WND
================================================================================
1 2 3 4 5 6A 6B 7 8 9 10 11 12 13 14 15 16 17 18
12Z AVG MX 2MIN
DY MAX MIN AVG DEP HDD CDD WTR SNW DPTH SPD SPD DIR MIN PSBL S-S WX SPD DR
================================================================================
1 92 67 80 -4 0 15 0.00 M M 6.7 18 10 M M 0 22 10
2 96 61 79 -4 0 14 0.00 M M 4.7 16 230 M M 0 18 230
3 98 66 82 -1 0 17 0.00 M M 5.1 13 240 M M 0 15 240
4 98 69 84 2 0 19 0.00 M M 4.4 16 160 M M 0 22 160
5 84 67 76 -6 0 11 T M M 6.0 31 240 M M 3 3 40 240
6 90 63 77 -4 0 12 0.00 M M 5.0 10 230 M M 0 16 80
7 90 69 80 -1 0 15 0.00 M M 7.8 20 160 M M 0 26 130
8 84 69 77 -3 0 12 T M M 8.1 18 270 M M 4 23 270
9 83 59 71 -9 0 6 0.00 M M 8.0 18 10 M M 0 23 10
10 85 63 74 -6 0 9 0.00 M M 11.4 25 10 M M 0 30 10
11 87 55 71 -8 0 6 T M M 15.9 46 260 M M 2 8 59 250
12 72 55 64 -15 1 0 0.00 M M 7.5 24 290 M M 2 27 290
13 76 50 63 -15 2 0 0.00 M M 4.8 12 20 M M 0 15 360
14 82 52 67 -11 0 2 0.00 M M 8.1 17 10 M M 0 22 350
15 81 60 71 -6 0 6 0.00 M M 17.7 28 10 M M 0 35 350
16 88 62 75 -2 0 10 0.00 M M 8.3 17 10 M M 0 21 360
17 90 57 74 -3 0 9 0.00 M M 6.9 20 210 M M 0 27 170
18 79 58 69 -7 0 4 0.00 M M 11.5 26 240 M M 1 32 240
19 79 51 65 -11 0 0 0.00 M M 4.8 14 360 M M 0 18 350
20 83 52 68 -7 0 3 0.00 M M 3.7 13 350 M M 0 16 350
21 87 56 72 -3 0 7 0.00 M M 6.4 15 360 M M 0 19 10
22 89 56 73 -1 0 8 0.00 M M 5.1 17 150 M M 0 22 160
23 85 67 76 2 0 11 0.00 M M 8.1 17 190 M M 0 26 220
24 86 64 75 1 0 10 0.00 M M 7.9 20 180 M M 0 25 200
25 86 59 73 0 0 8 T M M 14.1 33 270 M M 1 42 190
26 60 55 58 -15 7 0 0.00 M M 6.3 12 230 M M 0 M M
27 M M M M M M 0.00 M M M M M M M M M M
28 M M M M M M 0.00 M M M M M M M M M M
29 M M M M M M 0.00 M M M M M M M M M M
30 M M M M M M 0.00 M M M M M M M M M M
31 M M M M M M 0.00 M M M M M M M M M M
================================================================================
SM 2210 1562 10 214 T M 204.3 M 13
================================================================================
AV 85.0 60.1 7.9 FASTST M M 1 MAX(MPH)
MISC ----> 46 260 59 250
================================================================================
NOTES:
# LAST OF SEVERAL OCCURRENCES
COLUMN 17 PEAK WIND IN M.P.H.
PRELIMINARY LOCAL CLIMATOLOGICAL DATA (WS FORM: F-6) , PAGE 2
STATION: NEEDLES CA
MONTH: OCTOBER
YEAR: 2021
LATITUDE: 34 46 N
LONGITUDE: 114 37 W
[TEMPERATURE DATA] [PRECIPITATION DATA] SYMBOLS USED IN COLUMN 16
AVERAGE MONTHLY: 72.5 TOTAL FOR MONTH: T 1 = FOG OR MIST
DPTR FM NORMAL: -4.5 DPTR FM NORMAL: -0.22 2 = FOG REDUCING VISIBILITY
HIGHEST: 98 ON 4, 3 GRTST 24HR T ON 5- 5 TO 1/4 MILE OR LESS
LOWEST: 50 ON 13 3 = THUNDER
SNOW, ICE PELLETS, HAIL 4 = ICE PELLETS
TOTAL MONTH: M 5 = HAIL
GRTST 24HR M ON M 6 = FREEZING RAIN OR DRIZZLE
GRTST DEPTH: M ON M 7 = DUSTSTORM OR SANDSTORM:
VSBY 1/2 MILE OR LESS
8 = SMOKE OR HAZE
[NO. OF DAYS WITH] [WEATHER - DAYS WITH] 9 = BLOWING SNOW
X = TORNADO
MAX 32 OR BELOW: 0 0.01 INCH OR MORE: 0
MAX 90 OR ABOVE: 7 0.10 INCH OR MORE: 0
MIN 32 OR BELOW: 0 0.50 INCH OR MORE: 0
MIN 0 OR BELOW: 0 1.00 INCH OR MORE: 0
[HDD (BASE 65) ]
TOTAL THIS MO. 10 CLEAR (SCALE 0-3) 25
DPTR FM NORMAL 5 PTCLDY (SCALE 4-7) 1
TOTAL FM JUL 1 10 CLOUDY (SCALE 8-10) 5
DPTR FM NORMAL 8
[CDD (BASE 65) ]
TOTAL THIS MO. 214
DPTR FM NORMAL -165 [PRESSURE DATA]
TOTAL FM JAN 1 5004 HIGHEST SLP M ON M
DPTR FM NORMAL 27 LOWEST SLP 29.28 ON 11
[REMARKS]
#FINAL-10-21#