000
CXUS55 KGJT 011000
CF6EEO
PRELIMINARY LOCAL CLIMATOLOGICAL DATA (WS FORM: F-6)
STATION: MEEKER CO
MONTH: APRIL
YEAR: 2020
LATITUDE: 40 2 N
LONGITUDE: 107 53 W
TEMPERATURE IN F: :PCPN: SNOW: WIND :SUNSHINE: SKY :PK WND
================================================================================
1 2 3 4 5 6A 6B 7 8 9 10 11 12 13 14 15 16 17 18
12Z AVG MX 2MIN
DY MAX MIN AVG DEP HDD CDD WTR SNW DPTH SPD SPD DIR MIN PSBL S-S WX SPD DR
================================================================================
1 64 39 52 13 13 0 0.00 M M 13.2 31 230 M M 4 45 230
2 50 13 32 -8 33 0 0.34 M M 6.1 23 360 M M 8 128 30 10
3 41 2 22 -18 43 0 0.00 M M 1.5 8 270 M M 1 18 11 180
4 56 21 39 -1 26 0 0.00 M M 7.7 24 210 M M 5 35 240
5 61 31 46 6 19 0 0.00 M M 9.5 28 220 M M 4 40 200
6 63 27 45 5 20 0 0.00 M M 10.5 29 200 M M 1 41 190
7 64 24 44 4 21 0 0.00 M M 9.0 28 220 M M 0 37 220
8 66 23 45 4 20 0 0.00 M M 3.7 16 290 M M 0 24 190
9 70 27 49 8 16 0 T M M 4.9 26 250 M M 3 39 250
10 64 29 47 6 18 0 T M M 5.0 29 240 M M 1 38 240
11 63 24 44 3 21 0 0.05 M M 7.0 26 220 M M 4 41 230
12 40 27 34 -7 31 0 0.09 M M 6.8 21 350 M M 10 1 26 360
13 38 15 27 -15 38 0 0.00 M M 6.6 25 20 M M 6 35 360
14 44 8 26 -16 39 0 0.00 M M 6.2 23 240 M M 3 32 250
15 47 23 35 -7 30 0 0.07 M M 6.5 26 250 M M 10 1 34 240
16 33 20 27 -15 38 0 0.11 M M 5.8 18 40 M M 8 18 24 310
17 51 14 33 -9 32 0 0.00 M M 3.6 12 270 M M 1 17 200
18 55 25 40 -3 25 0 0.06 M M 4.9 22 210 M M 4 3 30 330
19 57 26 42 -1 23 0 0.00 M M 6.0 22 310 M M 4 34 290
20 61 29 45 2 20 0 0.00 M M 3.6 13 10 M M 7 18 20
21 65 27 46 3 19 0 0.00 M M 3.7 14 10 M M 4 20 20
22 64 28 46 2 19 0 0.00 M M 5.0 20 290 M M 3 26 270
23 58 31 45 1 20 0 0.04 M M 5.8 24 340 M M 9 3 35 350
24 57 32 45 1 20 0 0.01 M M 4.1 14 110 M M 9 19 110
25 64 29 47 3 18 0 0.00 M M 4.6 20 250 M M 4 28 220
26 61 30 46 1 19 0 0.02 M M 6.3 21 210 M M 4 29 200
27 75 30 53 8 12 0 T M M 7.5 36 220 M M 4 53 220
28 69 38 54 9 11 0 0.00 M M 5.6 20 320 M M 1 33 280
29 76 29 53 7 12 0 0.00 M M 4.5 13 280 M M 0 20 260
30 81 37 59 13 6 0 0.01 M M 10.0 35 230 M M 2 47 230
================================================================================
SM 1758 758 682 0 0.80 M 185.2 M 124
================================================================================
AV 58.6 25.3 6.2 FASTST M M 4 MAX(MPH)
MISC ----> # 36 220 # 53 220
================================================================================
NOTES:
# LAST OF SEVERAL OCCURRENCES
COLUMN 17 PEAK WIND IN M.P.H.
PRELIMINARY LOCAL CLIMATOLOGICAL DATA (WS FORM: F-6) , PAGE 2
STATION: MEEKER CO
MONTH: APRIL
YEAR: 2020
LATITUDE: 40 2 N
LONGITUDE: 107 53 W
[TEMPERATURE DATA] [PRECIPITATION DATA] SYMBOLS USED IN COLUMN 16
AVERAGE MONTHLY: 41.9 TOTAL FOR MONTH: 0.80 1 = FOG OR MIST
DPTR FM NORMAL: -0.4 DPTR FM NORMAL: -0.72 2 = FOG REDUCING VISIBILITY
HIGHEST: 81 ON 30 GRTST 24HR 0.34 ON 2- 2 TO 1/4 MILE OR LESS
LOWEST: 2 ON 3 3 = THUNDER
SNOW, ICE PELLETS, HAIL 4 = ICE PELLETS
TOTAL MONTH: M 5 = HAIL
GRTST 24HR M ON M 6 = FREEZING RAIN OR DRIZZLE
GRTST DEPTH: M ON M 7 = DUSTSTORM OR SANDSTORM:
VSBY 1/2 MILE OR LESS
8 = SMOKE OR HAZE
[NO. OF DAYS WITH] [WEATHER - DAYS WITH] 9 = BLOWING SNOW
X = TORNADO
MAX 32 OR BELOW: 0 0.01 INCH OR MORE: 10
MAX 90 OR ABOVE: 0 0.10 INCH OR MORE: 2
MIN 32 OR BELOW: 27 0.50 INCH OR MORE: 0
MIN 0 OR BELOW: 0 1.00 INCH OR MORE: 0
[HDD (BASE 65) ]
TOTAL THIS MO. 682 CLEAR (SCALE 0-3) 10
DPTR FM NORMAL 1 PTCLDY (SCALE 4-7) 16
TOTAL FM JUL 1 7642 CLOUDY (SCALE 8-10) 4
DPTR FM NORMAL 229
[CDD (BASE 65) ]
TOTAL THIS MO. 0
DPTR FM NORMAL 0 [PRESSURE DATA]
TOTAL FM JAN 1 0 HIGHEST SLP 30.37 ON 14
DPTR FM NORMAL 0 LOWEST SLP 29.44 ON 2
[REMARKS]
#FINAL-04-20#