000
CXUS54 KBMX 011110
CF6EET
PRELIMINARY LOCAL CLIMATOLOGICAL DATA (WS FORM: F-6)
STATION: SHELBY COUNTY AIRPORT
MONTH: DECEMBER
YEAR: 2023
LATITUDE: 33 10 N
LONGITUDE: 86 47 W
TEMPERATURE IN F: :PCPN: SNOW: WIND :SUNSHINE: SKY :PK WND
================================================================================
1 2 3 4 5 6A 6B 7 8 9 10 11 12 13 14 15 16 17 18
12Z AVG MX 2MIN
DY MAX MIN AVG DEP HDD CDD WTR SNW DPTH SPD SPD DIR MIN PSBL S-S WX SPD DR
================================================================================
1 67 49 58 7 7 0 0.12 0.0 0 3.2 15 160 M M 9 12 22 130
2 68 64 66 15 0 1 0.05 0.0 0 5.7 12 190 M M 10 1 18 160
3 68 46 57 7 8 0 0.02 0.0 0 3.6 12 290 M M 3 1 18 290
4 65 41 53 3 12 0 0.00 0.0 0 4.2 16 290 M M 0 1 25 310
5 60 33 47 -3 18 0 0.00 0.0 0 3.5 15 310 M M 0 22 310
6 55 32 44 -6 21 0 0.00 0.0 0 4.8 14 320 M M 1 22 320
7 59 29 44 -6 21 0 0.00 0.0 M 1.3 9 200 M M 0 13 190
8 66 34 50 0 15 0 T 0.0 0 4.4 13 150 M M 3 18 150
9 75 57 66 17 0 1 0.07 0.0 0 6.7 14 170 M M 9 1 20 200
10 68 38 53 4 12 0 0.66 M 0 9.9 21 310 M M 6 13 32 320
11 52 28 40 -9 25 0 0.00 0.0 0 2.7 13 330 M M 0 18 330
12 61 27 44 -5 21 0 0.00 0.0 M 1.4 8 60 M M 0 13 60
13 62 30 46 -3 19 0 0.00 0.0 0 2.3 10 60 M M 0 18 50
14 65 43 54 6 11 0 0.00 0.0 0 4.2 12 100 M M 0 18 110
15 65 39 52 4 13 0 0.00 0.0 M 4.9 10 140 M M 0 19 90
16 61 45 53 5 12 0 T M M 5.5 12 120 M M 7 19 130
17 55 41 48 0 17 0 0.20 M M 5.3 13 330 M M 7 1 20 310
18 58 35 47 -1 18 0 0.00 0.0 M 8.1 22 300 M M 0 35 300
19 50 29 40 -8 25 0 0.00 0.0 0 3.0 8 60 M M 0 14 360
20 51 28 40 -7 25 0 0.00 0.0 0 1.4 9 160 M M 0 14 150
21 56 27 42 -5 23 0 0.00 0.0 0 0.7 8 140 M M 0 11 160
22 63 37 50 3 15 0 0.00 0.0 0 1.0 7 170 M M 1 10 160
23 69 39 54 7 11 0 0.00 0.0 M 1.4 10 140 M M 2 14 150
24 66 48 57 10 8 0 0.26 M M 5.1 14 150 M M 4 1 25 150
25 66 50 58 11 7 0 1.58 0.0 0 5.0 21 130 M M 9 123 34 120
26 53 37 45 -1 20 0 0.00 0.0 0 4.0 14 290 M M 6 1 20 290
27 57 33 45 -1 20 0 0.00 0.0 0 2.4 8 220 M M 2 1 13 200
28 50 33 42 -4 23 0 0.00 0.0 0 5.5 12 290 M M 3 17 300
29 47 37 42 -4 23 0 0.00 0.0 0 6.6 14 230 M M 10 22 300
30 45 29 37 -9 28 0 T 0.0 0 2.8 9 290 M M 6 1 13 310
31 59 26 43 -3 22 0 0.00 0.0 0 2.7 13 210 M M 0 21 200
================================================================================
SM 1862 1164 500 2 2.96 0.0 123.3 M 98
================================================================================
AV 60.1 37.5 4.0 FASTST M M 3 MAX(MPH)
MISC ----> 22 300 35 300
================================================================================
NOTES:
# LAST OF SEVERAL OCCURRENCES
COLUMN 17 PEAK WIND IN M.P.H.
PRELIMINARY LOCAL CLIMATOLOGICAL DATA (WS FORM: F-6) , PAGE 2
STATION: SHELBY COUNTY AIRPORT
MONTH: DECEMBER
YEAR: 2023
LATITUDE: 33 10 N
LONGITUDE: 86 47 W
[TEMPERATURE DATA] [PRECIPITATION DATA] SYMBOLS USED IN COLUMN 16
AVERAGE MONTHLY: 48.8 TOTAL FOR MONTH: 2.96 1 = FOG OR MIST
DPTR FM NORMAL: 0.6 DPTR FM NORMAL: -2.11 2 = FOG REDUCING VISIBILITY
HIGHEST: 75 ON 9 GRTST 24HR 1.84 ON 24-25 TO 1/4 MILE OR LESS
LOWEST: 26 ON 31 3 = THUNDER
SNOW, ICE PELLETS, HAIL 4 = ICE PELLETS
TOTAL MONTH: 0.0 INCH 5 = HAIL
GRTST 24HR 0.0 6 = FREEZING RAIN OR DRIZZLE
GRTST DEPTH: 0 7 = DUSTSTORM OR SANDSTORM:
VSBY 1/2 MILE OR LESS
8 = SMOKE OR HAZE
[NO. OF DAYS WITH] [WEATHER - DAYS WITH] 9 = BLOWING SNOW
X = TORNADO
MAX 32 OR BELOW: 0 0.01 INCH OR MORE: 8
MAX 90 OR ABOVE: 0 0.10 INCH OR MORE: 5
MIN 32 OR BELOW: 10 0.50 INCH OR MORE: 2
MIN 0 OR BELOW: 0 1.00 INCH OR MORE: 1
[HDD (BASE 65) ]
TOTAL THIS MO. 500 CLEAR (SCALE 0-3) 19
DPTR FM NORMAL -27 PTCLDY (SCALE 4-7) 7
TOTAL FM JUL 1 887 CLOUDY (SCALE 8-10) 5
DPTR FM NORMAL -68
[CDD (BASE 65) ]
TOTAL THIS MO. 2
DPTR FM NORMAL -2 [PRESSURE DATA]
TOTAL FM JAN 1 2293 HIGHEST SLP 30.64 ON 14
DPTR FM NORMAL 111 LOWEST SLP 29.75 ON 25
[REMARKS]
#FINAL-12-23#