000
CXUS51 KRLX 042321
CF6EKN
PRELIMINARY LOCAL CLIMATOLOGICAL DATA (WS FORM: F-6)
STATION: ELKINS WV
MONTH: DECEMBER
YEAR: 2021
LATITUDE: 38 52 N
LONGITUDE: 79 51 W
TEMPERATURE IN F: :PCPN: SNOW: WIND :SUNSHINE: SKY :PK WND
================================================================================
1 2 3 4 5 6A 6B 7 8 9 10 11 12 13 14 15 16 17 18
12Z AVG MX 2MIN
DY MAX MIN AVG DEP HDD CDD WTR SNW DPTH SPD SPD DIR MIN PSBL S-S WX SPD DR
================================================================================
1 52 23 38 0 27 0 0.06 0.0 0 1.9 16 230 M M 6 18 22 240
2 63 48 56 18 9 0 T 0.0 0 10.8 26 260 M M 8 34 280
3 52 30 41 3 24 0 0.00 0.0 0 3.6 16 300 M M 2 23 310
4 56 25 41 4 24 0 0.00 0.0 0 1.2 14 310 M M 2 19 300
5 57 21 39 2 26 0 0.00 0.0 0 6.3 21 160 M M 3 30 160
6 66 28 47 10 18 0 0.25 0.0 0 11.3 30 290 M M 7 1 45 260
7 35 21 28 -8 37 0 0.00 0.0 0 2.3 17 300 M M 3 27 310
8 37 20 29 -7 36 0 0.04 0.6 1 3.1 17 270 M M 8 1 26 260
9 42 17 30 -6 35 0 0.00 0.0 0 1.2 12 150 M M 1 15 140
10 60 40 50 14 15 0 T 0.0 0 2.5 14 240 M M 9 20 240
11 71 34 53 17 12 0 0.31 0.0 0 12.2 40 240 M M 7 50 240
12 42 21 32 -3 33 0 0.00 0.0 0 4.9 18 280 M M 3 26 280
13 54 17 36 1 29 0 0.00 0.0 0 1.0 10 250 M M 0 14 260
14 60 19 40 5 25 0 0.00 0.0 0 0.4 7 330 M M 0 9 320
15 64 25 45 10 20 0 0.00 0.0 0 2.3 12 150 M M 1 14 130
16 71 29 50 16 15 0 0.01 0.0 0 5.4 18 250 M M 6 27 240
17 59 45 52 18 13 0 0.03 0.0 0 2.1 15 280 M M 10 1 20 280
18 63 46 55 21 10 0 0.33 0.0 0 5.8 23 300 M M 9 1 30 290
19 45 27 36 2 29 0 0.01 T 0 6.5 14 310 M M 10 1 18 10
20 48 17 33 -1 32 0 0.00 0.0 0 0.3 6 230 M M 1 7 230
21 43 19 31 -3 34 0 0.00 0.0 0 0.4 7 300 M M 0 8 300
22 39 21 30 -3 35 0 0.00 0.0 0 8.8 18 270 M M 5 25 290
23 47 15 31 -2 34 0 0.00 0.0 0 1.5 8 180 M M 1 18 12 150
24 61 42 52 19 13 0 T 0.0 0 6.9 22 250 M M 8 31 240
25 62 50 56 23 9 0 0.49 0.0 0 12.8 28 300 M M 10 1 38 320
26 53 34 44 11 21 0 0.00 0.0 0 2.5 13 290 M M 8 1 17 280
27 64 33 49 17 16 0 0.04 0.0 0 8.4 28 240 M M 9 12 35 230
28 64 43 54 22 11 0 0.27 0.0 0 6.6 21 240 M M 8 1 31 250
29 63 47 55 23 10 0 0.39 0.0 0 3.6 20 300 M M 8 1 29 270
30 60 37 49 17 16 0 0.06 0.0 0 1.6 10 260 M M 9 12 14 250
31 64 32 48 16 17 0 0.07 0.0 0 3.9 17 250 M M 8 12 29 240
================================================================================
SM 1717 926 685 0 2.36 0.6 142.1 M 170
================================================================================
AV 55.4 29.9 4.6 FASTST M M 5 MAX(MPH)
MISC ----> 40 240 50 240
================================================================================
NOTES:
# LAST OF SEVERAL OCCURRENCES
COLUMN 17 PEAK WIND IN M.P.H.
PRELIMINARY LOCAL CLIMATOLOGICAL DATA (WS FORM: F-6) , PAGE 2
STATION: ELKINS WV
MONTH: DECEMBER
YEAR: 2021
LATITUDE: 38 52 N
LONGITUDE: 79 51 W
[TEMPERATURE DATA] [PRECIPITATION DATA] SYMBOLS USED IN COLUMN 16
AVERAGE MONTHLY: 42.6 TOTAL FOR MONTH: 2.36 1 = FOG OR MIST
DPTR FM NORMAL: 7.9 DPTR FM NORMAL: -1.21 2 = FOG REDUCING VISIBILITY
HIGHEST: 71 ON 16,11 GRTST 24HR 0.52 ON 28-29 TO 1/4 MILE OR LESS
LOWEST: 15 ON 23 3 = THUNDER
SNOW, ICE PELLETS, HAIL 4 = ICE PELLETS
TOTAL MONTH: 0.6 INCH 5 = HAIL
GRTST 24HR 0.6 ON 8- 8 6 = FREEZING RAIN OR DRIZZLE
GRTST DEPTH: 1 ON 8 7 = DUSTSTORM OR SANDSTORM:
VSBY 1/2 MILE OR LESS
8 = SMOKE OR HAZE
[NO. OF DAYS WITH] [WEATHER - DAYS WITH] 9 = BLOWING SNOW
X = TORNADO
MAX 32 OR BELOW: 0 0.01 INCH OR MORE: 14
MAX 90 OR ABOVE: 0 0.10 INCH OR MORE: 6
MIN 32 OR BELOW: 19 0.50 INCH OR MORE: 0
MIN 0 OR BELOW: 0 1.00 INCH OR MORE: 0
[HDD (BASE 65) ]
TOTAL THIS MO. 685 CLEAR (SCALE 0-3) 10
DPTR FM NORMAL -256 PTCLDY (SCALE 4-7) 13
TOTAL FM JUL 1 1739 CLOUDY (SCALE 8-10) 8
DPTR FM NORMAL -382
[CDD (BASE 65) ]
TOTAL THIS MO. 0
DPTR FM NORMAL 0 [PRESSURE DATA]
TOTAL FM JAN 1 718 HIGHEST SLP 30.60 ON 14
DPTR FM NORMAL 101 LOWEST SLP 29.60 ON 25
[REMARKS]
#FINAL-12-21#