354
CXUS51 KRLX 011913
CF6EKN
PRELIMINARY LOCAL CLIMATOLOGICAL DATA (WS FORM: F-6)
STATION: ELKINS WV
MONTH: JUNE
YEAR: 2020
LATITUDE: 38 52 N
LONGITUDE: 79 51 W
TEMPERATURE IN F: :PCPN: SNOW: WIND :SUNSHINE: SKY :PK WND
================================================================================
1 2 3 4 5 6A 6B 7 8 9 10 11 12 13 14 15 16 17 18
12Z AVG MX 2MIN
DY MAX MIN AVG DEP HDD CDD WTR SNW DPTH SPD SPD DIR MIN PSBL S-S WX SPD DR
================================================================================
1 71 36 54 -8 11 0 0.00 0.0 0 2.1 14 310 M M 0 12 17 270
2 83 45 64 1 1 0 T 0.0 0 4.1 17 230 M M 5 25 270
3 86 62 74 11 0 9 0.29 0.0 0 11.0 23 240 M M 5 13 31 240
4 87 58 73 10 0 8 1.18 0.0 0 4.5 18 300 M M 3 13 27 280
5 78 63 71 7 0 6 0.30 0.0 0 2.1 13 190 M M 8 123 16 180
6 83 61 72 8 0 7 0.02 0.0 0 3.6 14 290 M M 6 123 19 290
7 78 51 65 1 0 0 T 0.0 0 3.0 13 310 M M 4 12 18 290
8 85 47 66 2 0 1 0.00 0.0 0 1.2 10 340 M M 1 12 13 350
9 92 53 73 8 0 8 0.00 0.0 0 2.8 10 160 M M 2 3 15 160
10 87 67 77 12 0 12 0.20 0.0 0 5.8 14 160 M M 3 3 19 170
11 76 53 65 0 0 0 0.21 0.0 0 5.5 22 280 M M 7 3 36 290
12 79 50 65 -1 0 0 0.00 0.0 0 4.2 15 310 M M 3 12 21 300
13 71 46 59 -7 6 0 T 0.0 0 2.3 13 330 M M 4 12 16 360
14 68 55 62 -4 3 0 0.61 0.0 0 3.5 13 170 M M 9 1 17 150
15 72 55 64 -2 1 0 0.01 0.0 0 2.3 15 140 M M 8 12 20 150
16 70 53 62 -5 3 0 T 0.0 0 1.6 9 360 M M 7 14 70
17 74 56 65 -2 0 0 0.03 0.0 0 3.4 10 360 M M 8 17 140
18 77 60 69 2 0 4 1.12 0.0 0 2.1 15 170 M M 9 123 19 170
19 75 59 67 0 0 2 0.65 0.0 0 1.8 13 150 M M 7 1238 18 230
20 81 57 69 1 0 4 T 0.0 0 2.3 12 360 M M 5 12 17 280
21 86 57 72 4 0 7 0.00 0.0 0 1.8 9 260 M M 4 12 14 340
22 81 60 71 3 0 6 0.05 0.0 0 3.0 15 280 M M 5 1238 22 280
23 81 57 69 1 0 4 0.14 0.0 0 3.0 13 210 M M 8 12 16 290
24 77 60 69 1 0 4 T 0.0 0 5.9 16 240 M M 6 21 240
25 79 56 68 0 0 3 T 0.0 0 3.2 16 300 M M 4 123 22 270
26 81 54 68 -1 0 3 0.22 0.0 0 5.8 16 340 M M 4 1 22 290
27 82 63 73 4 0 8 0.22 0.0 0 5.7 17 250 M M 7 13 26 280
28 81 67 74 5 0 9 0.49 0.0 0 4.0 14 250 M M 9 1 19 250
29 83 61 72 3 0 7 0.10 0.0 0 2.3 12 320 M M 5 1 17 330
30 85 59 72 3 0 7 0.00 0.0 0 2.0 12 300 M M 3 128 16 300
================================================================================
SM 2389 1681 25 119 5.84 0.0 105.9 M 159
================================================================================
AV 79.6 56.0 3.5 FASTST M M 5 MAX(MPH)
MISC ----> 23 240 36 290
================================================================================
NOTES:
# LAST OF SEVERAL OCCURRENCES
COLUMN 17 PEAK WIND IN M.P.H.
PRELIMINARY LOCAL CLIMATOLOGICAL DATA (WS FORM: F-6) , PAGE 2
STATION: ELKINS WV
MONTH: JUNE
YEAR: 2020
LATITUDE: 38 52 N
LONGITUDE: 79 51 W
[TEMPERATURE DATA] [PRECIPITATION DATA] SYMBOLS USED IN COLUMN 16
AVERAGE MONTHLY: 67.8 TOTAL FOR MONTH: 5.84 1 = FOG OR MIST
DPTR FM NORMAL: 1.5 DPTR FM NORMAL: 1.44 2 = FOG REDUCING VISIBILITY
HIGHEST: 92 ON 9 GRTST 24HR 1.48 ON 4- 5 TO 1/4 MILE OR LESS
LOWEST: 36 ON 1 3 = THUNDER
SNOW, ICE PELLETS, HAIL 4 = ICE PELLETS
TOTAL MONTH: 0.0 INCH 5 = HAIL
GRTST 24HR 0.0 6 = FREEZING RAIN OR DRIZZLE
GRTST DEPTH: 0 7 = DUSTSTORM OR SANDSTORM:
VSBY 1/2 MILE OR LESS
8 = SMOKE OR HAZE
[NO. OF DAYS WITH] [WEATHER - DAYS WITH] 9 = BLOWING SNOW
X = TORNADO
MAX 32 OR BELOW: 0 0.01 INCH OR MORE: 17
MAX 90 OR ABOVE: 1 0.10 INCH OR MORE: 13
MIN 32 OR BELOW: 0 0.50 INCH OR MORE: 4
MIN 0 OR BELOW: 0 1.00 INCH OR MORE: 2
[HDD (BASE 65) ]
TOTAL THIS MO. 25 CLEAR (SCALE 0-3) 5
DPTR FM NORMAL -30 PTCLDY (SCALE 4-7) 21
TOTAL FM JUL 1 4869 CLOUDY (SCALE 8-10) 4
DPTR FM NORMAL -984
[CDD (BASE 65) ]
TOTAL THIS MO. 119
DPTR FM NORMAL 27 [PRESSURE DATA]
TOTAL FM JAN 1 174 HIGHEST SLP 30.38 ON 1
DPTR FM NORMAL 59 LOWEST SLP 29.74 ON 23
[REMARKS]
#FINAL-06-20#