000
CXUS56 KLKN 011310
CF6EKO
PRELIMINARY LOCAL CLIMATOLOGICAL DATA (WS FORM: F-6)
STATION: ELKO AIRPORT NV
MONTH: FEBRUARY
YEAR: 2024
LATITUDE: 40 49 N
LONGITUDE: 115 47 W
TEMPERATURE IN F: :PCPN: SNOW: WIND :SUNSHINE: SKY :PK WND
================================================================================
1 2 3 4 5 6A 6B 7 8 9 10 11 12 13 14 15 16 17 18
12Z AVG MX 2MIN
DY MAX MIN AVG DEP HDD CDD WTR SNW DPTH SPD SPD DIR MIN PSBL S-S WX SPD DR
================================================================================
1 51 33 42 13 23 0 0.12 T 0 10.2 26 170 M M 10 1 41 160
2 40 28 34 5 31 0 0.05 0.6 T 6.2 15 270 M M 8 1 19 260
3 36 20 28 -1 37 0 T T 0 6.3 22 260 M M 8 1 28 250
4 40 17 29 0 36 0 0.03 0.3 0 4.6 12 250 M M 5 1 22 250
5 51 36 44 15 21 0 0.04 0.0 T 6.3 23 270 M M 10 33 260
6 41 35 38 9 27 0 0.15 T 0 4.6 12 230 M M 10 1 15 230
7 37 29 33 3 32 0 T T 0 5.8 16 260 M M 8 1 20 260
8 40 26 33 3 32 0 T 0.2 0 3.8 16 280 M M 9 22 280
9 34 23 29 -1 36 0 0.03 0.4 T 5.5 16 330 M M 9 18 22 330
10 34 19 27 -3 38 0 0.00 0.0 0 4.9 13 320 M M 5 19 280
11 39 17 28 -2 37 0 0.00 0.0 0 1.4 8 250 M M 0 11 240
12 46 18 32 1 33 0 0.00 0.0 0 3.6 13 230 M M 1 16 230
13 46 22 34 3 31 0 0.00 0.0 0 3.4 13 340 M M 3 17 330
14 45 24 35 4 30 0 0.04 T 0 4.6 25 230 M M 6 1 34 230
15 43 33 38 6 27 0 0.27 0.1 0 8.6 20 280 M M 9 1 27 240
16 48 30 39 7 26 0 0.00 0.0 0 8.1 17 270 M M 5 22 250
17 44 27 36 4 29 0 T 0.0 0 8.2 18 170 M M 3 27 180
18 49 31 40 8 25 0 0.18 T 0 7.4 24 250 M M 4 1 30 250
19 43 27 35 2 30 0 0.22 0.1 T 5.6 15 260 M M 7 1 19 120
20 52 32 42 9 23 0 0.10 T 0 4.2 10 30 M M 8 12 14 50
21 43 27 35 2 30 0 0.14 0.2 T 4.2 20 270 M M 7 18 27 260
22 46 25 36 2 29 0 T 0.0 0 3.2 7 120 M M 4 1 10 110
23 50 24 37 3 28 0 0.00 0.0 0 3.2 9 60 M M 0 10 50
24 54 24 39 5 26 0 0.00 0.0 0 2.8 8 230 M M 0 13 230
25 59 24 42 7 23 0 0.00 0.0 0 5.0 21 250 M M 0 26 260
26 52 27 40 5 25 0 0.10 1.9 0 12.1 43 260 M M 5 1 58 240
27 35 14 25 -10 40 0 T T 1 7.4 20 270 M M 5 28 250
28 51 23 37 1 28 0 0.00 0.0 0 4.2 10 270 M M 3 16 220
29 57 30 44 8 21 0 0.00 0.0 0 9.7 33 220 M M 6 54 230
================================================================================
SM 1306 745 854 0 1.47 3.8 165.1 M 158
================================================================================
AV 45.0 25.7 5.7 FASTST M M 5 MAX(MPH)
MISC ----> 43 260 58 240
================================================================================
NOTES:
# LAST OF SEVERAL OCCURRENCES
COLUMN 17 PEAK WIND IN M.P.H.
PRELIMINARY LOCAL CLIMATOLOGICAL DATA (WS FORM: F-6) , PAGE 2
STATION: ELKO AIRPORT NV
MONTH: FEBRUARY
YEAR: 2024
LATITUDE: 40 49 N
LONGITUDE: 115 47 W
[TEMPERATURE DATA] [PRECIPITATION DATA] SYMBOLS USED IN COLUMN 16
AVERAGE MONTHLY: 35.4 TOTAL FOR MONTH: 1.47 1 = FOG OR MIST
DPTR FM NORMAL: 3.8 DPTR FM NORMAL: 0.58 2 = FOG REDUCING VISIBILITY
HIGHEST: 59 ON 25 GRTST 24HR 0.34 ON 20-21 TO 1/4 MILE OR LESS
LOWEST: 14 ON 27 3 = THUNDER
SNOW, ICE PELLETS, HAIL 4 = ICE PELLETS
TOTAL MONTH: 3.8 INCHES 5 = HAIL
GRTST 24HR 1.9 ON 26-26 6 = FREEZING RAIN OR DRIZZLE
GRTST DEPTH: 1 ON 27 7 = DUSTSTORM OR SANDSTORM:
VSBY 1/2 MILE OR LESS
8 = SMOKE OR HAZE
[NO. OF DAYS WITH] [WEATHER - DAYS WITH] 9 = BLOWING SNOW
X = TORNADO
MAX 32 OR BELOW: 0 0.01 INCH OR MORE: 13
MAX 90 OR ABOVE: 0 0.10 INCH OR MORE: 8
MIN 32 OR BELOW: 25 0.50 INCH OR MORE: 0
MIN 0 OR BELOW: 0 1.00 INCH OR MORE: 0
[HDD (BASE 65) ]
TOTAL THIS MO. 854 CLEAR (SCALE 0-3) 6
DPTR FM NORMAL -80 PTCLDY (SCALE 4-7) 15
TOTAL FM JUL 1 4276 CLOUDY (SCALE 8-10) 8
DPTR FM NORMAL -709
[CDD (BASE 65) ]
TOTAL THIS MO. 0
DPTR FM NORMAL 0 [PRESSURE DATA]
TOTAL FM JAN 1 0 HIGHEST SLP 30.46 ON 23
DPTR FM NORMAL 0 LOWEST SLP 29.48 ON 6
[REMARKS]
#FINAL-02-24#