000
CXUS54 KSHV 011500
CF6ELD
PRELIMINARY LOCAL CLIMATOLOGICAL DATA (WS FORM: F-6)
STATION: EL DORADO
MONTH: JULY
YEAR: 2020
LATITUDE: 33 13 N
LONGITUDE: 92 49 W
TEMPERATURE IN F: :PCPN: SNOW: WIND :SUNSHINE: SKY :PK WND
================================================================================
1 2 3 4 5 6A 6B 7 8 9 10 11 12 13 14 15 16 17 18
12Z AVG MX 2MIN
DY MAX MIN AVG DEP HDD CDD WTR SNW DPTH SPD SPD DIR MIN PSBL S-S WX SPD DR
================================================================================
1 92 76 84 3 0 19 0.00 0.0 0 5.7 15 200 M M 5 1 26 210
2 94 75 85 4 0 20 0.00 0.0 0 4.8 23 60 M M 4 18 30 70
3 86 71 79 -2 0 14 0.00 0.0 0 3.2 12 100 M M 1 3 17 110
4 92 69 81 0 0 16 0.00 0.0 0 3.6 13 30 M M 1 15 30
5 90 73 82 1 0 17 0.10 0.0 0 4.2 15 110 M M 3 1 18 100
6 90 73 82 1 0 17 0.05 0.0 0 3.3 17 220 M M 2 13 24 210
7 82 72 77 -4 0 12 0.22 0.0 0 3.6 18 160 M M 6 13 23 160
8 90 73 82 1 0 17 0.24 0.0 0 4.2 13 200 M M 6 123 15 200
9 92 76 84 3 0 19 T 0.0 0 5.1 14 230 M M 3 1 19 200
10 95 75 85 3 0 20 0.00 0.0 0 3.3 13 270 M M 1 1 16 270
11 96 76 86 4 0 21 0.00 0.0 0 2.9 9 230 M M 1 1 12 230
12 97 75 86 4 0 21 0.00 0.0 0 3.7 12 350 M M 0 18 240
13 94 72 83 1 0 18 0.00 0.0 0 2.1 9 130 M M 0 11 230
14 96 75 86 4 0 21 0.00 0.0 0 4.9 13 150 M M 2 16 160
15 94 77 86 4 0 21 0.00 0.0 0 6.5 15 180 M M 0 20 170
16 97 75 86 4 0 21 0.00 0.0 0 3.7 10 260 M M 2 15 260
17 92 74 83 1 0 18 0.00 0.0 0 4.7 13 160 M M 1 18 170
18 94 71 83 1 0 18 0.00 0.0 0 3.1 12 170 M M 1 15 150
19 95 72 84 2 0 19 0.00 0.0 0 2.9 10 160 M M 1 1 13 150
20 94 73 84 2 0 19 0.00 0.0 0 3.7 13 120 M M 0 17 110
21 92 74 83 1 0 18 0.16 0.0 0 3.9 21 100 M M 2 13 27 100
22 86 73 80 -2 0 15 0.12 0.0 0 2.8 23 190 M M 4 13 30 190
23 94 75 85 3 0 20 0.00 0.0 0 4.1 12 80 M M 1 1 15 100
24 91 74 83 1 0 18 0.02 0.0 0 6.7 17 120 M M 3 1 24 80
25 91 75 83 1 0 18 0.13 0.0 0 6.2 16 80 M M 6 1 20 40
26 91 73 82 0 0 17 0.62 0.0 0 3.8 25 160 M M 4 123 34 150
27 90 71 81 -1 0 16 0.18 0.0 0 2.3 14 140 M M 5 12 16 140
28 91 70 81 -1 0 16 0.00 0.0 0 2.2 9 130 M M 2 128 14 160
29 90 73 82 0 0 17 0.23 0.0 0 4.4 15 240 M M 4 138 23 240
30 91 75 83 1 0 18 0.00 0.0 0 8.4 18 200 M M 3 1 27 200
31 81 70 76 -6 0 11 1.07 0.0 0 5.5 15 160 M M 5 13 20 170
================================================================================
SM 2840 2276 0 552 3.14 0.0 129.5 M 79
================================================================================
AV 91.6 73.4 4.2 FASTST M M 3 MAX(MPH)
MISC ----> # 25 160 # 34 150
================================================================================
NOTES:
# LAST OF SEVERAL OCCURRENCES
COLUMN 17 PEAK WIND IN M.P.H.
PRELIMINARY LOCAL CLIMATOLOGICAL DATA (WS FORM: F-6) , PAGE 2
STATION: EL DORADO
MONTH: JULY
YEAR: 2020
LATITUDE: 33 13 N
LONGITUDE: 92 49 W
[TEMPERATURE DATA] [PRECIPITATION DATA] SYMBOLS USED IN COLUMN 16
AVERAGE MONTHLY: 82.5 TOTAL FOR MONTH: 3.14 1 = FOG OR MIST
DPTR FM NORMAL: 0.8 DPTR FM NORMAL: -0.42 2 = FOG REDUCING VISIBILITY
HIGHEST: 97 ON 16,12 GRTST 24HR 1.07 ON 31-31 TO 1/4 MILE OR LESS
LOWEST: 69 ON 4 3 = THUNDER
SNOW, ICE PELLETS, HAIL 4 = ICE PELLETS
TOTAL MONTH: 0.0 INCH 5 = HAIL
GRTST 24HR 0.0 6 = FREEZING RAIN OR DRIZZLE
GRTST DEPTH: 0 7 = DUSTSTORM OR SANDSTORM:
VSBY 1/2 MILE OR LESS
8 = SMOKE OR HAZE
[NO. OF DAYS WITH] [WEATHER - DAYS WITH] 9 = BLOWING SNOW
X = TORNADO
MAX 32 OR BELOW: 0 0.01 INCH OR MORE: 12
MAX 90 OR ABOVE: 27 0.10 INCH OR MORE: 10
MIN 32 OR BELOW: 0 0.50 INCH OR MORE: 2
MIN 0 OR BELOW: 0 1.00 INCH OR MORE: 1
[HDD (BASE 65) ]
TOTAL THIS MO. 0 CLEAR (SCALE 0-3) 19
DPTR FM NORMAL 0 PTCLDY (SCALE 4-7) 12
TOTAL FM JUL 1 0 CLOUDY (SCALE 8-10) 0
DPTR FM NORMAL 0
[CDD (BASE 65) ]
TOTAL THIS MO. 552
DPTR FM NORMAL 36 [PRESSURE DATA]
TOTAL FM JAN 1 1276 HIGHEST SLP 30.13 ON 17
DPTR FM NORMAL 53 LOWEST SLP 29.81 ON 5
[REMARKS]
#FINAL-07-20#