000
CXUS56 KLKN 302310
CF6ELY
PRELIMINARY LOCAL CLIMATOLOGICAL DATA (WS FORM: F-6)
STATION: ELY AIRPORT NV
MONTH: APRIL
YEAR: 2020
LATITUDE: 39 16 N
LONGITUDE: 114 51 W
TEMPERATURE IN F: :PCPN: SNOW: WIND :SUNSHINE: SKY :PK WND
================================================================================
1 2 3 4 5 6A 6B 7 8 9 10 11 12 13 14 15 16 17 18
12Z AVG MX 2MIN
DY MAX MIN AVG DEP HDD CDD WTR SNW DPTH SPD SPD DIR MIN PSBL S-S WX SPD DR
================================================================================
1 59 25 42 3 23 0 T 0.0 0 11.3 28 230 M M 3 42 220
2 42 15 29 -10 36 0 0.00 0.0 0 5.8 16 40 M M 1 22 30
3 51 13 32 -8 33 0 0.00 0.0 0 6.5 18 250 M M 1 25 230
4 59 19 39 -1 26 0 0.00 0.0 0 13.6 29 170 M M 2 39 170
5 57 37 47 7 18 0 T 0.0 0 18.5 32 180 M M 6 3 46 190
6 49 34 42 2 23 0 0.13 0.0 0 14.0 33 170 M M 7 13 43 170
7 53 28 41 1 24 0 0.04 0.0 0 8.0 25 170 M M 6 32 170
8 62 25 44 3 21 0 T 0.0 0 8.6 24 170 M M 2 33 190
9 44 26 35 -6 30 0 0.33 2.0 2 7.7 28 160 M M 7 12 36 150
10 57 22 40 -1 25 0 0.00 0.0 0 5.6 13 190 M M 2 16 210
11 62 27 45 4 20 0 T 0.0 0 10.5 24 350 M M 3 32 350
12 52 19 36 -5 29 0 0.00 0.0 0 9.3 21 300 M M 2 27 320
13 48 17 33 -9 32 0 0.00 0.0 0 9.0 24 10 M M 4 33 340
14 52 12 32 -10 33 0 0.00 0.0 0 6.9 22 340 M M 0 28 350
15 62 22 42 0 23 0 0.00 0.0 0 10.7 26 290 M M 5 35 280
16 52 30 41 -1 24 0 T 0.0 0 9.5 18 20 M M 5 23 20
17 54 22 38 -5 27 0 T 0.0 0 7.2 20 150 M M 4 25 190
18 56 31 44 1 21 0 0.01 0.0 0 6.2 28 290 M M 8 36 300
19 53 29 41 -2 24 0 0.67 0.2 0 7.0 21 230 M M 5 13 28 250
20 56 31 44 1 21 0 0.05 0.0 T 4.8 29 180 M M 7 12 38 180
21 61 30 46 2 19 0 0.00 0.0 0 6.7 23 20 M M 3 28 270
22 67 29 48 4 17 0 0.00 0.0 0 9.3 22 350 M M 2 29 340
23 64 37 51 7 14 0 0.05 0.0 0 9.6 24 320 M M 5 34 320
24 64 27 46 2 19 0 0.00 0.0 0 6.3 20 330 M M 2 24 30
25 70 31 51 6 14 0 0.00 0.0 0 8.6 16 180 M M 1 18 180
26 75 38 57 12 8 0 0.00 0.0 0 5.7 17 290 M M 2 22 300
27 74 33 54 9 11 0 0.00 0.0 0 9.6 20 290 M M 0 27 290
28 76 36 56 10 9 0 0.00 0.0 0 6.1 15 180 M M 0 18 50
29 81 37 59 13 6 0 0.00 0.0 0 8.9 20 240 M M 0 38 210
30 77 40 59 13 6 0 T 0.0 0 10.2 25 300 M M 2 3 32 300
================================================================================
SM 1789 822 636 0 1.28 2.2 261.7 M 97
================================================================================
AV 59.6 27.4 8.7 FASTST M M 3 MAX(MPH)
MISC ----> # 33 170 # 46 190
================================================================================
NOTES:
# LAST OF SEVERAL OCCURRENCES
COLUMN 17 PEAK WIND IN M.P.H.
PRELIMINARY LOCAL CLIMATOLOGICAL DATA (WS FORM: F-6) , PAGE 2
STATION: ELY AIRPORT NV
MONTH: APRIL
YEAR: 2020
LATITUDE: 39 16 N
LONGITUDE: 114 51 W
[TEMPERATURE DATA] [PRECIPITATION DATA] SYMBOLS USED IN COLUMN 16
AVERAGE MONTHLY: 43.5 TOTAL FOR MONTH: 1.28 1 = FOG OR MIST
DPTR FM NORMAL: 1.0 DPTR FM NORMAL: 0.33 2 = FOG REDUCING VISIBILITY
HIGHEST: 81 ON 29 GRTST 24HR 0.67 ON 19-19 TO 1/4 MILE OR LESS
LOWEST: 12 ON 14 3 = THUNDER
SNOW, ICE PELLETS, HAIL 4 = ICE PELLETS
TOTAL MONTH: 2.2 INCHES 5 = HAIL
GRTST 24HR 2.0 ON 9- 9 6 = FREEZING RAIN OR DRIZZLE
GRTST DEPTH: 2 ON 9 7 = DUSTSTORM OR SANDSTORM:
VSBY 1/2 MILE OR LESS
8 = SMOKE OR HAZE
[NO. OF DAYS WITH] [WEATHER - DAYS WITH] 9 = BLOWING SNOW
X = TORNADO
MAX 32 OR BELOW: 0 0.01 INCH OR MORE: 7
MAX 90 OR ABOVE: 0 0.10 INCH OR MORE: 3
MIN 32 OR BELOW: 22 0.50 INCH OR MORE: 1
MIN 0 OR BELOW: 0 1.00 INCH OR MORE: 0
[HDD (BASE 65) ]
TOTAL THIS MO. 636 CLEAR (SCALE 0-3) 17
DPTR FM NORMAL -40 PTCLDY (SCALE 4-7) 13
TOTAL FM JUL 1 6656 CLOUDY (SCALE 8-10) 0
DPTR FM NORMAL -247
[CDD (BASE 65) ]
TOTAL THIS MO. 0
DPTR FM NORMAL 0 [PRESSURE DATA]
TOTAL FM JAN 1 0 HIGHEST SLP 30.36 ON 14
DPTR FM NORMAL 0 LOWEST SLP 29.47 ON 5
[REMARKS]
#FINAL-04-20#