000
CXUS53 KTOP 010810
CF6EMP
PRELIMINARY LOCAL CLIMATOLOGICAL DATA (WS FORM: F-6)
STATION: EMPORIA KS
MONTH: AUGUST
YEAR: 2023
LATITUDE: 38 19 N
LONGITUDE: 96 12 W
TEMPERATURE IN F: :PCPN: SNOW: WIND :SUNSHINE: SKY :PK WND
================================================================================
1 2 3 4 5 6A 6B 7 8 9 10 11 12 13 14 15 16 17 18
12Z AVG MX 2MIN
DY MAX MIN AVG DEP HDD CDD WTR SNW DPTH SPD SPD DIR MIN PSBL S-S WX SPD DR
================================================================================
1 107 73 90 10 0 25 0.00 M M 8.1 17 210 M M 0 24 220
2 101 80 91 12 0 26 0.02 M M 9.3 17 190 M M 2 3 25 180
3 94 76 85 6 0 20 0.08 M M 9.9 23 90 M M 4 13 29 90
4 95 73 84 5 0 19 0.00 M M 6.1 15 320 M M 3 1 22 310
5 94 69 82 3 0 17 0.39 M M 8.2 33 280 M M 1 138 48 280
6 88 66 77 -2 0 12 0.18 M M 14.5 28 290 M M 1 138 43 280
7 87 63 75 -4 0 10 0.00 M M 7.3 16 330 M M 1 24 330
8 94 68 81 2 0 16 0.00 M M 6.8 15 180 M M 0 19 170
9 87 68 78 -1 0 13 0.67 M M 5.7 15 110 M M 3 13 21 110
10 93 65 79 0 0 14 0.00 M M 7.2 16 190 M M 1 23 180
11 96 69 83 4 0 18 0.00 M M 7.4 18 180 M M 0 24 170
12 95 73 84 6 0 19 0.00 M M 5.7 12 110 M M 2 19 120
13 92 71 82 4 0 17 0.81 M M 6.5 26 320 M M 6 123 37 280
14 82 62 72 -6 0 7 0.00 M M 9.7 23 320 M M 3 32 320
15 84 57 71 -7 0 6 0.00 M M 6.0 14 30 M M 0 19 10
16 91 59 75 -3 0 10 0.00 M M 11.2 20 170 M M 0 27 160
17 89 60 75 -3 0 10 0.00 M M 6.5 17 10 M M 0 23 10
18 94 55 75 -3 0 10 0.00 M M 7.5 16 150 M M 0 22 110
19 112 72 92 15 0 27 0.00 M M 12.8 23 210 M M 0 31 230
20 110 74 92 15 0 27 0.00 M M 8.8 16 270 M M 0 22 280
21 108 74 91 14 0 26 0.00 M M 3.6 10 80 M M 2 128 15 80
22 105 74 90 13 0 25 0.00 M M 5.6 13 160 M M 1 128 19 70
23 105 75 90 14 0 25 0.00 M M 7.0 16 230 M M 0 18 21 220
24 108 77 93 17 0 28 0.00 M M 9.2 17 220 M M 0 22 180
25 108 77 93 17 0 28 T M M 10.5 30 290 M M 2 3 43 260
26 88 69 79 3 0 14 0.12 M M 9.2 23 310 M M 3 13 32 310
27 88 65 77 2 0 12 0.00 M M 6.1 15 40 M M 2 25 10
28 89 58 74 -1 0 9 0.00 M M 4.0 13 70 M M 0 1 17 40
29 95 62 79 4 0 14 0.00 M M 8.1 20 40 M M 1 27 20
30 91 61 76 1 0 11 0.00 M M 7.0 17 30 M M 0 18 24 50
31 92 58 75 1 0 10 0.00 M M 7.5 16 130 M M 0 20 120
================================================================================
SM 2962 2103 0 525 2.27 M 243.0 M 38
================================================================================
AV 95.5 67.8 7.8 FASTST M M 1 MAX(MPH)
MISC ----> 33 280 48 280
================================================================================
NOTES:
# LAST OF SEVERAL OCCURRENCES
COLUMN 17 PEAK WIND IN M.P.H.
PRELIMINARY LOCAL CLIMATOLOGICAL DATA (WS FORM: F-6) , PAGE 2
STATION: EMPORIA KS
MONTH: AUGUST
YEAR: 2023
LATITUDE: 38 19 N
LONGITUDE: 96 12 W
[TEMPERATURE DATA] [PRECIPITATION DATA] SYMBOLS USED IN COLUMN 16
AVERAGE MONTHLY: 81.7 TOTAL FOR MONTH: 2.27 1 = FOG OR MIST
DPTR FM NORMAL: 4.2 DPTR FM NORMAL: -1.59 2 = FOG REDUCING VISIBILITY
HIGHEST: 112 ON 19 GRTST 24HR 0.81 ON 13-13 TO 1/4 MILE OR LESS
LOWEST: 55 ON 18 3 = THUNDER
SNOW, ICE PELLETS, HAIL 4 = ICE PELLETS
TOTAL MONTH: M 5 = HAIL
GRTST 24HR M ON M 6 = FREEZING RAIN OR DRIZZLE
GRTST DEPTH: M ON M 7 = DUSTSTORM OR SANDSTORM:
VSBY 1/2 MILE OR LESS
8 = SMOKE OR HAZE
[NO. OF DAYS WITH] [WEATHER - DAYS WITH] 9 = BLOWING SNOW
X = TORNADO
MAX 32 OR BELOW: 0 0.01 INCH OR MORE: 7
MAX 90 OR ABOVE: 22 0.10 INCH OR MORE: 5
MIN 32 OR BELOW: 0 0.50 INCH OR MORE: 2
MIN 0 OR BELOW: 0 1.00 INCH OR MORE: 0
[HDD (BASE 65) ]
TOTAL THIS MO. 0 CLEAR (SCALE 0-3) 27
DPTR FM NORMAL -1 PTCLDY (SCALE 4-7) 4
TOTAL FM JUL 1 0 CLOUDY (SCALE 8-10) 0
DPTR FM NORMAL 0
[CDD (BASE 65) ]
TOTAL THIS MO. 525
DPTR FM NORMAL 137 [PRESSURE DATA]
TOTAL FM JAN 1 1493 HIGHEST SLP M ON M
DPTR FM NORMAL 263 LOWEST SLP 29.73 ON 9
[REMARKS]
#FINAL-08-23#