000
CXUS53 KMKX 010810
CF6ENW
PRELIMINARY LOCAL CLIMATOLOGICAL DATA (WS FORM: F-6)
STATION: KENOSHA WI
MONTH: OCTOBER
YEAR: 2022
LATITUDE: 42 35 N
LONGITUDE: 87 56 W
TEMPERATURE IN F: :PCPN: SNOW: WIND :SUNSHINE: SKY :PK WND
================================================================================
1 2 3 4 5 6A 6B 7 8 9 10 11 12 13 14 15 16 17 18
12Z AVG MX 2MIN
DY MAX MIN AVG DEP HDD CDD WTR SNW DPTH SPD SPD DIR MIN PSBL S-S WX SPD DR
================================================================================
1 69 43 56 -2 9 0 0.00 M M 6.9 15 60 M M 0 128 22 50
2 65 43 54 -4 11 0 0.00 M M 6.9 15 30 M M 3 1 20 30
3 66 38 52 -6 13 0 0.00 M M 2.7 10 110 M M 0 12 13 90
4 74 37 56 -1 9 0 0.00 M M 4.3 10 260 M M 0 12 13 250
5 76 46 61 4 4 0 0.00 M M 5.7 14 220 M M 0 22 190
6 73 46 60 3 5 0 0.12 M M 8.7 24 360 M M 7 18 36 350
7 55 32 44 -12 21 0 0.00 M M 8.6 16 10 M M 4 23 20
8 59 28 44 -12 21 0 0.00 M M 11.6 24 250 M M 0 32 240
9 71 41 56 1 9 0 T 0.0 0 8.7 20 240 M M 3 24 250
10 64 42 53 -2 12 0 0.00 0.0 0 5.7 15 70 M M 1 12 24 50
11 75 41 58 3 7 0 0.25 M M 11.2 23 210 M M 7 128 34 200
12 66 47 57 3 8 0 0.32 M M 13.5 24 320 M M 7 138 37 300
13 54 37 46 -8 19 0 0.03 M M 11.7 26 270 M M 5 8 37 290
14 56 36 46 -8 19 0 0.01 M M 10.2 29 250 M M 7 41 240
15 54 31 43 -10 22 0 0.00 M M 11.4 22 250 M M 2 29 250
16 51 35 43 -10 22 0 T M M 8.9 17 280 M M 7 29 290
17 44 36 40 -12 25 0 T M M 16.3 26 300 M M 8 39 310
18 47 35 41 -11 24 0 0.00 M M 16.0 25 330 M M 8 36 330
19 47 27 37 -15 28 0 0.00 M M 10.5 20 280 M M 1 29 260
20 61 27 44 -7 21 0 M M M 7.2 13 260 M M 4 M M
21 77 36 57 6 8 0 0.00 M M 11.4 24 210 M M 0 34 190
22 79 57 68 18 0 3 0.00 M M 12.1 21 200 M M 0 31 200
23 76 58 67 17 0 2 0.00 M M 12.7 23 180 M M 1 33 190
24 74 63 69 19 0 4 0.02 M M 14.6 28 190 M M 2 39 180
25 67 44 56 7 9 0 0.75 M M 9.5 23 350 M M 9 1 35 220
26 52 33 43 -6 22 0 0.15 M M 8.2 18 330 M M 4 1 27 340
27 53 29 41 -7 24 0 0.00 M M 5.1 13 130 M M 1 1 18 140
28 58 36 47 -1 18 0 0.00 M M 4.6 12 100 M M 0 12 16 110
29 63 32 48 0 17 0 0.00 M M 2.8 12 110 M M 2 128 15 130
30 61 39 50 3 15 0 0.02 M M 3.4 9 70 M M 2 128 11 70
31 61 43 52 5 13 0 0.10 M M 2.6 7 350 M M 7 128 10 340
================================================================================
SM 1948 1218 435 9 1.77 0.0 273.7 M 102
================================================================================
AV 62.8 39.3 8.8 FASTST M M 3 MAX(MPH)
MISC ----> 29 250 41 240
================================================================================
NOTES:
# LAST OF SEVERAL OCCURRENCES
COLUMN 17 PEAK WIND IN M.P.H.
PRELIMINARY LOCAL CLIMATOLOGICAL DATA (WS FORM: F-6) , PAGE 2
STATION: KENOSHA WI
MONTH: OCTOBER
YEAR: 2022
LATITUDE: 42 35 N
LONGITUDE: 87 56 W
[TEMPERATURE DATA] [PRECIPITATION DATA] SYMBOLS USED IN COLUMN 16
AVERAGE MONTHLY: 51.1 TOTAL FOR MONTH: 1.77 1 = FOG OR MIST
DPTR FM NORMAL: -1.6 DPTR FM NORMAL: -1.13 2 = FOG REDUCING VISIBILITY
HIGHEST: 79 ON 22 GRTST 24HR 0.87 ON 25-26 TO 1/4 MILE OR LESS
LOWEST: 27 ON 20,19 3 = THUNDER
SNOW, ICE PELLETS, HAIL 4 = ICE PELLETS
TOTAL MONTH: 0.0 INCH 5 = HAIL
GRTST 24HR 0.0 6 = FREEZING RAIN OR DRIZZLE
GRTST DEPTH: 0 7 = DUSTSTORM OR SANDSTORM:
VSBY 1/2 MILE OR LESS
8 = SMOKE OR HAZE
[NO. OF DAYS WITH] [WEATHER - DAYS WITH] 9 = BLOWING SNOW
X = TORNADO
MAX 32 OR BELOW: 0 0.01 INCH OR MORE: 10
MAX 90 OR ABOVE: 0 0.10 INCH OR MORE: 6
MIN 32 OR BELOW: 7 0.50 INCH OR MORE: 1
MIN 0 OR BELOW: 0 1.00 INCH OR MORE: 0
[HDD (BASE 65) ]
TOTAL THIS MO. 435 CLEAR (SCALE 0-3) 18
DPTR FM NORMAL 41 PTCLDY (SCALE 4-7) 10
TOTAL FM JUL 1 541 CLOUDY (SCALE 8-10) 3
DPTR FM NORMAL 18
[CDD (BASE 65) ]
TOTAL THIS MO. 9
DPTR FM NORMAL -2 [PRESSURE DATA]
TOTAL FM JAN 1 820 HIGHEST SLP M ON M
DPTR FM NORMAL 99 LOWEST SLP 29.55 ON 14
[REMARKS]
#FINAL-10-22#