000
CXUS56 KSLC 021246
CF6EVW
PRELIMINARY LOCAL CLIMATOLOGICAL DATA (WS FORM: F-6)
STATION: EVANSTON WY
MONTH: JUNE
YEAR: 2020
LATITUDE: 41 16 N
LONGITUDE: 111 2 W
TEMPERATURE IN F: :PCPN: SNOW: WIND :SUNSHINE: SKY :PK WND
================================================================================
1 2 3 4 5 6A 6B 7 8 9 10 11 12 13 14 15 16 17 18
12Z AVG MX 2MIN
DY MAX MIN AVG DEP HDD CDD WTR SNW DPTH SPD SPD DIR MIN PSBL S-S WX SPD DR
================================================================================
1 79 52 66 13 0 1 0.00 0.0 0 12.8 36 250 M M 0 48 260
2 77 48 63 9 2 0 0.00 0.0 0 9.8 25 260 M M 0 31 270
3 77 53 65 11 0 0 0.00 0.0 0 11.5 30 250 M M 1 38 250
4 77 52 65 11 0 0 0.00 0.0 0 12.6 30 240 M M 1 37 230
5 85 52 69 15 0 4 0.00 0.0 0 13.3 41 170 M M 1 3 55 160
6 66 41 54 -1 11 0 0.48 M 0 14.4 43 200 M M 7 13 53 200
7 55 33 44 -11 21 0 0.21 M 0 9.5 47 260 M M 6 123 60 260
8 47 31 39 -16 26 0 0.05 M 0 10.0 28 360 M M 7 18 35 360
9 56 28 42 -14 23 0 0.00 0.0 0 10.9 20 260 M M 2 24 270
10 66 39 53 -3 12 0 0.00 0.0 0 7.9 18 260 M M 2 25 240
11 76 41 59 3 6 0 0.00 0.0 0 7.6 13 230 M M 1 18 230
12 82 53 68 12 0 3 0.00 0.0 0 10.9 28 220 M M 0 38 230
13 74 47 61 4 4 0 0.00 0.0 0 16.5 38 220 M M 0 50 220
14 66 36 51 -6 14 0 0.00 0.0 0 13.7 33 240 M M 0 46 220
15 75 41 58 1 7 0 0.00 0.0 0 10.0 24 240 M M 0 35 240
16 63 42 53 -5 12 0 0.20 M 0 12.3 26 10 M M 5 13 32 10
17 52 32 42 -16 23 0 0.38 M 0 12.4 28 240 M M 7 12 37 240
18 62 32 47 -11 18 0 0.00 0.0 0 6.7 14 310 M M 0 20 310
19 66 37 52 -7 13 0 0.00 0.0 0 5.2 17 270 M M 1 22 270
20 71 41 56 -3 9 0 0.00 0.0 0 9.6 21 240 M M 1 32 260
21 76 50 63 3 2 0 0.00 0.0 0 11.9 30 270 M M 1 37 270
22 74 45 60 0 5 0 0.00 0.0 0 7.7 17 240 M M 0 24 250
23 78 47 63 3 2 0 0.00 0.0 0 4.7 14 290 M M 0 18 330
24 81 50 66 6 0 1 0.00 0.0 0 7.4 22 280 M M 0 27 250
25 77 53 65 4 0 0 0.00 0.0 0 8.8 28 350 M M 1 33 290
26 77 48 63 2 2 0 0.00 0.0 0 6.4 20 280 M M 1 26 280
27 80 50 65 3 0 0 0.00 0.0 0 12.1 26 260 M M 1 33 250
28 76 41 59 -3 6 0 T M 0 16.9 38 200 M M 6 13 47 190
29 52 36 44 -18 21 0 0.04 M 0 11.3 22 240 M M 7 1 28 230
30 55 37 46 -17 19 0 0.10 M 0 11.7 26 250 M M 7 1 34 230
================================================================================
SM 2098 1288 258 9 1.46 0.0 316.5 M 66
================================================================================
AV 69.9 42.9 10.5 FASTST M M 2 MAX(MPH)
MISC ----> # 47 260 # 60 260
================================================================================
NOTES:
# LAST OF SEVERAL OCCURRENCES
COLUMN 17 PEAK WIND IN M.P.H.
PRELIMINARY LOCAL CLIMATOLOGICAL DATA (WS FORM: F-6) , PAGE 2
STATION: EVANSTON WY
MONTH: JUNE
YEAR: 2020
LATITUDE: 41 16 N
LONGITUDE: 111 2 W
[TEMPERATURE DATA] [PRECIPITATION DATA] SYMBOLS USED IN COLUMN 16
AVERAGE MONTHLY: 56.4 TOTAL FOR MONTH: 1.46 1 = FOG OR MIST
DPTR FM NORMAL: -1.4 DPTR FM NORMAL: 0.22 2 = FOG REDUCING VISIBILITY
HIGHEST: 85 ON 5 GRTST 24HR 0.48 ON 6- 6 TO 1/4 MILE OR LESS
LOWEST: 28 ON 9 3 = THUNDER
SNOW, ICE PELLETS, HAIL 4 = ICE PELLETS
TOTAL MONTH: 0.0 INCH 5 = HAIL
GRTST 24HR 0.0 6 = FREEZING RAIN OR DRIZZLE
GRTST DEPTH: 0 7 = DUSTSTORM OR SANDSTORM:
VSBY 1/2 MILE OR LESS
8 = SMOKE OR HAZE
[NO. OF DAYS WITH] [WEATHER - DAYS WITH] 9 = BLOWING SNOW
X = TORNADO
MAX 32 OR BELOW: 0 0.01 INCH OR MORE: 7
MAX 90 OR ABOVE: 0 0.10 INCH OR MORE: 5
MIN 32 OR BELOW: 4 0.50 INCH OR MORE: 0
MIN 0 OR BELOW: 0 1.00 INCH OR MORE: 0
[HDD (BASE 65) ]
TOTAL THIS MO. 258 CLEAR (SCALE 0-3) 22
DPTR FM NORMAL 28 PTCLDY (SCALE 4-7) 8
TOTAL FM JUL 1 8609 CLOUDY (SCALE 8-10) 0
DPTR FM NORMAL 37
[CDD (BASE 65) ]
TOTAL THIS MO. 9
DPTR FM NORMAL -4 [PRESSURE DATA]
TOTAL FM JAN 1 15 HIGHEST SLP 30.29 ON 9
DPTR FM NORMAL 1 LOWEST SLP 29.28 ON 28
[REMARKS]
#FINAL-06-20#