000
CXUS51 KOKX 010910
CF6EWR
PRELIMINARY LOCAL CLIMATOLOGICAL DATA (WS FORM: F-6)
STATION: NEWARK NJ
MONTH: APRIL
YEAR: 2023
LATITUDE: 40 42 N
LONGITUDE: 74 10 W
TEMPERATURE IN F: :PCPN: SNOW: WIND :SUNSHINE: SKY :PK WND
================================================================================
1 2 3 4 5 6A 6B 7 8 9 10 11 12 13 14 15 16 17 18
12Z AVG MX 2MIN
DY MAX MIN AVG DEP HDD CDD WTR SNW DPTH SPD SPD DIR MIN PSBL S-S WX SPD DR
================================================================================
1 74 52 63 15 2 0 0.26 0.0 0 14.1 40 310 M M 9 13 54 310
2 53 37 45 -3 20 0 0.00 0.0 0 17.2 35 330 M M 3 48 280
3 66 36 51 2 14 0 0.00 0.0 0 7.8 21 220 M M 3 27 200
4 73 47 60 11 5 0 0.00 0.0 0 4.1 13 120 M M 5 18 100
5 59 48 54 5 11 0 T 0.0 0 7.8 15 20 M M 9 18 19 30
6 83 48 66 16 0 1 T 0.0 0 9.8 29 320 M M 9 128 35 310
7 62 43 53 3 12 0 0.00 0.0 0 14.8 25 350 M M 9 31 350
8 54 38 46 -4 19 0 0.00 0.0 0 8.2 20 350 M M 8 23 360
9 55 35 45 -6 20 0 0.00 0.0 0 8.1 16 150 M M 3 22 160
10 69 35 52 1 13 0 0.00 0.0 0 7.0 16 230 M M 1 20 230
11 77 45 61 9 4 0 0.00 0.0 0 13.6 25 240 M M 6 34 240
12 87 64 76 24 0 11 0.00 0.0 0 12.4 25 310 M M 5 37 340
13 92 61 77 25 0 12 0.00 0.0 0 11.4 23 240 M M 1 29 230
14 93 61 77 24 0 12 0.00 0.0 0 9.2 18 220 M M 6 24 190
15 75 60 68 15 0 3 0.15 0.0 0 6.4 15 220 M M 9 13 23 250
16 72 56 64 10 1 0 T 0.0 0 5.2 12 110 M M 9 18 15 100
17 71 55 63 9 2 0 0.03 0.0 0 11.4 28 260 M M 9 18 38 250
18 59 45 52 -2 13 0 0.00 0.0 0 17.1 33 280 M M 5 42 280
19 68 40 54 -1 11 0 0.00 0.0 0 10.0 21 240 M M 5 27 260
20 64 45 55 0 10 0 T 0.0 0 6.6 15 20 M M 5 18 30
21 69 51 60 4 5 0 0.00 0.0 0 7.6 17 100 M M 6 22 130
22 70 53 62 6 3 0 0.90 0.0 0 10.3 23 120 M M 10 13 34 120
23 72 50 61 5 4 0 1.01 0.0 0 10.3 23 260 M M 8 1 30 300
24 64 45 55 -2 10 0 0.00 0.0 0 8.5 16 260 M M 4 24 300
25 63 47 55 -2 10 0 0.00 0.0 0 8.0 17 300 M M 5 26 290
26 61 42 52 -5 13 0 T 0.0 0 7.8 15 130 M M 6 21 130
27 59 50 55 -3 10 0 T 0.0 0 5.0 12 130 M M 9 16 130
28 57 50 54 -4 11 0 0.41 0.0 0 9.3 18 60 M M 9 1 26 50
29 54 50 52 -6 13 0 3.05 0.0 0 10.4 21 60 M M 10 1 30 80
30 61 52 57 -2 8 0 2.26 0.0 0 8.9 16 110 M M 10 13 22 90
================================================================================
SM 2036 1441 244 39 8.07 0.0 288.3 M 196
================================================================================
AV 67.9 48.0 9.6 FASTST M M 7 MAX(MPH)
MISC ----> 40 310 54 310
================================================================================
NOTES:
# LAST OF SEVERAL OCCURRENCES
COLUMN 17 PEAK WIND IN M.P.H.
PRELIMINARY LOCAL CLIMATOLOGICAL DATA (WS FORM: F-6) , PAGE 2
STATION: NEWARK NJ
MONTH: APRIL
YEAR: 2023
LATITUDE: 40 42 N
LONGITUDE: 74 10 W
[TEMPERATURE DATA] [PRECIPITATION DATA] SYMBOLS USED IN COLUMN 16
AVERAGE MONTHLY: 58.0 TOTAL FOR MONTH: 8.07 1 = FOG OR MIST
DPTR FM NORMAL: 4.7 DPTR FM NORMAL: 4.20 2 = FOG REDUCING VISIBILITY
HIGHEST: 93 ON 14 GRTST 24HR 3.42 ON 28-29 TO 1/4 MILE OR LESS
LOWEST: 35 ON 10, 9 3 = THUNDER
SNOW, ICE PELLETS, HAIL 4 = ICE PELLETS
TOTAL MONTH: 0.0 INCH 5 = HAIL
GRTST 24HR 0.0 6 = FREEZING RAIN OR DRIZZLE
GRTST DEPTH: 0 7 = DUSTSTORM OR SANDSTORM:
VSBY 1/2 MILE OR LESS
8 = SMOKE OR HAZE
[NO. OF DAYS WITH] [WEATHER - DAYS WITH] 9 = BLOWING SNOW
X = TORNADO
MAX 32 OR BELOW: 0 0.01 INCH OR MORE: 8
MAX 90 OR ABOVE: 2 0.10 INCH OR MORE: 7
MIN 32 OR BELOW: 0 0.50 INCH OR MORE: 4
MIN 0 OR BELOW: 0 1.00 INCH OR MORE: 3
[HDD (BASE 65) ]
TOTAL THIS MO. 244 CLEAR (SCALE 0-3) 4
DPTR FM NORMAL -119 PTCLDY (SCALE 4-7) 13
TOTAL FM JUL 1 3745 CLOUDY (SCALE 8-10) 13
DPTR FM NORMAL -818
[CDD (BASE 65) ]
TOTAL THIS MO. 39
DPTR FM NORMAL 25 [PRESSURE DATA]
TOTAL FM JAN 1 39 HIGHEST SLP M ON M
DPTR FM NORMAL 24 LOWEST SLP 29.01 ON 30
[REMARKS]
#FINAL-04-23#