000
CXUS53 KIND 280600
CF6EYE
PRELIMINARY LOCAL CLIMATOLOGICAL DATA (WS FORM: F-6)
STATION: INDIANAPOLIS EAGLE CREEK IN
MONTH: MARCH
YEAR: 2024
LATITUDE: 39 49 N
LONGITUDE: 86 18 W
TEMPERATURE IN F: :PCPN: SNOW: WIND :SUNSHINE: SKY :PK WND
================================================================================
1 2 3 4 5 6A 6B 7 8 9 10 11 12 13 14 15 16 17 18
12Z AVG MX 2MIN
DY MAX MIN AVG DEP HDD CDD WTR SNW DPTH SPD SPD DIR MIN PSBL S-S WX SPD DR
================================================================================
1 45 31 38 1 27 0 T M M 5.0 12 140 M M 5 18 16 150
2 56 42 49 12 16 0 0.00 M M 4.8 13 160 M M 8 18 19 160
3 71 42 57 19 8 0 0.00 M M 8.0 18 170 M M 1 1 29 160
4 78 51 65 27 0 0 0.00 M M 6.3 17 170 M M 4 1 27 160
5 68 51 60 22 5 0 0.36 M M 6.2 15 290 M M 6 13 21 300
6 52 46 49 10 16 0 0.00 M M 9.2 15 360 M M 10 18 20 30
7 51 46 49 10 16 0 0.00 M M 7.2 13 110 M M 10 18 16 100
8 58 48 53 13 12 0 0.52 M M 7.5 12 210 M M 10 1 18 210
9 57 40 49 9 16 0 0.05 M M 12.7 22 290 M M 9 1 32 280
10 47 33 40 0 25 0 0.00 M M 12.8 25 300 M M 1 36 300
11 62 27 45 4 20 0 0.00 M M 6.2 17 200 M M 0 27 210
12 70 46 58 17 7 0 0.00 M M 7.4 20 200 M M 0 31 220
13 76 43 60 18 5 0 0.00 M M 4.7 14 210 M M 0 20 200
14 75 58 67 25 0 2 0.32 M M 8.3 20 200 M M 5 13 32 240
15 60 44 52 10 13 0 0.00 M M 10.3 20 10 M M 6 18 30 30
16 65 36 51 8 14 0 T M M 9.7 26 310 M M 3 39 320
17 48 35 42 -1 23 0 0.00 M M 13.0 23 280 M M 5 30 280
18 36 30 33 -10 32 0 T M M 11.2 21 320 M M 9 28 340
19 57 28 43 -1 22 0 0.00 M M 9.5 23 210 M M 0 40 250
20 51 31 41 -3 24 0 0.00 M M 12.2 23 300 M M 2 33 320
21 44 28 36 -8 29 0 0.00 M M 6.9 13 100 M M 3 16 80
22 48 34 41 -4 24 0 0.02 M M 8.4 14 10 M M 6 20 360
23 47 33 40 -5 25 0 0.00 M M 10.5 20 10 M M 4 30 40
24 54 30 42 -4 23 0 0.00 M M 11.1 21 120 M M 2 30 120
25 71 46 59 13 6 0 0.11 M M 12.9 24 160 M M 2 40 160
26 67 41 54 8 11 0 0.25 M M 13.8 28 190 M M 9 1 46 180
27 47 33 40 -7 25 0 0.00 M M 8.3 16 280 M M 6 27 270
================================================================================
SM 1561 1053 444 2 1.63 M 244.1 M 126
================================================================================
AV 57.8 39.0 9.0 FASTST M M 5 MAX(MPH)
MISC ----> 28 190 46 180
================================================================================
NOTES:
# LAST OF SEVERAL OCCURRENCES
COLUMN 17 PEAK WIND IN M.P.H.
PRELIMINARY LOCAL CLIMATOLOGICAL DATA (WS FORM: F-6) , PAGE 2
STATION: INDIANAPOLIS EAGLE CREEK IN
MONTH: MARCH
YEAR: 2024
LATITUDE: 39 49 N
LONGITUDE: 86 18 W
[TEMPERATURE DATA] [PRECIPITATION DATA] SYMBOLS USED IN COLUMN 16
AVERAGE MONTHLY: 48.4 TOTAL FOR MONTH: 1.63 1 = FOG OR MIST
DPTR FM NORMAL: 6.6 DPTR FM NORMAL: -1.14 2 = FOG REDUCING VISIBILITY
HIGHEST: 78 ON 4 GRTST 24HR 0.56 ON 8- 9 TO 1/4 MILE OR LESS
LOWEST: 27 ON 11 3 = THUNDER
SNOW, ICE PELLETS, HAIL 4 = ICE PELLETS
TOTAL MONTH: M 5 = HAIL
GRTST 24HR M ON M 6 = FREEZING RAIN OR DRIZZLE
GRTST DEPTH: M ON M 7 = DUSTSTORM OR SANDSTORM:
VSBY 1/2 MILE OR LESS
8 = SMOKE OR HAZE
[NO. OF DAYS WITH] [WEATHER - DAYS WITH] 9 = BLOWING SNOW
X = TORNADO
MAX 32 OR BELOW: 0 0.01 INCH OR MORE: 7
MAX 90 OR ABOVE: 0 0.10 INCH OR MORE: 5
MIN 32 OR BELOW: 7 0.50 INCH OR MORE: 1
MIN 0 OR BELOW: 0 1.00 INCH OR MORE: 0
[HDD (BASE 65) ]
TOTAL THIS MO. 444 CLEAR (SCALE 0-3) 11
DPTR FM NORMAL -182 PTCLDY (SCALE 4-7) 10
TOTAL FM JUL 1 3796 CLOUDY (SCALE 8-10) 6
DPTR FM NORMAL -859
[CDD (BASE 65) ]
TOTAL THIS MO. 2
DPTR FM NORMAL 2 [PRESSURE DATA]
TOTAL FM JAN 1 3 HIGHEST SLP M ON M
DPTR FM NORMAL 3 LOWEST SLP 29.51 ON 26
[REMARKS]