000
CXUS53 KIND 010600
CF6EYE
PRELIMINARY LOCAL CLIMATOLOGICAL DATA (WS FORM: F-6)
STATION: INDIANAPOLIS EAGLE CREEK IN
MONTH: MARCH
YEAR: 2022
LATITUDE: 39 49 N
LONGITUDE: 86 18 W
TEMPERATURE IN F: :PCPN: SNOW: WIND :SUNSHINE: SKY :PK WND
================================================================================
1 2 3 4 5 6A 6B 7 8 9 10 11 12 13 14 15 16 17 18
12Z AVG MX 2MIN
DY MAX MIN AVG DEP HDD CDD WTR SNW DPTH SPD SPD DIR MIN PSBL S-S WX SPD DR
================================================================================
1 66 40 53 16 12 0 0.00 M M 7.0 16 270 M M 4 25 260
2 68 33 51 14 14 0 0.00 M M 5.4 16 340 M M 4 23 330
3 52 34 43 5 22 0 0.00 M M 8.5 17 30 M M 7 8 29 20
4 52 29 41 3 24 0 0.00 M M 8.4 14 110 M M 0 19 100
5 78 44 61 23 4 0 0.00 M M 11.6 26 200 M M 2 43 200
6 70 46 58 19 7 0 0.48 M M 10.0 32 280 M M 5 3 59 280
7 46 33 40 1 25 0 1.90 M M 12.9 24 280 M M 10 3 33 290
8 40 30 35 -5 30 0 0.00 M M 3.6 15 300 M M 7 20 300
9 49 34 42 2 23 0 0.00 M M 5.8 14 320 M M 3 20 340
10 49 30 40 0 25 0 0.00 M M 5.1 13 330 M M 1 16 330
11 38 28 33 -8 32 0 T M M 8.1 15 290 M M 6 1 21 330
12 25 14 20 -21 45 0 T M M 15.0 24 300 M M 1 34 320
13 54 17 36 -6 29 0 0.00 M M 9.3 20 210 M M 3 33 220
14 65 36 51 9 14 0 0.00 M M 6.2 20 210 M M 0 30 200
15 68 44 56 14 9 0 0.00 M M 3.9 14 270 M M 5 20 240
16 71 39 55 12 10 0 0.00 M M 3.5 12 140 M M 1 19 150
17 74 40 57 14 8 0 0.00 M M 2.0 13 200 M M 1 20 250
18 65 47 56 13 9 0 0.67 M M 4.7 16 130 M M 7 13 25 120
19 55 41 48 4 17 0 0.18 M M 9.4 17 270 M M 10 1 30 250
20 64 37 51 7 14 0 0.00 M M 4.9 12 280 M M 1 19 220
21 73 38 56 12 9 0 0.00 M M 5.1 16 200 M M 0 24 200
22 60 50 55 10 10 0 1.33 M M 8.0 25 110 M M 8 1 43 150
23 65 47 56 11 9 0 1.08 M M 9.6 24 210 M M 10 13 41 230
24 47 42 45 -1 20 0 T M M 9.5 18 200 M M 10 1 32 230
25 46 38 42 -4 23 0 0.11 M M 9.1 40 310 M M 9 13 59 300
26 39 30 35 -11 30 0 T M M 15.0 25 300 M M 10 38 290
27 38 26 32 -15 33 0 0.00 M M 11.4 20 310 M M 3 28 330
28 41 22 32 -15 33 0 0.00 M M 4.5 15 330 M M 0 20 320
29 43 32 38 -9 27 0 T M M 11.8 21 110 M M 9 27 100
30 79 43 61 13 4 0 0.09 M M 11.6 25 170 M M 4 44 190
31 61 35 48 0 17 0 0.04 M M 12.0 26 200 M M 10 1 49 210
================================================================================
SM 1741 1099 588 0 5.88 M 252.9 M 151
================================================================================
AV 56.2 35.5 8.2 FASTST M M 5 MAX(MPH)
MISC ----> 40 310 # 59 280
================================================================================
NOTES:
# LAST OF SEVERAL OCCURRENCES
COLUMN 17 PEAK WIND IN M.P.H.
PRELIMINARY LOCAL CLIMATOLOGICAL DATA (WS FORM: F-6) , PAGE 2
STATION: INDIANAPOLIS EAGLE CREEK IN
MONTH: MARCH
YEAR: 2022
LATITUDE: 39 49 N
LONGITUDE: 86 18 W
[TEMPERATURE DATA] [PRECIPITATION DATA] SYMBOLS USED IN COLUMN 16
AVERAGE MONTHLY: 45.8 TOTAL FOR MONTH: 5.88 1 = FOG OR MIST
DPTR FM NORMAL: 3.2 DPTR FM NORMAL: 2.60 2 = FOG REDUCING VISIBILITY
HIGHEST: 79 ON 30 GRTST 24HR 2.03 ON 22-23 TO 1/4 MILE OR LESS
LOWEST: 14 ON 12 3 = THUNDER
SNOW, ICE PELLETS, HAIL 4 = ICE PELLETS
TOTAL MONTH: M 5 = HAIL
GRTST 24HR M ON M 6 = FREEZING RAIN OR DRIZZLE
GRTST DEPTH: M ON M 7 = DUSTSTORM OR SANDSTORM:
VSBY 1/2 MILE OR LESS
8 = SMOKE OR HAZE
[NO. OF DAYS WITH] [WEATHER - DAYS WITH] 9 = BLOWING SNOW
X = TORNADO
MAX 32 OR BELOW: 1 0.01 INCH OR MORE: 9
MAX 90 OR ABOVE: 0 0.10 INCH OR MORE: 7
MIN 32 OR BELOW: 10 0.50 INCH OR MORE: 4
MIN 0 OR BELOW: 0 1.00 INCH OR MORE: 3
[HDD (BASE 65) ]
TOTAL THIS MO. 588 CLEAR (SCALE 0-3) 13
DPTR FM NORMAL -109 PTCLDY (SCALE 4-7) 9
TOTAL FM JUL 1 4315 CLOUDY (SCALE 8-10) 9
DPTR FM NORMAL -410
[CDD (BASE 65) ]
TOTAL THIS MO. 0
DPTR FM NORMAL -3 [PRESSURE DATA]
TOTAL FM JAN 1 0 HIGHEST SLP M ON M
DPTR FM NORMAL -3 LOWEST SLP 29.20 ON 31
[REMARKS]
#FINAL-03-22#