000
CXUS54 KFWD 010730
CF6F44
PRELIMINARY LOCAL CLIMATOLOGICAL DATA (WS FORM: F-6)
STATION: ATHENS
MONTH: OCTOBER
YEAR: 2020
LATITUDE: 32 9 N
LONGITUDE: 95 50 W
TEMPERATURE IN F: :PCPN: SNOW: WIND :SUNSHINE: SKY :PK WND
================================================================================
1 2 3 4 5 6A 6B 7 8 9 10 11 12 13 14 15 16 17 18
12Z AVG MX 2MIN
DY MAX MIN AVG DEP HDD CDD WTR SNW DPTH SPD SPD DIR MIN PSBL S-S WX SPD DR
================================================================================
1 79 52 66 M 0 1 0.00 0.0 0 3.6 13 20 M M 0 17 100
2 75 52 64 M 1 0 0.00 0.0 0 1.9 7 40 M M 0 M M
3 79 50 65 M 0 0 0.00 0.0 0 2.5 8 180 M M 0 M M
4 75 54 65 M 0 0 0.00 0.0 0 2.7 10 60 M M 3 16 20
5 77 52 65 M 0 0 0.00 0.0 0 2.3 7 130 M M 0 M M
6 82 52 67 M 0 2 0.00 0.0 0 0.5 6 150 M M 0 M M
7 82 54 68 M 0 3 0.00 0.0 0 1.0 5 70 M M 0 M M
8 82 59 71 M 0 6 0.00 0.0 0 1.8 7 100 M M 4 M M
9 79 68 74 M 0 9 0.00 0.0 0 6.3 12 70 M M 8 M M
10 84 59 72 M 0 7 0.00 0.0 0 0.9 6 250 M M 3 12 M M
11 91 61 76 M 0 11 0.00 0.0 0 3.5 10 180 M M 0 17 200
12 81 55 68 M 0 3 0.00 0.0 0 6.1 17 360 M M 2 8 23 360
13 81 46 64 M 1 0 0.00 0.0 0 1.1 9 120 M M 0 M M
14 86 50 68 M 0 3 0.00 0.0 0 4.8 10 180 M M 1 M M
15 81 61 71 M 0 6 0.00 0.0 0 8.2 17 30 M M 8 27 30
16 70 45 58 M 7 0 0.00 0.0 0 6.1 10 50 M M 4 17 60
17 75 43 59 M 6 0 0.00 0.0 0 6.2 15 180 M M 7 8 23 180
18 86 72 79 M 0 14 0.00 0.0 0 9.3 14 180 M M 6 22 180
19 82 70 76 M 0 11 0.02 0.0 0 3.5 9 170 M M 5 1 M M
20 86 70 78 M 0 13 0.00 0.0 0 6.9 12 160 M M 4 16 160
21 84 64 74 M 0 9 0.00 0.0 0 2.4 8 160 M M 4 1 M M
22 86 61 74 M 0 9 0.00 0.0 0 3.3 13 160 M M 2 18 160
23 72 50 61 M 4 0 0.70 0.0 0 5.9 13 350 M M 9 3 24 350
24 61 46 54 M 11 0 0.00 0.0 0 3.8 13 360 M M 8 20 360
25 61 54 58 M 7 0 0.00 0.0 0 5.0 9 100 M M 10 1 M M
26 61 45 53 M 12 0 0.19 0.0 0 7.4 12 10 M M 10 1 21 10
27 50 43 47 M 18 0 0.12 M 0 6.4 9 360 M M 10 1 M M
28 48 37 43 M 22 0 0.49 M 0 4.8 8 300 M M 8 13 M M
29 54 36 45 M 20 0 0.00 0.0 0 3.3 10 320 M M 4 22 310
30 64 39 52 M 13 0 0.00 0.0 0 2.2 7 60 M M 0 8 M M
31 70 37 54 M 11 0 0.00 0.0 0 1.9 8 170 M M 0 M M
================================================================================
SM 2324 1637 133 107 1.52 0.0 125.6 M 120
================================================================================
AV 75.0 52.8 4.1 FASTST M M 4 MAX(MPH)
MISC ----> # 17 360 # 27 30
================================================================================
NOTES:
# LAST OF SEVERAL OCCURRENCES
COLUMN 17 PEAK WIND IN M.P.H.
PRELIMINARY LOCAL CLIMATOLOGICAL DATA (WS FORM: F-6) , PAGE 2
STATION: ATHENS
MONTH: OCTOBER
YEAR: 2020
LATITUDE: 32 9 N
LONGITUDE: 95 50 W
[TEMPERATURE DATA] [PRECIPITATION DATA] SYMBOLS USED IN COLUMN 16
AVERAGE MONTHLY: 63.9 TOTAL FOR MONTH: 1.52 1 = FOG OR MIST
DPTR FM NORMAL: M DPTR FM NORMAL: M 2 = FOG REDUCING VISIBILITY
HIGHEST: 91 ON 11 GRTST 24HR 0.70 ON 23-23 TO 1/4 MILE OR LESS
LOWEST: 36 ON 29 3 = THUNDER
SNOW, ICE PELLETS, HAIL 4 = ICE PELLETS
TOTAL MONTH: 0.0 INCH 5 = HAIL
GRTST 24HR 0.0 6 = FREEZING RAIN OR DRIZZLE
GRTST DEPTH: 0 7 = DUSTSTORM OR SANDSTORM:
VSBY 1/2 MILE OR LESS
8 = SMOKE OR HAZE
[NO. OF DAYS WITH] [WEATHER - DAYS WITH] 9 = BLOWING SNOW
X = TORNADO
MAX 32 OR BELOW: 0 0.01 INCH OR MORE: 5
MAX 90 OR ABOVE: 1 0.10 INCH OR MORE: 4
MIN 32 OR BELOW: 0 0.50 INCH OR MORE: 1
MIN 0 OR BELOW: 0 1.00 INCH OR MORE: 0
[HDD (BASE 65) ]
TOTAL THIS MO. 133 CLEAR (SCALE 0-3) 15
DPTR FM NORMAL M PTCLDY (SCALE 4-7) 10
TOTAL FM JUL 1 135 CLOUDY (SCALE 8-10) 6
DPTR FM NORMAL M
[CDD (BASE 65) ]
TOTAL THIS MO. 107
DPTR FM NORMAL M [PRESSURE DATA]
TOTAL FM JAN 1 2339 HIGHEST SLP M ON M
DPTR FM NORMAL M LOWEST SLP M ON M
[REMARKS]
#FINAL-10-20#