000
CXAK56 PAFG 011007
CF6FAI
PRELIMINARY LOCAL CLIMATOLOGICAL DATA (WS FORM: F-6)
STATION: FAIRBANKS AK
MONTH: FEBRUARY
YEAR: 2022
LATITUDE: 64 49 N
LONGITUDE: 147 52 W
TEMPERATURE IN F: :PCPN: SNOW: WIND :SUNSHINE: SKY :PK WND
================================================================================
1 2 3 4 5 6A 6B 7 8 9 10 11 12 13 14 15 16 17 18
12Z AVG MX 2MIN
DY MAX MIN AVG DEP HDD CDD WTR SNW DPTH SPD SPD DIR MIN PSBL S-S WX SPD DR
================================================================================
1 -13 -33 -23 -18 88 0 0.00 0.0 29 0.8 7 20 M M 1 7 40
2 -15 -35 -25 -21 90 0 0.00 0.0 29 1.3 9 40 M M 1 12 40
3 2 -30 -14 -10 79 0 0.00 0.0 29 6.3 10 30 M M 5 12 40
4 6 -10 -2 2 67 0 0.02 0.7 29 3.0 8 10 M M 9 1 8 20
5 9 -13 -2 1 67 0 0.07 2.0 29 2.2 8 200 M M 9 1 9 200
6 4 -12 -4 -1 69 0 0.06 1.7 31 2.0 8 200 M M 9 1 10 200
7 0 -10 -5 -3 70 0 0.01 0.3 32 5.7 13 30 M M 9 1 14 30
8 8 -12 -2 0 67 0 T T 32 5.1 12 200 M M 8 16 210
9 -1 -9 -5 -3 70 0 0.06 1.6 33 3.0 9 250 M M 10 1 11 270
10 -2 -29 -15 -14 80 0 0.01 0.1 33 2.0 7 30 M M 7 1 10 250
11 7 -10 -1 0 66 0 T T 33 5.9 12 10 M M 8 13 10
12 1 -13 -6 -6 71 0 0.04 0.6 32 1.2 8 190 M M 8 1 9 200
13 9 -20 -5 -5 70 0 0.09 2.2 32 2.5 8 200 M M 9 1 9 190
14 2 -30 -14 -14 79 0 T T 34 4.6 13 50 M M 5 13 10
15 4 -22 -9 -10 74 0 0.02 0.2 33 3.4 9 360 M M 7 1 11 360
16 10 -22 -6 -7 71 0 0.01 0.1 33 6.2 13 30 M M 8 1 15 20
17 15 -29 -7 -8 72 0 0.07 0.7 33 4.7 13 30 M M 8 1 15 30
18 18 -7 6 4 59 0 0.45 4.4 33 4.2 10 190 M M 10 1 14 360
19 6 -12 -3 -5 68 0 T T 36 1.4 9 30 M M 8 1 10 30
20 1 -19 -9 -11 74 0 0.00 0.0 36 4.3 8 40 M M 6 9 70
21 21 -1 10 8 55 0 0.02 0.3 34 4.1 8 20 M M 10 1 10 30
22 29 20 25 22 40 0 0.25 3.8 34 3.9 14 250 M M 10 1 17 240
23 27 1 14 11 51 0 0.01 0.2 37 1.1 6 40 M M 8 12 6 30
24 33 6 20 17 45 0 0.00 0.0 37 1.4 8 50 M M 7 18 9 40
25 38 8 23 20 42 0 0.00 0.0 36 3.9 14 30 M M 6 15 30
26 35 10 23 19 42 0 0.01 0.1 36 4.7 14 360 M M 8 18 16 360
27 22 16 19 15 46 0 0.18 1.9 35 1.6 9 200 M M 10 1 11 200
28 22 12 17 13 48 0 0.06 1.6 37 0.8 5 190 M M 10 1 5 210
================================================================================
SM 298 -305 1820 0 1.44 22.5 91.3 M 214
================================================================================
AV 10.6-10.9 3.3 FASTST M M 8 MAX(MPH)
MISC ----> # 14 250 17 240
================================================================================
NOTES:
# LAST OF SEVERAL OCCURRENCES
COLUMN 17 PEAK WIND IN M.P.H.
PRELIMINARY LOCAL CLIMATOLOGICAL DATA (WS FORM: F-6) , PAGE 2
STATION: FAIRBANKS AK
MONTH: FEBRUARY
YEAR: 2022
LATITUDE: 64 49 N
LONGITUDE: 147 52 W
[TEMPERATURE DATA] [PRECIPITATION DATA] SYMBOLS USED IN COLUMN 16
AVERAGE MONTHLY: -0.1 TOTAL FOR MONTH: 1.44 1 = FOG OR MIST
DPTR FM NORMAL: -0.3 DPTR FM NORMAL: 0.92 2 = FOG REDUCING VISIBILITY
HIGHEST: 38 ON 25 GRTST 24HR 0.45 ON 18-18 TO 1/4 MILE OR LESS
LOWEST: -35 ON 2 3 = THUNDER
SNOW, ICE PELLETS, HAIL 4 = ICE PELLETS
TOTAL MONTH: 22.5 INCHES 5 = HAIL
GRTST 24HR 4.4 ON 18-18 6 = FREEZING RAIN OR DRIZZLE
GRTST DEPTH: 37 ON 28,24 7 = DUSTSTORM OR SANDSTORM:
VSBY 1/2 MILE OR LESS
8 = SMOKE OR HAZE
[NO. OF DAYS WITH] [WEATHER - DAYS WITH] 9 = BLOWING SNOW
X = TORNADO
MAX 32 OR BELOW: 25 0.01 INCH OR MORE: 18
MAX 90 OR ABOVE: 0 0.10 INCH OR MORE: 3
MIN 32 OR BELOW: 28 0.50 INCH OR MORE: 0
MIN 0 OR BELOW: 21 1.00 INCH OR MORE: 0
[HDD (BASE 65) ]
TOTAL THIS MO. 1820 CLEAR (SCALE 0-3) 2
DPTR FM NORMAL 6 PTCLDY (SCALE 4-7) 14
TOTAL FM JUL 1 9966 CLOUDY (SCALE 8-10) 12
DPTR FM NORMAL -229
[CDD (BASE 65) ]
TOTAL THIS MO. 0
DPTR FM NORMAL 0 [PRESSURE DATA]
TOTAL FM JAN 1 0 HIGHEST SLP M ON M
DPTR FM NORMAL 0 LOWEST SLP 29.32 ON 8
[REMARKS]
#FINAL-02-22#