000
CXAK56 PAFG 011136
CF6FAI
PRELIMINARY LOCAL CLIMATOLOGICAL DATA (WS FORM: F-6)
STATION: FAIRBANKS AK
MONTH: SEPTEMBER
YEAR: 2020
LATITUDE: 64 49 N
LONGITUDE: 147 52 W
TEMPERATURE IN F: :PCPN: SNOW: WIND :SUNSHINE: SKY :PK WND
================================================================================
1 2 3 4 5 6A 6B 7 8 9 10 11 12 13 14 15 16 17 18
12Z AVG MX 2MIN
DY MAX MIN AVG DEP HDD CDD WTR SNW DPTH SPD SPD DIR MIN PSBL S-S WX SPD DR
================================================================================
1 64 48 56 5 9 0 0.02 0.0 0 3.3 12 250 M M 8 15 240
2 59 47 53 2 12 0 0.01 0.0 0 4.4 8 200 M M 7 10 10
3 63 43 53 2 12 0 0.01 0.0 0 3.6 15 360 M M 7 18 10
4 52 45 49 -1 16 0 0.04 0.0 0 5.4 14 280 M M 9 1 18 280
5 51 38 45 -5 20 0 0.02 0.0 0 3.2 9 260 M M 8 1 11 250
6 65 34 50 1 15 0 0.02 0.0 0 6.9 15 100 M M 4 1 19 90
7 68 46 57 8 8 0 0.13 0.0 0 4.5 17 270 M M 8 26 210
8 54 48 51 2 14 0 0.39 0.0 0 2.8 9 180 M M 9 1 12 160
9 51 43 47 -1 18 0 0.17 0.0 0 6.0 20 250 M M 9 1 28 240
10 50 37 44 -4 21 0 T 0.0 0 6.3 17 280 M M 7 24 260
11 49 37 43 -4 22 0 T 0.0 0 6.1 16 290 M M 8 23 300
12 57 35 46 -1 19 0 0.00 0.0 0 3.0 10 280 M M 7 13 280
13 59 32 46 0 19 0 0.00 0.0 0 1.8 7 120 M M 4 9 120
14 53 41 47 1 18 0 T 0.0 0 3.4 10 20 M M 9 12 30
15 64 45 55 9 10 0 0.04 0.0 0 4.1 9 70 M M 8 12 200
16 58 44 51 6 14 0 0.02 0.0 0 3.6 9 80 M M 9 1 12 80
17 63 44 54 10 11 0 0.03 0.0 0 5.5 15 60 M M 8 18 60
18 56 39 48 4 17 0 0.01 0.0 0 4.8 18 290 M M 8 25 250
19 53 40 47 3 18 0 0.12 0.0 0 2.2 10 260 M M 8 1 13 210
20 52 35 44 1 21 0 0.00 0.0 0 1.4 7 50 M M 7 12 9 50
21 55 32 44 2 21 0 0.00 0.0 0 2.3 9 50 M M 5 11 50
22 58 31 45 3 20 0 0.00 0.0 0 2.8 12 360 M M 6 15 350
23 54 40 47 6 18 0 0.03 0.0 0 7.7 14 360 M M 9 16 350
24 42 37 40 -1 25 0 0.11 0.0 0 3.3 7 350 M M 10 1 9 210
25 45 37 41 1 24 0 0.04 0.0 0 0.6 5 190 M M 10 1 7 240
26 55 38 47 7 18 0 0.00 0.0 0 3.1 9 30 M M 7 12 11 20
27 59 35 47 8 18 0 0.00 0.0 0 9.2 16 70 M M 5 21 80
28 54 34 44 6 21 0 0.00 0.0 0 3.2 12 10 M M 6 14 350
29 57 29 43 5 22 0 0.00 0.0 0 3.5 9 50 M M 6 12 11 50
30 61 41 51 14 14 0 0.00 0.0 0 8.1 17 60 M M 9 22 70
================================================================================
SM 1681 1175 515 0 1.21 0.0 126.1 M 225
================================================================================
AV 56.0 39.2 4.2 FASTST M M 8 MAX(MPH)
MISC ----> # 20 250 # 28 240
================================================================================
NOTES:
# LAST OF SEVERAL OCCURRENCES
COLUMN 17 PEAK WIND IN M.P.H.
PRELIMINARY LOCAL CLIMATOLOGICAL DATA (WS FORM: F-6) , PAGE 2
STATION: FAIRBANKS AK
MONTH: SEPTEMBER
YEAR: 2020
LATITUDE: 64 49 N
LONGITUDE: 147 52 W
[TEMPERATURE DATA] [PRECIPITATION DATA] SYMBOLS USED IN COLUMN 16
AVERAGE MONTHLY: 47.6 TOTAL FOR MONTH: 1.21 1 = FOG OR MIST
DPTR FM NORMAL: 2.7 DPTR FM NORMAL: 0.11 2 = FOG REDUCING VISIBILITY
HIGHEST: 68 ON 7 GRTST 24HR 0.39 ON 8- 8 TO 1/4 MILE OR LESS
LOWEST: 29 ON 29 3 = THUNDER
SNOW, ICE PELLETS, HAIL 4 = ICE PELLETS
TOTAL MONTH: 0.0 INCH 5 = HAIL
GRTST 24HR 0.0 6 = FREEZING RAIN OR DRIZZLE
GRTST DEPTH: 0 7 = DUSTSTORM OR SANDSTORM:
VSBY 1/2 MILE OR LESS
8 = SMOKE OR HAZE
[NO. OF DAYS WITH] [WEATHER - DAYS WITH] 9 = BLOWING SNOW
X = TORNADO
MAX 32 OR BELOW: 0 0.01 INCH OR MORE: 17
MAX 90 OR ABOVE: 0 0.10 INCH OR MORE: 5
MIN 32 OR BELOW: 4 0.50 INCH OR MORE: 0
MIN 0 OR BELOW: 0 1.00 INCH OR MORE: 0
[HDD (BASE 65) ]
TOTAL THIS MO. 515 CLEAR (SCALE 0-3) 0
DPTR FM NORMAL -90 PTCLDY (SCALE 4-7) 18
TOTAL FM JUL 1 791 CLOUDY (SCALE 8-10) 12
DPTR FM NORMAL -203
[CDD (BASE 65) ]
TOTAL THIS MO. 0
DPTR FM NORMAL 0 [PRESSURE DATA]
TOTAL FM JAN 1 13 HIGHEST SLP 30.40 ON 10
DPTR FM NORMAL -48 LOWEST SLP 29.19 ON 27
[REMARKS]
#FINAL-09-20#