000
CXAK56 PAFG 012107
CF6FAI
PRELIMINARY LOCAL CLIMATOLOGICAL DATA (WS FORM: F-6)
STATION: FAIRBANKS AK
MONTH: NOVEMBER
YEAR: 2023
LATITUDE: 64 49 N
LONGITUDE: 147 52 W
TEMPERATURE IN F: :PCPN: SNOW: WIND :SUNSHINE: SKY :PK WND
================================================================================
1 2 3 4 5 6A 6B 7 8 9 10 11 12 13 14 15 16 17 18
12Z AVG MX 2MIN
DY MAX MIN AVG DEP HDD CDD WTR SNW DPTH SPD SPD DIR MIN PSBL S-S WX SPD DR
================================================================================
1 29 12 21 9 44 0 0.00 0.0 7 1.1 6 190 M M 6 6 200
2 26 14 20 8 45 0 T T 7 2.6 15 20 M M 8 1 18 30
3 27 22 25 14 40 0 T T 7 12.2 20 20 M M 8 23 20
4 23 20 22 12 43 0 T T 7 11.0 16 360 M M 9 20 360
5 25 19 22 13 43 0 T T 7 5.5 16 10 M M 10 1 20 10
6 20 19 20 11 45 0 T T 7 2.2 7 190 M M 10 1 9 200
7 20 5 13 5 52 0 0.05 0.8 7 3.1 10 50 M M 8 1 10 50
8 34 3 19 12 46 0 0.00 0.0 8 6.5 14 360 M M 8 17 360
9 39 21 30 23 35 0 0.08 1.0 9 7.8 16 350 M M 10 1 20 340
10 22 17 20 14 45 0 0.01 T 9 2.8 9 180 M M 10 1 12 190
11 18 14 16 10 49 0 T T 8 1.9 6 40 M M 10 1 8 230
12 20 8 14 9 51 0 T T 8 2.9 8 50 M M 8 1 10 50
13 29 18 24 20 41 0 0.30 4.2 8 2.7 8 20 M M 10 1 40 7
14 28 8 18 14 47 0 0.02 1.1 12 2.4 8 50 M M 8 1 10 210
15 30 13 22 19 43 0 T T 13 3.5 9 50 M M 8 1 13 40
16 28 8 18 15 47 0 T 0.2 12 2.4 16 210 M M 8 1 23 200
17 25 -8 9 7 56 0 0.05 1.2 12 5.4 15 230 M M 9 1 23 230
18 7 -10 -1 -3 66 0 0.01 0.4 12 1.2 7 270 M M 10 18 9 290
19 14 4 9 7 56 0 0.04 1.8 12 2.2 7 10 M M 10 1 8 40
20 15 -2 7 6 58 0 T T 14 4.3 13 30 M M 4 14 70
21 12 -7 3 2 62 0 0.00 0.0 13 4.6 17 20 M M 1 21 20
22 9 -6 2 1 63 0 0.00 0.0 13 0.3 7 40 M M 4 8 50
23 28 5 17 17 48 0 0.00 0.0 12 0.8 8 40 M M 8 9 50
24 19 8 14 14 51 0 0.00 0.0 12 1.8 8 20 M M 3 8 9 30
25 23 5 14 14 51 0 T T 12 1.2 8 40 M M 6 12 11 190
26 24 6 15 15 50 0 0.00 0.0 12 0.8 10 190 M M 8 14 180
27 24 5 15 15 50 0 0.01 0.3 12 2.3 15 200 M M 8 18 22 200
28 28 11 20 21 45 0 T T 12 3.7 12 20 M M 8 14 20
29 30 7 19 20 46 0 0.00 0.0 12 2.1 7 40 M M 8 8 8 130
30 21 7 14 15 51 0 0.00 0.0 12 1.9 8 30 M M 7 10 50
================================================================================
SM 697 246 1469 0 0.57 11.0 103.2 M 233
================================================================================
AV 23.2 8.2 3.4 FASTST M M 8 MAX(MPH)
MISC ----> 20 20 40 7
================================================================================
NOTES:
# LAST OF SEVERAL OCCURRENCES
COLUMN 17 PEAK WIND IN M.P.H.
PRELIMINARY LOCAL CLIMATOLOGICAL DATA (WS FORM: F-6) , PAGE 2
STATION: FAIRBANKS AK
MONTH: NOVEMBER
YEAR: 2023
LATITUDE: 64 49 N
LONGITUDE: 147 52 W
[TEMPERATURE DATA] [PRECIPITATION DATA] SYMBOLS USED IN COLUMN 16
AVERAGE MONTHLY: 15.7 TOTAL FOR MONTH: 0.57 1 = FOG OR MIST
DPTR FM NORMAL: 11.6 DPTR FM NORMAL: -0.17 2 = FOG REDUCING VISIBILITY
HIGHEST: 39 ON 9 GRTST 24HR 0.32 ON 13-14 TO 1/4 MILE OR LESS
LOWEST: -10 ON 18 3 = THUNDER
SNOW, ICE PELLETS, HAIL 4 = ICE PELLETS
TOTAL MONTH: 11.0 INCHES 5 = HAIL
GRTST 24HR 4.2 ON 13-13 6 = FREEZING RAIN OR DRIZZLE
GRTST DEPTH: 14 ON 20 7 = DUSTSTORM OR SANDSTORM:
VSBY 1/2 MILE OR LESS
8 = SMOKE OR HAZE
[NO. OF DAYS WITH] [WEATHER - DAYS WITH] 9 = BLOWING SNOW
X = TORNADO
MAX 32 OR BELOW: 28 0.01 INCH OR MORE: 9
MAX 90 OR ABOVE: 0 0.10 INCH OR MORE: 1
MIN 32 OR BELOW: 30 0.50 INCH OR MORE: 0
MIN 0 OR BELOW: 5 1.00 INCH OR MORE: 0
[HDD (BASE 65) ]
TOTAL THIS MO. 1469 CLEAR (SCALE 0-3) 2
DPTR FM NORMAL -358 PTCLDY (SCALE 4-7) 14
TOTAL FM JUL 1 3399 CLOUDY (SCALE 8-10) 14
DPTR FM NORMAL -560
[CDD (BASE 65) ]
TOTAL THIS MO. 0
DPTR FM NORMAL 0 [PRESSURE DATA]
TOTAL FM JAN 1 140 HIGHEST SLP 9999.00 ON M
DPTR FM NORMAL 72 LOWEST SLP 9999.00 ON M
[REMARKS]
#FINAL-11-23#