000
CXUS53 KFGF 010815
CF6FAR
PRELIMINARY LOCAL CLIMATOLOGICAL DATA (WS FORM: F-6)
STATION: FARGO HECTOR INTL AP ND
MONTH: SEPTEMBER
YEAR: 2022
LATITUDE: 46 54 N
LONGITUDE: 96 48 W
TEMPERATURE IN F: :PCPN: SNOW: WIND :SUNSHINE: SKY :PK WND
================================================================================
1 2 3 4 5 6A 6B 7 8 9 10 11 12 13 14 15 16 17 18
12Z AVG MX 2MIN
DY MAX MIN AVG DEP HDD CDD WTR SNW DPTH SPD SPD DIR MIN PSBL S-S WX SPD DR
================================================================================
1 87 58 73 8 0 8 0.00 0.0 0 9.2 16 150 M M 0 23 150
2 76 50 63 -2 2 0 0.00 0.0 0 10.7 24 360 M M 0 31 350
3 74 45 60 -5 5 0 0.00 0.0 0 3.8 12 40 M M 0 16 60
4 76 52 64 0 1 0 0.00 0.0 0 10.5 18 130 M M 0 26 160
5 80 59 70 6 0 5 0.00 0.0 0 17.4 29 150 M M 0 46 160
6 84 58 71 7 0 6 0.00 0.0 0 9.0 20 160 M M 0 31 170
7 86 50 68 4 0 3 0.00 0.0 0 9.5 18 160 M M 0 34 150
8 84 60 72 9 0 7 T 0.0 0 14.5 32 340 M M 1 40 340
9 69 46 58 -5 7 0 0.12 0.0 0 7.1 16 330 M M 3 1 24 340
10 71 43 57 -5 8 0 0.00 0.0 0 5.3 17 300 M M 1 22 320
11 76 38 57 -5 8 0 0.00 0.0 0 4.5 12 290 M M 0 17 180
12 80 46 63 1 2 0 0.00 0.0 0 7.3 15 210 M M 0 23 190
13 74 46 60 -1 5 0 0.00 0.0 0 8.9 15 20 M M 0 23 20
14 76 48 62 1 3 0 0.00 0.0 0 10.9 22 140 M M 0 33 160
15 82 59 71 11 0 6 T 0.0 0 11.0 22 140 M M 4 3 32 150
16 64 55 60 0 5 0 0.00 0.0 0 6.1 10 250 M M 10 12 15 240
17 68 48 58 -2 7 0 0.00 0.0 0 5.8 14 350 M M 7 12 19 360
18 80 47 64 5 1 0 0.00 0.0 0 6.4 18 270 M M 1 23 260
19 83 51 67 8 0 2 0.19 0.0 0 10.6 25 160 M M 1 1 41 140
20 77 52 65 7 0 0 0.00 0.0 0 9.7 21 340 M M 2 30 320
21 64 42 53 -5 12 0 0.00 0.0 0 12.5 26 330 M M 5 36 320
22 62 40 51 -7 14 0 0.00 0.0 0 7.5 14 140 M M 2 23 140
23 59 51 55 -2 10 0 0.17 0.0 0 12.9 24 170 M M 9 13 33 170
24 67 48 58 1 7 0 0.01 0.0 0 9.8 22 310 M M 7 1 28 300
25 68 43 56 0 9 0 0.00 0.0 0 15.1 29 320 M M 1 39 320
26 68 40 54 -2 11 0 0.00 0.0 0 4.5 14 300 M M 1 20 300
27 61 35 48 -7 17 0 0.00 0.0 0 6.6 14 40 M M 1 20 360
28 67 36 52 -3 13 0 0.00 0.0 0 12.3 22 150 M M 0 34 160
29 75 51 63 9 2 0 0.00 0.0 0 17.4 26 150 M M 0 40 170
30 72 55 64 10 1 0 0.01 0.0 0 10.0 20 150 M M 1 34 160
================================================================================
SM 2210 1452 150 37 0.50 0.0 286.8 M 57
================================================================================
AV 73.7 48.4 9.6 FASTST M M 2 MAX(MPH)
MISC ----> 32 340 46 160
================================================================================
NOTES:
# LAST OF SEVERAL OCCURRENCES
COLUMN 17 PEAK WIND IN M.P.H.
PRELIMINARY LOCAL CLIMATOLOGICAL DATA (WS FORM: F-6) , PAGE 2
STATION: FARGO HECTOR INTL AP ND
MONTH: SEPTEMBER
YEAR: 2022
LATITUDE: 46 54 N
LONGITUDE: 96 48 W
[TEMPERATURE DATA] [PRECIPITATION DATA] SYMBOLS USED IN COLUMN 16
AVERAGE MONTHLY: 61.0 TOTAL FOR MONTH: 0.50 1 = FOG OR MIST
DPTR FM NORMAL: 1.0 DPTR FM NORMAL: -2.18 2 = FOG REDUCING VISIBILITY
HIGHEST: 87 ON 1 GRTST 24HR 0.19 ON 19-19 TO 1/4 MILE OR LESS
LOWEST: 35 ON 27 3 = THUNDER
SNOW, ICE PELLETS, HAIL 4 = ICE PELLETS
TOTAL MONTH: 0.0 INCH 5 = HAIL
GRTST 24HR 0.0 6 = FREEZING RAIN OR DRIZZLE
GRTST DEPTH: 0 7 = DUSTSTORM OR SANDSTORM:
VSBY 1/2 MILE OR LESS
8 = SMOKE OR HAZE
[NO. OF DAYS WITH] [WEATHER - DAYS WITH] 9 = BLOWING SNOW
X = TORNADO
MAX 32 OR BELOW: 0 0.01 INCH OR MORE: 5
MAX 90 OR ABOVE: 0 0.10 INCH OR MORE: 3
MIN 32 OR BELOW: 0 0.50 INCH OR MORE: 0
MIN 0 OR BELOW: 0 1.00 INCH OR MORE: 0
[HDD (BASE 65) ]
TOTAL THIS MO. 150 CLEAR (SCALE 0-3) 24
DPTR FM NORMAL -48 PTCLDY (SCALE 4-7) 4
TOTAL FM JUL 1 167 CLOUDY (SCALE 8-10) 2
DPTR FM NORMAL -80
[CDD (BASE 65) ]
TOTAL THIS MO. 37
DPTR FM NORMAL -12 [PRESSURE DATA]
TOTAL FM JAN 1 562 HIGHEST SLP M ON M
DPTR FM NORMAL 24 LOWEST SLP 29.55 ON 8
[REMARKS]
#FINAL-09-22#