000
CXUS53 KFGF 011423
CF6FAR
PRELIMINARY LOCAL CLIMATOLOGICAL DATA (WS FORM: F-6)
STATION: FARGO HECTOR INTL AP ND
MONTH: AUGUST
YEAR: 2023
LATITUDE: 46 54 N
LONGITUDE: 96 48 W
TEMPERATURE IN F: :PCPN: SNOW: WIND :SUNSHINE: SKY :PK WND
================================================================================
1 2 3 4 5 6A 6B 7 8 9 10 11 12 13 14 15 16 17 18
12Z AVG MX 2MIN
DY MAX MIN AVG DEP HDD CDD WTR SNW DPTH SPD SPD DIR MIN PSBL S-S WX SPD DR
================================================================================
1 96 71 84 13 0 19 T 0.0 0 12.6 24 30 M M 3 3 33 160
2 92 67 80 9 0 15 0.00 0.0 0 3.4 12 210 M M 0 16 200
3 92 64 78 7 0 13 0.00 0.0 0 4.8 15 10 M M 0 21 40
4 83 56 70 0 0 5 0.00 0.0 0 4.6 10 60 M M 0 18 14 70
5 83 67 75 5 0 10 3.11 0.0 0 6.2 24 210 M M 3 138 31 210
6 82 62 72 2 0 7 0.05 0.0 0 9.5 21 350 M M 4 1 26 340
7 83 57 70 0 0 5 0.00 0.0 0 4.0 10 260 M M 0 13 250
8 88 61 75 5 0 10 T 0.0 0 10.1 23 250 M M 1 13 30 240
9 80 62 71 1 0 6 T 0.0 0 6.3 13 60 M M 4 1 17 20
10 71 58 65 -5 0 0 0.07 0.0 0 6.2 16 110 M M 7 3 23 100
11 82 56 69 -1 0 4 0.12 0.0 0 6.0 22 300 M M 3 1238 28 290
12 80 58 69 -1 0 4 0.00 0.0 0 8.1 16 290 M M 4 22 290
13 73 58 66 -4 0 1 0.63 0.0 0 6.9 16 350 M M 7 1 22 350
14 80 56 68 -1 0 3 0.00 0.0 0 5.3 9 330 M M 3 1 13 340
15 88 63 76 7 0 11 0.00 0.0 0 11.5 17 220 M M 0 23 210
16 83 62 73 4 0 8 T 0.0 0 13.7 25 290 M M 1 32 190
17 78 57 68 -1 0 3 0.00 0.0 0 10.7 20 330 M M 0 8 27 320
18 85 59 72 3 0 7 0.00 0.0 0 15.4 29 170 M M 0 41 170
19 91 59 75 7 0 10 0.00 0.0 0 12.3 24 310 M M 0 33 310
20 68 55 62 -6 3 0 0.00 0.0 0 8.6 14 20 M M 4 19 20
21 77 62 70 2 0 5 T 0.0 0 8.6 15 110 M M 10 21 80
22 89 70 80 12 0 15 0.00 0.0 0 7.8 16 340 M M 7 21 320
23 83 67 75 7 0 10 0.00 0.0 0 6.2 14 350 M M 9 1 19 350
24 85 69 77 9 0 12 T 0.0 0 4.6 13 340 M M 6 12 16 330
25 81 59 70 3 0 5 0.00 0.0 0 11.6 25 350 M M 3 3 35 350
26 76 56 66 -1 0 1 0.00 0.0 0 5.2 13 30 M M 5 1 17 20
27 83 59 71 4 0 6 T 0.0 0 10.6 20 200 M M 3 28 180
28 87 56 72 6 0 7 0.00 0.0 0 5.6 10 340 M M 2 8 20 10
29 80 59 70 4 0 5 0.00 0.0 0 8.9 20 350 M M 0 8 28 320
30 84 50 67 1 0 2 0.00 0.0 0 8.6 18 140 M M 1 128 29 140
31 86 70 78 12 0 13 0.02 0.0 0 18.0 31 180 M M 1 3 42 170
================================================================================
SM 2569 1885 3 222 4.00 0.0 261.9 M 91
================================================================================
AV 82.9 60.8 8.4 FASTST M M 3 MAX(MPH)
MISC ----> 31 180 42 170
================================================================================
NOTES:
# LAST OF SEVERAL OCCURRENCES
COLUMN 17 PEAK WIND IN M.P.H.
PRELIMINARY LOCAL CLIMATOLOGICAL DATA (WS FORM: F-6) , PAGE 2
STATION: FARGO HECTOR INTL AP ND
MONTH: AUGUST
YEAR: 2023
LATITUDE: 46 54 N
LONGITUDE: 96 48 W
[TEMPERATURE DATA] [PRECIPITATION DATA] SYMBOLS USED IN COLUMN 16
AVERAGE MONTHLY: 71.8 TOTAL FOR MONTH: 4.00 1 = FOG OR MIST
DPTR FM NORMAL: 3.0 DPTR FM NORMAL: 1.40 2 = FOG REDUCING VISIBILITY
HIGHEST: 96 ON 1 GRTST 24HR 3.16 ON 5- 6 TO 1/4 MILE OR LESS
LOWEST: 50 ON 30 3 = THUNDER
SNOW, ICE PELLETS, HAIL 4 = ICE PELLETS
TOTAL MONTH: 0.0 INCH 5 = HAIL
GRTST 24HR 0.0 6 = FREEZING RAIN OR DRIZZLE
GRTST DEPTH: 0 7 = DUSTSTORM OR SANDSTORM:
VSBY 1/2 MILE OR LESS
8 = SMOKE OR HAZE
[NO. OF DAYS WITH] [WEATHER - DAYS WITH] 9 = BLOWING SNOW
X = TORNADO
MAX 32 OR BELOW: 0 0.01 INCH OR MORE: 6
MAX 90 OR ABOVE: 4 0.10 INCH OR MORE: 3
MIN 32 OR BELOW: 0 0.50 INCH OR MORE: 2
MIN 0 OR BELOW: 0 1.00 INCH OR MORE: 1
[HDD (BASE 65) ]
TOTAL THIS MO. 3 CLEAR (SCALE 0-3) 19
DPTR FM NORMAL -29 PTCLDY (SCALE 4-7) 10
TOTAL FM JUL 1 14 CLOUDY (SCALE 8-10) 2
DPTR FM NORMAL -34
[CDD (BASE 65) ]
TOTAL THIS MO. 222
DPTR FM NORMAL 74 [PRESSURE DATA]
TOTAL FM JAN 1 841 HIGHEST SLP 30.33 ON 20
DPTR FM NORMAL 352 LOWEST SLP 29.49 ON 16
[REMARKS]
#FINAL-08-23#