000
CXUS56 KHNX 100618
CF6FAT
PRELIMINARY LOCAL CLIMATOLOGICAL DATA (WS FORM: F-6)
STATION: FRESNO CA
MONTH: MAY
YEAR: 2023
LATITUDE: 36 46 N
LONGITUDE: 119 43 W
TEMPERATURE IN F: :PCPN: SNOW: WIND :SUNSHINE: SKY :PK WND
================================================================================
1 2 3 4 5 6A 6B 7 8 9 10 11 12 13 14 15 16 17 18
12Z AVG MX 2MIN
DY MAX MIN AVG DEP HDD CDD WTR SNW DPTH SPD SPD DIR MIN PSBL S-S WX SPD DR
================================================================================
1 69 50 60 -6 5 0 T 0.0 0 11.1 20 290 M M 7 27 270
2 68 53 61 -5 4 0 T 0.0 0 10.0 18 200 M M 8 25 160
3 66 50 58 -9 7 0 0.02 0.0 0 8.3 15 280 M M 8 19 240
4 65 50 58 -9 7 0 0.33 0.0 0 6.5 20 280 M M 9 1 22 270
5 69 52 61 -6 4 0 0.00 0.0 0 6.4 17 300 M M 8 20 300
6 71 53 62 -6 3 0 T 0.0 0 9.6 15 310 M M 8 19 340
7 76 50 63 -5 2 0 0.00 0.0 0 6.8 16 310 M M 4 20 320
8 76 52 64 -4 1 0 0.00 0.0 0 11.1 18 300 M M 4 23 290
9 75 52 64 -4 1 0 0.00 0.0 0 10.4 21 310 M M 6 24 310
10 76 52 64 -5 1 0 0.00 0.0 0 8.8 17 300 M M 2 21 310
11 79 51 65 -4 0 0 0.00 0.0 0 9.9 16 300 M M 1 20 310
12 86 57 72 3 0 7 0.00 0.0 0 7.6 14 290 M M 2 M M
13 93 63 78 8 0 13 0.00 0.0 0 5.3 9 300 M M 1 M M
14 99 67 83 13 0 18 0.00 0.0 0 8.7 18 210 M M 2 27 210
15 97 65 81 11 0 16 0.00 0.0 0 7.3 17 310 M M 3 21 300
16 95 64 80 10 0 15 0.00 0.0 0 8.3 17 310 M M 5 21 300
17 97 68 83 13 0 18 0.00 0.0 0 7.8 21 310 M M 2 25 310
18 97 65 81 10 0 16 0.00 0.0 0 9.2 18 320 M M 1 22 290
19 94 64 79 8 0 14 0.00 0.0 0 8.7 17 310 M M 2 21 310
20 92 63 78 7 0 13 0.00 0.0 0 8.7 17 320 M M 4 22 310
21 94 62 78 7 0 13 0.00 0.0 0 8.0 14 310 M M 3 17 310
22 97 68 83 11 0 18 0.00 0.0 0 6.9 15 310 M M 3 18 310
23 90 61 76 4 0 11 T 0.0 0 8.3 18 300 M M 3 22 290
24 82 56 69 -3 0 4 0.00 0.0 0 7.6 15 310 M M 2 19 310
25 82 56 69 -3 0 4 0.00 0.0 0 6.9 17 300 M M 2 20 300
26 81 56 69 -4 0 4 0.00 0.0 0 8.4 15 320 M M 3 19 320
27 86 59 73 0 0 8 0.00 0.0 0 8.2 14 300 M M 2 17 310
28 85 61 73 0 0 8 0.00 0.0 0 9.8 17 300 M M 6 23 310
29 84 61 73 0 0 8 T 0.0 0 8.7 20 330 M M 7 25 330
30 80 60 70 -4 0 5 T 0.0 0 9.5 15 310 M M 7 18 310
31 84 56 70 -4 0 5 0.00 0.0 0 8.8 17 310 M M 4 22 320
================================================================================
SM 2585 1797 35 218 0.35 0.0 261.6 M 129
================================================================================
AV 83.4 58.0 8.4 FASTST M M 4 MAX(MPH)
MISC ----> # 21 310 27 270
================================================================================
NOTES:
# LAST OF SEVERAL OCCURRENCES
COLUMN 17 PEAK WIND IN M.P.H.
PRELIMINARY LOCAL CLIMATOLOGICAL DATA (WS FORM: F-6) , PAGE 2
STATION: FRESNO CA
MONTH: MAY
YEAR: 2023
LATITUDE: 36 46 N
LONGITUDE: 119 43 W
[TEMPERATURE DATA] [PRECIPITATION DATA] SYMBOLS USED IN COLUMN 16
AVERAGE MONTHLY: 70.7 TOTAL FOR MONTH: 0.35 1 = FOG OR MIST
DPTR FM NORMAL: 0.5 DPTR FM NORMAL: -0.07 2 = FOG REDUCING VISIBILITY
HIGHEST: 99 ON 14 GRTST 24HR 0.33 ON 4- 4 TO 1/4 MILE OR LESS
LOWEST: 50 ON 1, 7 3 = THUNDER
SNOW, ICE PELLETS, HAIL 4 = ICE PELLETS
TOTAL MONTH: 0.0 INCH 5 = HAIL
GRTST 24HR 0.0 6 = FREEZING RAIN OR DRIZZLE
GRTST DEPTH: 0 7 = DUSTSTORM OR SANDSTORM:
VSBY 1/2 MILE OR LESS
8 = SMOKE OR HAZE
[NO. OF DAYS WITH] [WEATHER - DAYS WITH] 9 = BLOWING SNOW
X = TORNADO
MAX 32 OR BELOW: 0 0.01 INCH OR MORE: 2
MAX 90 OR ABOVE: 11 0.10 INCH OR MORE: 1
MIN 32 OR BELOW: 0 0.50 INCH OR MORE: 0
MIN 0 OR BELOW: 0 1.00 INCH OR MORE: 0
[HDD (BASE 65) ]
TOTAL THIS MO. 35 CLEAR (SCALE 0-3) 13
DPTR FM NORMAL 3 PTCLDY (SCALE 4-7) 15
TOTAL FM JUL 1 2378 CLOUDY (SCALE 8-10) 3
DPTR FM NORMAL 196
[CDD (BASE 65) ]
TOTAL THIS MO. 218
DPTR FM NORMAL 27 [PRESSURE DATA]
TOTAL FM JAN 1 310 HIGHEST SLP 30.11 ON 7
DPTR FM NORMAL 65 LOWEST SLP 29.73 ON 23
[REMARKS]
#FINAL-05-23#