000
CXUS56 KHNX 011546
CF6FAT
PRELIMINARY LOCAL CLIMATOLOGICAL DATA (WS FORM: F-6)
STATION: FRESNO CA
MONTH: DECEMBER
YEAR: 2022
LATITUDE: 36 46 N
LONGITUDE: 119 43 W
TEMPERATURE IN F: :PCPN: SNOW: WIND :SUNSHINE: SKY :PK WND
================================================================================
1 2 3 4 5 6A 6B 7 8 9 10 11 12 13 14 15 16 17 18
12Z AVG MX 2MIN
DY MAX MIN AVG DEP HDD CDD WTR SNW DPTH SPD SPD DIR MIN PSBL S-S WX SPD DR
================================================================================
1 55 44 50 0 15 0 0.64 0.0 0 9.1 31 320 M M 10 1 40 320
2 52 38 45 -5 20 0 0.00 0.0 0 3.8 10 290 M M 8 8 18 270
3 57 46 52 3 13 0 0.78 0.0 0 6.6 14 90 M M 10 1 17 90
4 63 52 58 9 7 0 0.27 0.0 0 4.8 14 330 M M 9 1 18 90
5 62 45 54 5 11 0 0.00 0.0 0 3.4 10 330 M M 6 13 330
6 59 41 50 1 15 0 0.00 0.0 0 3.2 10 300 M M 6 17 10
7 56 42 49 1 16 0 0.00 0.0 0 2.9 8 160 M M 7 18 13 80
8 56 39 48 0 17 0 0.00 0.0 0 2.6 7 80 M M 5 18 9 120
9 58 42 50 2 15 0 0.00 0.0 0 4.6 10 160 M M 6 1 15 150
10 62 48 55 7 10 0 0.86 0.0 0 14.1 26 130 M M 10 1 33 170
11 55 45 50 2 15 0 0.02 0.0 0 8.9 22 140 M M 8 25 140
12 54 41 48 0 17 0 0.02 0.0 0 8.0 18 290 M M 6 1 23 310
13 52 36 44 -4 21 0 0.00 0.0 0 2.7 10 130 M M 2 1 11 140
14 55 36 46 -1 19 0 0.00 0.0 0 2.9 8 280 M M 4 1 11 360
15 54 35 45 -2 20 0 0.00 0.0 0 1.8 6 280 M M 5 18 10 240
16 58 34 46 -1 19 0 0.00 0.0 0 2.3 7 260 M M 4 18 9 280
17 53 32 43 -4 22 0 0.00 0.0 0 2.5 9 170 M M 5 128 14 240
18 41 38 40 -7 25 0 0.00 0.0 0 2.3 8 210 M M 10 12 10 210
19 46 37 42 -5 23 0 0.00 0.0 0 4.1 10 280 M M 9 18 13 250
20 47 37 42 -5 23 0 0.00 0.0 0 3.6 9 190 M M 8 128 13 200
21 41 37 39 -8 26 0 0.00 0.0 0 3.7 8 120 M M 10 1 12 130
22 47 37 42 -5 23 0 0.00 0.0 0 3.6 10 210 M M 8 18 14 230
23 49 37 43 -4 22 0 0.00 0.0 0 2.3 8 250 M M 7 128 10 230
24 49 35 42 -5 23 0 0.00 0.0 0 3.0 8 120 M M 10 128 10 160
25 48 38 43 -4 22 0 0.00 0.0 0 3.7 12 130 M M 10 128 14 120
26 49 39 44 -3 21 0 0.02 0.0 0 4.6 22 230 M M 10 12 26 240
27 55 46 51 4 14 0 1.18 0.0 0 9.3 25 140 M M 10 1 32 140
28 57 46 52 5 13 0 0.00 0.0 0 3.9 14 330 M M 9 12 15 330
29 52 48 50 3 15 0 0.24 0.0 0 5.1 12 80 M M 10 1 15 90
30 59 50 55 8 10 0 0.13 0.0 0 8.1 15 130 M M 10 1 18 130
31 60 50 55 8 10 0 0.43 0.0 0 15.3 29 140 M M 10 1 34 140
================================================================================
SM 1661 1271 542 0 4.59 0.0 156.8 M 242
================================================================================
AV 53.6 41.0 5.1 FASTST M M 8 MAX(MPH)
MISC ----> 31 320 40 320
================================================================================
NOTES:
# LAST OF SEVERAL OCCURRENCES
COLUMN 17 PEAK WIND IN M.P.H.
PRELIMINARY LOCAL CLIMATOLOGICAL DATA (WS FORM: F-6) , PAGE 2
STATION: FRESNO CA
MONTH: DECEMBER
YEAR: 2022
LATITUDE: 36 46 N
LONGITUDE: 119 43 W
[TEMPERATURE DATA] [PRECIPITATION DATA] SYMBOLS USED IN COLUMN 16
AVERAGE MONTHLY: 47.3 TOTAL FOR MONTH: 4.59 1 = FOG OR MIST
DPTR FM NORMAL: -0.2 DPTR FM NORMAL: 2.80 2 = FOG REDUCING VISIBILITY
HIGHEST: 63 ON 4 GRTST 24HR 1.18 ON 27-27 TO 1/4 MILE OR LESS
LOWEST: 32 ON 17 3 = THUNDER
SNOW, ICE PELLETS, HAIL 4 = ICE PELLETS
TOTAL MONTH: 0.0 INCH 5 = HAIL
GRTST 24HR 0.0 6 = FREEZING RAIN OR DRIZZLE
GRTST DEPTH: 0 7 = DUSTSTORM OR SANDSTORM:
VSBY 1/2 MILE OR LESS
8 = SMOKE OR HAZE
[NO. OF DAYS WITH] [WEATHER - DAYS WITH] 9 = BLOWING SNOW
X = TORNADO
MAX 32 OR BELOW: 0 0.01 INCH OR MORE: 11
MAX 90 OR ABOVE: 0 0.10 INCH OR MORE: 8
MIN 32 OR BELOW: 1 0.50 INCH OR MORE: 4
MIN 0 OR BELOW: 0 1.00 INCH OR MORE: 1
[HDD (BASE 65) ]
TOTAL THIS MO. 542 CLEAR (SCALE 0-3) 1
DPTR FM NORMAL 1 PTCLDY (SCALE 4-7) 15
TOTAL FM JUL 1 955 CLOUDY (SCALE 8-10) 15
DPTR FM NORMAL 61
[CDD (BASE 65) ]
TOTAL THIS MO. 0
DPTR FM NORMAL 0 [PRESSURE DATA]
TOTAL FM JAN 1 2905 HIGHEST SLP 30.49 ON 24
DPTR FM NORMAL 697 LOWEST SLP 29.59 ON 31
[REMARKS]
#FINAL-12-22#