000
CXUS56 KHNX 011201
CF6FAT
PRELIMINARY LOCAL CLIMATOLOGICAL DATA (WS FORM: F-6)
STATION: FRESNO CA
MONTH: AUGUST
YEAR: 2022
LATITUDE: 36 46 N
LONGITUDE: 119 43 W
TEMPERATURE IN F: :PCPN: SNOW: WIND :SUNSHINE: SKY :PK WND
================================================================================
1 2 3 4 5 6A 6B 7 8 9 10 11 12 13 14 15 16 17 18
12Z AVG MX 2MIN
DY MAX MIN AVG DEP HDD CDD WTR SNW DPTH SPD SPD DIR MIN PSBL S-S WX SPD DR
================================================================================
1 98 77 88 4 0 23 0.00 0.0 0 9.3 18 310 M M 7 8 22 300
2 101 74 88 4 0 23 0.00 0.0 0 6.9 17 300 M M 6 23 320
3 104 76 90 6 0 25 0.00 0.0 0 7.9 13 310 M M 4 M M
4 107 80 94 10 0 29 0.00 0.0 0 6.7 17 300 M M 5 21 310
5 92 71 82 -1 0 17 0.05 0.0 0 5.8 16 310 M M 9 19 310
6 96 68 82 -1 0 17 0.00 0.0 0 9.2 16 310 M M 3 21 290
7 99 68 84 1 0 19 0.00 0.0 0 9.6 15 300 M M 1 20 320
8 98 70 84 1 0 19 0.00 0.0 0 9.5 15 300 M M 3 22 300
9 99 72 86 3 0 21 0.00 0.0 0 9.3 21 310 M M 4 25 310
10 95 67 81 -2 0 16 0.00 0.0 0 9.4 18 310 M M 3 23 310
11 99 69 84 1 0 19 0.00 0.0 0 8.4 18 300 M M 3 21 300
12 101 68 85 2 0 20 0.00 0.0 0 8.4 16 320 M M 1 22 320
13 101 67 84 1 0 19 0.00 0.0 0 7.1 15 310 M M 1 18 300
14 101 69 85 3 0 20 0.00 0.0 0 6.6 16 310 M M 2 21 290
15 104 70 87 5 0 22 0.00 0.0 0 6.6 15 310 M M 1 8 19 310
16 107 73 90 8 0 25 0.00 0.0 0 6.1 13 300 M M 3 16 310
17 105 80 93 11 0 28 0.00 0.0 0 7.7 18 310 M M 7 23 320
18 105 72 89 7 0 24 0.00 0.0 0 6.9 17 310 M M 2 23 310
19 107 74 91 9 0 26 0.00 0.0 0 7.3 17 320 M M 2 22 310
20 107 73 90 8 0 25 0.00 0.0 0 5.6 12 300 M M 1 15 300
21 105 73 89 7 0 24 0.00 0.0 0 7.6 17 310 M M 1 22 310
22 100 71 86 4 0 21 0.00 0.0 0 8.2 17 310 M M 1 22 310
23 103 72 88 6 0 23 0.00 0.0 0 4.6 12 320 M M 1 14 280
24 106 74 90 9 0 25 0.00 0.0 0 6.1 14 300 M M 1 18 310
25 105 74 90 9 0 25 0.00 0.0 0 7.4 14 310 M M 1 18 310
26 102 69 86 5 0 21 0.00 0.0 0 6.9 15 330 M M 1 19 330
27 101 71 86 5 0 21 0.00 0.0 0 7.4 16 310 M M 1 19 310
28 98 69 84 3 0 19 0.00 0.0 0 6.9 14 310 M M 1 17 320
29 100 69 85 4 0 20 0.00 0.0 0 6.8 15 310 M M 1 20 320
30 103 71 87 6 0 22 0.00 0.0 0 6.6 15 310 M M 1 18 320
31 103 70 87 7 0 22 0.00 0.0 0 6.8 14 310 M M 0 16 300
================================================================================
SM 3152 2221 0 680 0.05 0.0 229.6 M 78
================================================================================
AV101.7 71.6 7.4 FASTST M M 3 MAX(MPH)
MISC ----> 21 310 25 310
================================================================================
NOTES:
# LAST OF SEVERAL OCCURRENCES
COLUMN 17 PEAK WIND IN M.P.H.
PRELIMINARY LOCAL CLIMATOLOGICAL DATA (WS FORM: F-6) , PAGE 2
STATION: FRESNO CA
MONTH: AUGUST
YEAR: 2022
LATITUDE: 36 46 N
LONGITUDE: 119 43 W
[TEMPERATURE DATA] [PRECIPITATION DATA] SYMBOLS USED IN COLUMN 16
AVERAGE MONTHLY: 86.7 TOTAL FOR MONTH: 0.05 1 = FOG OR MIST
DPTR FM NORMAL: 4.5 DPTR FM NORMAL: 0.05 2 = FOG REDUCING VISIBILITY
HIGHEST: 107 ON 20,19 GRTST 24HR 0.05 ON 5- 5 TO 1/4 MILE OR LESS
LOWEST: 67 ON 13,10 3 = THUNDER
SNOW, ICE PELLETS, HAIL 4 = ICE PELLETS
TOTAL MONTH: 0.0 INCH 5 = HAIL
GRTST 24HR 0.0 6 = FREEZING RAIN OR DRIZZLE
GRTST DEPTH: 0 7 = DUSTSTORM OR SANDSTORM:
VSBY 1/2 MILE OR LESS
8 = SMOKE OR HAZE
[NO. OF DAYS WITH] [WEATHER - DAYS WITH] 9 = BLOWING SNOW
X = TORNADO
MAX 32 OR BELOW: 0 0.01 INCH OR MORE: 1
MAX 90 OR ABOVE: 31 0.10 INCH OR MORE: 0
MIN 32 OR BELOW: 0 0.50 INCH OR MORE: 0
MIN 0 OR BELOW: 0 1.00 INCH OR MORE: 0
[HDD (BASE 65) ]
TOTAL THIS MO. 0 CLEAR (SCALE 0-3) 21
DPTR FM NORMAL 0 PTCLDY (SCALE 4-7) 9
TOTAL FM JUL 1 0 CLOUDY (SCALE 8-10) 1
DPTR FM NORMAL 0
[CDD (BASE 65) ]
TOTAL THIS MO. 680
DPTR FM NORMAL 147 [PRESSURE DATA]
TOTAL FM JAN 1 2159 HIGHEST SLP 30.06 ON 10
DPTR FM NORMAL 426 LOWEST SLP 29.65 ON 27
[REMARKS]
#FINAL-08-22#