000
CXUS56 KHNX 021519
CF6FAT
PRELIMINARY LOCAL CLIMATOLOGICAL DATA (WS FORM: F-6)
STATION: FRESNO CA
MONTH: APRIL
YEAR: 2022
LATITUDE: 36 46 N
LONGITUDE: 119 43 W
TEMPERATURE IN F: :PCPN: SNOW: WIND :SUNSHINE: SKY :PK WND
================================================================================
1 2 3 4 5 6A 6B 7 8 9 10 11 12 13 14 15 16 17 18
12Z AVG MX 2MIN
DY MAX MIN AVG DEP HDD CDD WTR SNW DPTH SPD SPD DIR MIN PSBL S-S WX SPD DR
================================================================================
1 78 52 65 6 0 0 0.00 0.0 0 3.8 13 320 M M 2 18 16 300
2 81 53 67 7 0 2 0.00 0.0 0 4.9 15 300 M M 6 8 20 300
3 83 57 70 10 0 5 0.00 0.0 0 7.5 18 290 M M 6 22 300
4 77 52 65 5 0 0 0.00 0.0 0 10.5 20 310 M M 4 24 310
5 76 55 66 6 0 1 0.00 0.0 0 10.4 20 300 M M 1 23 300
6 83 51 67 7 0 2 0.00 0.0 0 4.0 14 150 M M 1 19 150
7 94 58 76 16 0 11 0.00 0.0 0 4.0 10 330 M M 2 14 310
8 96 60 78 18 0 13 0.00 0.0 0 6.3 17 310 M M 4 22 310
9 80 58 69 8 0 4 0.00 0.0 0 13.3 21 300 M M 4 27 310
10 73 49 61 0 4 0 0.00 0.0 0 8.3 18 310 M M 6 24 320
11 62 47 55 -6 10 0 T 0.0 0 11.7 25 290 M M 5 32 290
12 64 40 52 -9 13 0 0.00 0.0 0 14.6 24 300 M M 1 35 300
13 67 42 55 -7 10 0 0.00 0.0 0 9.4 17 330 M M 4 21 320
14 70 47 59 -3 6 0 0.00 0.0 0 8.9 18 310 M M 6 23 320
15 76 51 64 2 1 0 0.00 0.0 0 7.0 16 310 M M 5 20 290
16 73 55 64 2 1 0 0.09 0.0 0 8.8 24 120 M M 7 30 120
17 78 49 64 2 1 0 0.00 0.0 0 4.8 12 290 M M 2 15 240
18 80 49 65 2 0 0 0.00 0.0 0 7.8 16 310 M M 7 21 310
19 74 54 64 1 1 0 0.00 0.0 0 11.2 22 320 M M 7 28 310
20 75 51 63 0 2 0 0.00 0.0 0 6.6 15 340 M M 4 19 310
21 67 51 59 -4 6 0 0.16 0.0 0 9.0 23 130 M M 8 3 26 130
22 68 50 59 -5 6 0 0.05 0.0 0 9.9 21 290 M M 7 28 300
23 74 47 61 -3 4 0 0.00 0.0 0 5.6 15 320 M M 3 21 260
24 81 53 67 3 0 2 0.00 0.0 0 3.0 12 290 M M 1 14 270
25 87 66 77 13 0 12 0.00 0.0 0 4.3 17 310 M M 3 21 310
26 79 56 68 3 0 3 0.00 0.0 0 10.1 16 310 M M 5 20 320
27 80 50 65 0 0 0 0.00 0.0 0 8.3 18 310 M M 5 8 22 320
28 73 50 62 -3 3 0 0.00 0.0 0 15.4 23 320 M M 2 28 310
29 78 48 63 -3 2 0 0.00 0.0 0 5.9 14 300 M M 2 18 290
30 84 54 69 3 0 4 0.00 0.0 0 8.2 22 320 M M 1 29 310
================================================================================
SM 2311 1555 70 59 0.30 0.0 243.5 M 121
================================================================================
AV 77.0 51.8 8.1 FASTST M M 4 MAX(MPH)
MISC ----> 25 290 35 300
================================================================================
NOTES:
# LAST OF SEVERAL OCCURRENCES
COLUMN 17 PEAK WIND IN M.P.H.
PRELIMINARY LOCAL CLIMATOLOGICAL DATA (WS FORM: F-6) , PAGE 2
STATION: FRESNO CA
MONTH: APRIL
YEAR: 2022
LATITUDE: 36 46 N
LONGITUDE: 119 43 W
[TEMPERATURE DATA] [PRECIPITATION DATA] SYMBOLS USED IN COLUMN 16
AVERAGE MONTHLY: 64.4 TOTAL FOR MONTH: 0.30 1 = FOG OR MIST
DPTR FM NORMAL: 2.1 DPTR FM NORMAL: -0.74 2 = FOG REDUCING VISIBILITY
HIGHEST: 96 ON 8 GRTST 24HR 0.21 ON 21-22 TO 1/4 MILE OR LESS
LOWEST: 40 ON 12 3 = THUNDER
SNOW, ICE PELLETS, HAIL 4 = ICE PELLETS
TOTAL MONTH: 0.0 INCH 5 = HAIL
GRTST 24HR 0.0 6 = FREEZING RAIN OR DRIZZLE
GRTST DEPTH: 0 7 = DUSTSTORM OR SANDSTORM:
VSBY 1/2 MILE OR LESS
8 = SMOKE OR HAZE
[NO. OF DAYS WITH] [WEATHER - DAYS WITH] 9 = BLOWING SNOW
X = TORNADO
MAX 32 OR BELOW: 0 0.01 INCH OR MORE: 3
MAX 90 OR ABOVE: 2 0.10 INCH OR MORE: 1
MIN 32 OR BELOW: 0 0.50 INCH OR MORE: 0
MIN 0 OR BELOW: 0 1.00 INCH OR MORE: 0
[HDD (BASE 65) ]
TOTAL THIS MO. 70 CLEAR (SCALE 0-3) 11
DPTR FM NORMAL -59 PTCLDY (SCALE 4-7) 19
TOTAL FM JUL 1 1814 CLOUDY (SCALE 8-10) 0
DPTR FM NORMAL -339
[CDD (BASE 65) ]
TOTAL THIS MO. 59
DPTR FM NORMAL 11 [PRESSURE DATA]
TOTAL FM JAN 1 98 HIGHEST SLP 30.14 ON 29
DPTR FM NORMAL 44 LOWEST SLP 29.82 ON 30
[REMARKS]
#FINAL-04-22#