000
CXUS56 KHNX 020643
CF6FAT
PRELIMINARY LOCAL CLIMATOLOGICAL DATA (WS FORM: F-6)
STATION: FRESNO CA
MONTH: MAY
YEAR: 2021
LATITUDE: 36 46 N
LONGITUDE: 119 43 W
TEMPERATURE IN F: :PCPN: SNOW: WIND :SUNSHINE: SKY :PK WND
================================================================================
1 2 3 4 5 6A 6B 7 8 9 10 11 12 13 14 15 16 17 18
12Z AVG MX 2MIN
DY MAX MIN AVG DEP HDD CDD WTR SNW DPTH SPD SPD DIR MIN PSBL S-S WX SPD DR
================================================================================
1 87 59 73 7 0 8 0.00 0.0 0 12.7 23 310 M M 4 29 300
2 84 52 68 2 0 3 0.00 0.0 0 12.7 24 290 M M 1 37 290
3 86 58 72 5 0 7 0.00 0.0 0 5.1 13 290 M M 1 17 290
4 92 62 77 10 0 12 0.00 0.0 0 5.4 12 320 M M 1 19 10
5 98 64 81 14 0 16 0.00 0.0 0 5.5 17 300 M M 1 21 300
6 91 66 79 11 0 14 0.00 0.0 0 12.7 23 310 M M 2 28 290
7 82 58 70 2 0 5 0.00 0.0 0 10.8 20 310 M M 2 26 290
8 85 57 71 3 0 6 0.00 0.0 0 5.8 14 310 M M 1 18 310
9 88 60 74 6 0 9 0.00 0.0 0 7.6 17 310 M M 3 23 310
10 90 60 75 6 0 10 0.00 0.0 0 7.1 14 300 M M 1 19 290
11 94 62 78 9 0 13 0.00 0.0 0 5.2 15 320 M M 1 19 310
12 98 63 81 12 0 16 0.00 0.0 0 6.2 15 300 M M 1 18 310
13 96 64 80 10 0 15 0.00 0.0 0 8.0 20 310 M M 4 23 300
14 94 62 78 8 0 13 0.00 0.0 0 6.6 18 310 M M 4 24 310
15 79 53 66 -4 0 1 0.00 0.0 0 9.7 16 310 M M 3 21 300
16 81 56 69 -1 0 4 0.00 0.0 0 4.7 14 300 M M 5 15 290
17 85 58 72 2 0 7 0.00 0.0 0 8.2 16 300 M M 3 19 320
18 88 58 73 2 0 8 0.00 0.0 0 10.4 21 310 M M 1 26 310
19 83 57 70 -1 0 5 0.00 0.0 0 12.6 24 300 M M 2 29 300
20 72 50 61 -10 4 0 0.00 0.0 0 16.8 25 300 M M 1 37 300
21 74 51 63 -8 2 0 0.00 0.0 0 9.4 24 320 M M 4 31 270
22 77 52 65 -7 0 0 0.00 0.0 0 7.2 20 300 M M 5 26 290
23 81 55 68 -4 0 3 0.00 0.0 0 7.5 17 290 M M 2 21 310
24 89 57 73 1 0 8 0.00 0.0 0 7.8 16 320 M M 2 25 290
25 89 64 77 5 0 12 0.00 0.0 0 13.0 22 300 M M 3 27 310
26 90 59 75 2 0 10 0.00 0.0 0 9.1 17 300 M M 2 23 320
27 90 61 76 3 0 11 0.00 0.0 0 10.4 18 310 M M 2 23 280
28 90 60 75 2 0 10 0.00 0.0 0 8.1 16 310 M M 2 21 300
29 90 62 76 3 0 11 0.00 0.0 0 9.3 16 300 M M 5 20 290
30 93 60 77 3 0 12 0.00 0.0 0 5.5 14 300 M M 2 17 250
31 101 71 86 12 0 21 0.00 0.0 0 6.2 16 310 M M 2 19 300
================================================================================
SM 2717 1831 6 270 0.00 0.0 267.3 M 73
================================================================================
AV 87.6 59.1 8.6 FASTST M M 2 MAX(MPH)
MISC ----> 25 300 # 37 290
================================================================================
NOTES:
# LAST OF SEVERAL OCCURRENCES
COLUMN 17 PEAK WIND IN M.P.H.
PRELIMINARY LOCAL CLIMATOLOGICAL DATA (WS FORM: F-6) , PAGE 2
STATION: FRESNO CA
MONTH: MAY
YEAR: 2021
LATITUDE: 36 46 N
LONGITUDE: 119 43 W
[TEMPERATURE DATA] [PRECIPITATION DATA] SYMBOLS USED IN COLUMN 16
AVERAGE MONTHLY: 73.4 TOTAL FOR MONTH: 0.00 1 = FOG OR MIST
DPTR FM NORMAL: 3.2 DPTR FM NORMAL: -0.42 2 = FOG REDUCING VISIBILITY
HIGHEST: 101 ON 31 GRTST 24HR 0.00 ON 1- 1 TO 1/4 MILE OR LESS
LOWEST: 50 ON 20 3 = THUNDER
SNOW, ICE PELLETS, HAIL 4 = ICE PELLETS
TOTAL MONTH: 0.0 INCH 5 = HAIL
GRTST 24HR 0.0 6 = FREEZING RAIN OR DRIZZLE
GRTST DEPTH: 0 7 = DUSTSTORM OR SANDSTORM:
VSBY 1/2 MILE OR LESS
8 = SMOKE OR HAZE
[NO. OF DAYS WITH] [WEATHER - DAYS WITH] 9 = BLOWING SNOW
X = TORNADO
MAX 32 OR BELOW: 0 0.01 INCH OR MORE: 0
MAX 90 OR ABOVE: 14 0.10 INCH OR MORE: 0
MIN 32 OR BELOW: 0 0.50 INCH OR MORE: 0
MIN 0 OR BELOW: 0 1.00 INCH OR MORE: 0
[HDD (BASE 65) ]
TOTAL THIS MO. 6 CLEAR (SCALE 0-3) 24
DPTR FM NORMAL -26 PTCLDY (SCALE 4-7) 7
TOTAL FM JUL 1 1850 CLOUDY (SCALE 8-10) 0
DPTR FM NORMAL -332
[CDD (BASE 65) ]
TOTAL THIS MO. 270
DPTR FM NORMAL 79 [PRESSURE DATA]
TOTAL FM JAN 1 347 HIGHEST SLP 30.11 ON 24
DPTR FM NORMAL 102 LOWEST SLP 29.74 ON 14
[REMARKS]
#FINAL-05-21#