693
CXUS56 KHNX 011146
CF6FAT
PRELIMINARY LOCAL CLIMATOLOGICAL DATA (WS FORM: F-6)
STATION: FRESNO CA
MONTH: SEPTEMBER
YEAR: 2020
LATITUDE: 36 46 N
LONGITUDE: 119 43 W
TEMPERATURE IN F: :PCPN: SNOW: WIND :SUNSHINE: SKY :PK WND
================================================================================
1 2 3 4 5 6A 6B 7 8 9 10 11 12 13 14 15 16 17 18
12Z AVG MX 2MIN
DY MAX MIN AVG DEP HDD CDD WTR SNW DPTH SPD SPD DIR MIN PSBL S-S WX SPD DR
================================================================================
1 97 70 84 5 0 19 0.00 0.0 0 5.8 13 300 M M 0 8 15 300
2 95 67 81 2 0 16 0.00 0.0 0 7.6 14 310 M M 0 8 17 310
3 95 67 81 2 0 16 0.00 0.0 0 5.1 12 280 M M 2 8 14 320
4 98 70 84 5 0 19 0.00 0.0 0 4.4 12 300 M M 4 8 14 300
5 105 75 90 11 0 25 0.00 0.0 0 5.9 12 330 M M 7 8 15 330
6 103 75 89 11 0 24 0.00 0.0 0 4.0 9 120 M M 8 8 13 80
7 106 77 92 14 0 27 0.00 0.0 0 4.9 10 320 M M 3 8 16 20
8 98 76 87 9 0 22 0.00 0.0 0 6.2 15 300 M M 4 8 23 320
9 91 72 82 4 0 17 0.00 0.0 0 3.2 14 170 M M 9 8 19 170
10 86 66 76 -2 0 11 0.00 0.0 0 3.6 12 300 M M 9 8 14 300
11 81 62 72 -6 0 7 0.00 0.0 0 2.6 6 330 M M 10 8 10 360
12 85 61 73 -4 0 8 0.00 0.0 0 2.8 7 40 M M 9 8 10 10
13 90 63 77 0 0 12 0.00 0.0 0 3.0 9 70 M M 9 8 11 60
14 94 64 79 2 0 14 0.00 0.0 0 4.7 13 310 M M 5 8 15 320
15 92 63 78 1 0 13 0.00 0.0 0 2.9 10 310 M M 2 8 12 290
16 92 65 79 3 0 14 0.00 0.0 0 1.7 8 310 M M 6 8 10 320
17 89 65 77 1 0 12 T 0.0 0 3.0 15 280 M M 9 8 19 290
18 84 69 77 1 0 12 T 0.0 0 10.4 17 320 M M 7 8 22 310
19 87 63 75 -1 0 10 0.00 0.0 0 8.8 15 310 M M 5 8 27 10
20 90 63 77 2 0 12 0.00 0.0 0 3.7 14 330 M M 4 8 26 360
21 95 64 80 5 0 15 0.00 0.0 0 3.9 9 330 M M 1 8 20 30
22 94 65 80 5 0 15 0.00 0.0 0 6.4 15 310 M M 4 8 24 360
23 93 62 78 4 0 13 0.00 0.0 0 4.6 12 300 M M 2 8 18 340
24 90 63 77 3 0 12 0.00 0.0 0 6.3 15 310 M M 1 23 10
25 88 63 76 2 0 11 0.00 0.0 0 7.5 14 320 M M 4 8 22 360
26 90 63 77 3 0 12 0.00 0.0 0 6.4 13 280 M M 4 8 19 340
27 92 65 79 6 0 14 0.00 0.0 0 3.8 9 200 M M 7 8 12 170
28 93 67 80 7 0 15 0.00 0.0 0 2.3 8 320 M M 0 8 11 20
29 102 67 85 13 0 20 0.00 0.0 0 3.4 8 310 M M 0 8 M M
30 95 67 81 9 0 16 0.00 0.0 0 2.4 10 130 M M 3 8 13 130
================================================================================
SM 2790 1999 0 453 T 0.0 141.3 M 138
================================================================================
AV 93.0 66.6 4.7 FASTST M M 5 MAX(MPH)
MISC ----> # 17 320 # 27 10
================================================================================
NOTES:
# LAST OF SEVERAL OCCURRENCES
COLUMN 17 PEAK WIND IN M.P.H.
PRELIMINARY LOCAL CLIMATOLOGICAL DATA (WS FORM: F-6) , PAGE 2
STATION: FRESNO CA
MONTH: SEPTEMBER
YEAR: 2020
LATITUDE: 36 46 N
LONGITUDE: 119 43 W
[TEMPERATURE DATA] [PRECIPITATION DATA] SYMBOLS USED IN COLUMN 16
AVERAGE MONTHLY: 79.8 TOTAL FOR MONTH: T 1 = FOG OR MIST
DPTR FM NORMAL: 3.6 DPTR FM NORMAL: -0.17 2 = FOG REDUCING VISIBILITY
HIGHEST: 106 ON 7 GRTST 24HR T ON 18-18 TO 1/4 MILE OR LESS
LOWEST: 61 ON 12 3 = THUNDER
SNOW, ICE PELLETS, HAIL 4 = ICE PELLETS
TOTAL MONTH: 0.0 INCH 5 = HAIL
GRTST 24HR 0.0 6 = FREEZING RAIN OR DRIZZLE
GRTST DEPTH: 0 7 = DUSTSTORM OR SANDSTORM:
VSBY 1/2 MILE OR LESS
8 = SMOKE OR HAZE
[NO. OF DAYS WITH] [WEATHER - DAYS WITH] 9 = BLOWING SNOW
X = TORNADO
MAX 32 OR BELOW: 0 0.01 INCH OR MORE: 0
MAX 90 OR ABOVE: 23 0.10 INCH OR MORE: 0
MIN 32 OR BELOW: 0 0.50 INCH OR MORE: 0
MIN 0 OR BELOW: 0 1.00 INCH OR MORE: 0
[HDD (BASE 65) ]
TOTAL THIS MO. 0 CLEAR (SCALE 0-3) 10
DPTR FM NORMAL -2 PTCLDY (SCALE 4-7) 14
TOTAL FM JUL 1 0 CLOUDY (SCALE 8-10) 6
DPTR FM NORMAL -2
[CDD (BASE 65) ]
TOTAL THIS MO. 453
DPTR FM NORMAL 115 [PRESSURE DATA]
TOTAL FM JAN 1 2542 HIGHEST SLP M ON M
DPTR FM NORMAL 520 LOWEST SLP 29.56 ON 8
[REMARKS]
#FINAL-09-20#