379
CXUS56 KHNX 011146
CF6FAT
PRELIMINARY LOCAL CLIMATOLOGICAL DATA (WS FORM: F-6)
STATION: FRESNO CA
MONTH: JULY
YEAR: 2020
LATITUDE: 36 46 N
LONGITUDE: 119 43 W
TEMPERATURE IN F: :PCPN: SNOW: WIND :SUNSHINE: SKY :PK WND
================================================================================
1 2 3 4 5 6A 6B 7 8 9 10 11 12 13 14 15 16 17 18
12Z AVG MX 2MIN
DY MAX MIN AVG DEP HDD CDD WTR SNW DPTH SPD SPD DIR MIN PSBL S-S WX SPD DR
================================================================================
1 97 69 83 2 0 18 0.00 0.0 0 6.0 16 320 M M 1 23 20
2 95 66 81 0 0 16 0.00 0.0 0 6.2 16 330 M M 0 20 340
3 96 65 81 -1 0 16 0.00 0.0 0 7.1 15 320 M M 1 20 320
4 99 66 83 1 0 18 0.00 0.0 0 8.8 16 310 M M 0 20 270
5 100 69 85 3 0 20 0.00 0.0 0 8.7 20 310 M M 0 23 310
6 98 66 82 0 0 17 0.00 0.0 0 10.0 20 310 M M 0 8 26 310
7 94 61 78 -4 0 13 0.00 0.0 0 8.5 15 300 M M 0 18 310
8 98 66 82 0 0 17 0.00 0.0 0 5.8 13 300 M M 1 16 280
9 100 71 86 3 0 21 0.00 0.0 0 6.1 14 300 M M 0 22 300
10 103 71 87 4 0 22 0.00 0.0 0 5.9 13 310 M M 5 16 310
11 106 74 90 7 0 25 0.00 0.0 0 7.3 14 310 M M 1 17 320
12 108 75 92 9 0 27 0.00 0.0 0 7.9 14 310 M M 1 18 310
13 104 74 89 6 0 24 0.00 0.0 0 7.5 17 310 M M 1 20 320
14 98 68 83 0 0 18 0.00 0.0 0 7.1 15 320 M M 1 18 310
15 98 68 83 0 0 18 0.00 0.0 0 7.2 14 310 M M 1 16 320
16 100 71 86 3 0 21 0.00 0.0 0 8.2 17 320 M M 1 21 320
17 100 70 85 1 0 20 0.00 0.0 0 8.1 15 320 M M 2 21 300
18 101 70 86 2 0 21 0.00 0.0 0 7.2 14 310 M M 1 18 350
19 101 73 87 3 0 22 0.00 0.0 0 8.3 16 310 M M 2 20 310
20 100 72 86 2 0 21 0.00 0.0 0 8.2 15 310 M M 1 18 310
21 95 71 83 -1 0 18 0.00 0.0 0 7.5 14 310 M M 5 8 17 310
22 97 67 82 -2 0 17 0.00 0.0 0 7.3 14 320 M M 2 M M
23 94 64 79 -5 0 14 0.00 0.0 0 7.2 15 290 M M 1 20 270
24 98 69 84 0 0 19 0.00 0.0 0 7.0 16 300 M M 2 19 300
25 99 68 84 0 0 19 0.00 0.0 0 7.2 13 290 M M 2 16 270
26 102 72 87 3 0 22 0.00 0.0 0 6.7 16 320 M M 2 21 320
27 102 72 87 3 0 22 0.00 0.0 0 7.9 21 300 M M 1 28 290
28 103 71 87 3 0 22 0.00 0.0 0 8.0 17 300 M M 0 23 300
29 104 71 88 4 0 23 0.00 0.0 0 8.1 16 320 M M 1 22 310
30 104 70 87 3 0 22 0.00 0.0 0 7.9 16 320 M M 0 20 300
31 102 70 86 3 0 21 0.00 0.0 0 8.9 17 310 M M 0 22 310
================================================================================
SM 3096 2150 0 614 0.00 0.0 233.8 M 36
================================================================================
AV 99.9 69.4 7.5 FASTST M M 1 MAX(MPH)
MISC ----> # 21 300 # 28 290
================================================================================
NOTES:
# LAST OF SEVERAL OCCURRENCES
COLUMN 17 PEAK WIND IN M.P.H.
PRELIMINARY LOCAL CLIMATOLOGICAL DATA (WS FORM: F-6) , PAGE 2
STATION: FRESNO CA
MONTH: JULY
YEAR: 2020
LATITUDE: 36 46 N
LONGITUDE: 119 43 W
[TEMPERATURE DATA] [PRECIPITATION DATA] SYMBOLS USED IN COLUMN 16
AVERAGE MONTHLY: 84.6 TOTAL FOR MONTH: 0.00 1 = FOG OR MIST
DPTR FM NORMAL: 1.6 DPTR FM NORMAL: -0.01 2 = FOG REDUCING VISIBILITY
HIGHEST: 108 ON 12 GRTST 24HR 0.00 ON 31-31 TO 1/4 MILE OR LESS
LOWEST: 61 ON 7 3 = THUNDER
SNOW, ICE PELLETS, HAIL 4 = ICE PELLETS
TOTAL MONTH: 0.0 INCH 5 = HAIL
GRTST 24HR 0.0 6 = FREEZING RAIN OR DRIZZLE
GRTST DEPTH: 0 7 = DUSTSTORM OR SANDSTORM:
VSBY 1/2 MILE OR LESS
8 = SMOKE OR HAZE
[NO. OF DAYS WITH] [WEATHER - DAYS WITH] 9 = BLOWING SNOW
X = TORNADO
MAX 32 OR BELOW: 0 0.01 INCH OR MORE: 0
MAX 90 OR ABOVE: 31 0.10 INCH OR MORE: 0
MIN 32 OR BELOW: 0 0.50 INCH OR MORE: 0
MIN 0 OR BELOW: 0 1.00 INCH OR MORE: 0
[HDD (BASE 65) ]
TOTAL THIS MO. 0 CLEAR (SCALE 0-3) 29
DPTR FM NORMAL 0 PTCLDY (SCALE 4-7) 2
TOTAL FM JUL 1 0 CLOUDY (SCALE 8-10) 0
DPTR FM NORMAL 0
[CDD (BASE 65) ]
TOTAL THIS MO. 614
DPTR FM NORMAL 56 [PRESSURE DATA]
TOTAL FM JAN 1 1423 HIGHEST SLP M ON M
DPTR FM NORMAL 255 LOWEST SLP 29.68 ON 1
[REMARKS]
#FINAL-07-20#