000
CXUS56 KHNX 110655
CF6FAT
PRELIMINARY LOCAL CLIMATOLOGICAL DATA (WS FORM: F-6)
STATION: FRESNO CA
MONTH: NOVEMBER
YEAR: 2023
LATITUDE: 36 46 N
LONGITUDE: 119 43 W
TEMPERATURE IN F: :PCPN: SNOW: WIND :SUNSHINE: SKY :PK WND
================================================================================
1 2 3 4 5 6A 6B 7 8 9 10 11 12 13 14 15 16 17 18
12Z AVG MX 2MIN
DY MAX MIN AVG DEP HDD CDD WTR SNW DPTH SPD SPD DIR MIN PSBL S-S WX SPD DR
================================================================================
1 77 45 61 1 4 0 0.00 0.0 0 2.4 10 130 M M 5 12 140
2 79 47 63 3 2 0 0.00 0.0 0 1.9 8 310 M M 6 11 290
3 78 50 64 4 1 0 0.00 0.0 0 3.8 10 130 M M 4 8 18 210
4 81 51 66 7 0 1 0.00 0.0 0 1.3 7 160 M M 5 11 190
5 80 51 66 7 0 1 0.00 0.0 0 1.8 8 280 M M 5 8 11 280
6 76 58 67 8 0 2 0.09 0.0 0 8.2 23 300 M M 8 18 28 300
7 67 51 59 1 6 0 T 0.0 0 11.7 20 310 M M 4 24 290
8 68 45 57 -1 8 0 0.00 0.0 0 3.3 12 140 M M 1 8 15 140
9 69 45 57 -1 8 0 0.00 0.0 0 2.7 7 300 M M 3 11 310
10 68 43 56 -1 9 0 0.00 0.0 0 1.5 7 310 M M 4 9 290
11 70 43 57 0 8 0 0.00 0.0 0 2.4 7 310 M M 4 10 190
12 77 44 61 5 4 0 0.00 0.0 0 2.4 8 120 M M 4 13 170
13 76 49 63 7 2 0 0.00 0.0 0 2.9 10 130 M M 4 8 14 290
14 75 46 61 5 4 0 0.00 0.0 0 2.8 9 130 M M 4 14 180
15 72 45 59 4 6 0 0.02 0.0 0 3.6 13 80 M M 7 17 80
16 76 54 65 10 0 0 0.00 0.0 0 2.1 10 320 M M 5 13 300
17 75 50 63 9 2 0 T 0.0 0 6.3 16 140 M M 7 1 21 140
18 65 58 62 8 3 0 0.10 0.0 0 5.6 15 150 M M 9 18 140
19 64 47 56 2 9 0 0.00 0.0 0 11.5 23 320 M M 5 33 320
20 65 40 53 0 12 0 0.00 0.0 0 1.7 8 150 M M 0 8 11 140
21 72 41 57 4 8 0 0.00 0.0 0 1.8 8 260 M M 4 8 11 350
22 68 41 55 2 10 0 0.00 0.0 0 1.2 7 60 M M 6 8 9 260
23 68 45 57 5 8 0 0.00 0.0 0 3.4 10 310 M M 4 8 17 280
24 60 42 51 -1 14 0 0.00 0.0 0 2.9 12 320 M M 1 14 320
25 63 38 51 -1 14 0 0.00 0.0 0 0.9 6 330 M M 1 10 140
26 61 37 49 -2 16 0 0.00 0.0 0 1.5 8 30 M M 5 8 11 230
27 65 36 51 0 14 0 0.00 0.0 0 1.2 6 310 M M 4 8 10 220
28 68 38 53 2 12 0 0.00 0.0 0 1.3 7 60 M M 4 9 230
29 64 38 51 1 14 0 0.00 0.0 0 3.7 9 130 M M 3 13 350
30 64 40 52 2 13 0 0.00 0.0 0 4.5 13 320 M M 6 15 290
================================================================================
SM 2111 1358 211 4 0.21 0.0 102.3 M 132
================================================================================
AV 70.4 45.3 3.4 FASTST M M 4 MAX(MPH)
MISC ----> # 23 320 33 320
================================================================================
NOTES:
# LAST OF SEVERAL OCCURRENCES
COLUMN 17 PEAK WIND IN M.P.H.
PRELIMINARY LOCAL CLIMATOLOGICAL DATA (WS FORM: F-6) , PAGE 2
STATION: FRESNO CA
MONTH: NOVEMBER
YEAR: 2023
LATITUDE: 36 46 N
LONGITUDE: 119 43 W
[TEMPERATURE DATA] [PRECIPITATION DATA] SYMBOLS USED IN COLUMN 16
AVERAGE MONTHLY: 57.8 TOTAL FOR MONTH: 0.21 1 = FOG OR MIST
DPTR FM NORMAL: 2.7 DPTR FM NORMAL: -0.66 2 = FOG REDUCING VISIBILITY
HIGHEST: 81 ON 4 GRTST 24HR 0.10 ON 18-18 TO 1/4 MILE OR LESS
LOWEST: 36 ON 27 3 = THUNDER
SNOW, ICE PELLETS, HAIL 4 = ICE PELLETS
TOTAL MONTH: 0.0 INCH 5 = HAIL
GRTST 24HR 0.0 6 = FREEZING RAIN OR DRIZZLE
GRTST DEPTH: 0 7 = DUSTSTORM OR SANDSTORM:
VSBY 1/2 MILE OR LESS
8 = SMOKE OR HAZE
[NO. OF DAYS WITH] [WEATHER - DAYS WITH] 9 = BLOWING SNOW
X = TORNADO
MAX 32 OR BELOW: 0 0.01 INCH OR MORE: 3
MAX 90 OR ABOVE: 0 0.10 INCH OR MORE: 1
MIN 32 OR BELOW: 0 0.50 INCH OR MORE: 0
MIN 0 OR BELOW: 0 1.00 INCH OR MORE: 0
[HDD (BASE 65) ]
TOTAL THIS MO. 211 CLEAR (SCALE 0-3) 6
DPTR FM NORMAL -88 PTCLDY (SCALE 4-7) 23
TOTAL FM JUL 1 246 CLOUDY (SCALE 8-10) 1
DPTR FM NORMAL -110
[CDD (BASE 65) ]
TOTAL THIS MO. 4
DPTR FM NORMAL 1 [PRESSURE DATA]
TOTAL FM JAN 1 2413 HIGHEST SLP 30.41 ON 21
DPTR FM NORMAL 205 LOWEST SLP 29.75 ON 15
[REMARKS]
#FINAL-11-23#