000
CXUS54 KOUN 010810
CF6FDR
PRELIMINARY LOCAL CLIMATOLOGICAL DATA (WS FORM: F-6)
STATION: FREDERICK MUNICIPAL
MONTH: OCTOBER
YEAR: 2021
LATITUDE: 34 21 N
LONGITUDE: 98 59 W
TEMPERATURE IN F: :PCPN: SNOW: WIND :SUNSHINE: SKY :PK WND
================================================================================
1 2 3 4 5 6A 6B 7 8 9 10 11 12 13 14 15 16 17 18
12Z AVG MX 2MIN
DY MAX MIN AVG DEP HDD CDD WTR SNW DPTH SPD SPD DIR MIN PSBL S-S WX SPD DR
================================================================================
1 80 64 72 2 0 7 0.02 M M 5.9 14 90 M M 5 1 17 80
2 82 61 72 2 0 7 0.39 M M 5.7 22 270 M M 4 138 28 280
3 86 61 74 4 0 9 0.00 M M 7.4 15 360 M M 0 20 360
4 88 56 72 3 0 7 0.00 M M 5.3 13 100 M M 0 16 100
5 86 57 72 3 0 7 0.00 M M 8.6 16 70 M M 1 21 120
6 86 56 71 2 0 6 0.00 M M 4.9 10 120 M M 0 13 50
7 93 59 76 8 0 11 0.00 M M 10.5 21 150 M M 0 26 140
8 99 63 81 13 0 16 0.00 M M 13.4 25 200 M M 0 30 180
9 98 64 81 14 0 16 T M M 14.7 26 170 M M 0 34 160
10 93 60 77 10 0 12 0.05 M M 15.0 39 170 M M 2 3 56 160
11 82 51 67 0 0 2 0.00 M M 8.7 22 310 M M 1 29 300
12 86 56 71 5 0 6 0.10 M M 17.1 31 140 M M 4 3 40 150
13 77 57 67 1 0 2 0.82 M M 9.4 35 300 M M 3 13 43 300
14 80 56 68 3 0 3 0.00 0.0 M 8.3 15 10 M M 4 1 18 180
15 70 49 60 -5 5 0 0.00 M M 15.7 32 360 M M 1 37 10
16 74 43 59 -6 6 0 0.00 M M 6.8 12 310 M M 0 8 15 270
17 77 46 62 -2 3 0 0.00 M M 8.1 17 190 M M 0 8 21 190
18 78 44 61 -3 4 0 0.00 0.0 M 12.1 23 160 M M 0 29 150
19 83 52 68 5 0 3 0.00 0.0 M 14.3 25 160 M M 0 32 160
20 78 54 66 3 0 1 0.00 0.0 M 9.7 20 350 M M 0 25 340
21 79 51 65 2 0 0 0.00 M M 8.3 15 90 M M 2 19 80
22 86 56 71 9 0 6 0.00 M M 10.9 20 160 M M 4 25 160
23 91 62 77 15 0 12 0.00 M M 14.1 26 190 M M 0 33 200
24 84 60 72 11 0 7 0.00 M M 13.8 26 220 M M 0 32 230
25 83 52 68 7 0 3 0.00 M M 8.4 17 120 M M 0 23 120
26 88 60 74 13 0 9 0.26 M M 17.4 40 250 M M 2 13 51 250
27 70 55 63 3 2 0 0.01 M M 17.1 32 340 M M 4 3 41 340
28 72 50 61 1 4 0 0.00 M M 21.8 40 320 M M 0 51 330
29 71 47 59 0 6 0 0.00 M M 14.6 31 350 M M 0 37 340
30 79 43 61 2 4 0 0.00 M M 8.7 16 150 M M 0 26 120
31 70 49 60 1 5 0 0.00 M M 12.7 24 40 M M 0 30 40
================================================================================
SM 2549 1694 39 152 1.65 0.0 349.4 M 37
================================================================================
AV 82.2 54.6 11.3 FASTST M M 1 MAX(MPH)
MISC ----> # 40 250 56 160
================================================================================
NOTES:
# LAST OF SEVERAL OCCURRENCES
COLUMN 17 PEAK WIND IN M.P.H.
PRELIMINARY LOCAL CLIMATOLOGICAL DATA (WS FORM: F-6) , PAGE 2
STATION: FREDERICK MUNICIPAL
MONTH: OCTOBER
YEAR: 2021
LATITUDE: 34 21 N
LONGITUDE: 98 59 W
[TEMPERATURE DATA] [PRECIPITATION DATA] SYMBOLS USED IN COLUMN 16
AVERAGE MONTHLY: 68.4 TOTAL FOR MONTH: 1.65 1 = FOG OR MIST
DPTR FM NORMAL: 3.8 DPTR FM NORMAL: M 2 = FOG REDUCING VISIBILITY
HIGHEST: 99 ON 8 GRTST 24HR 0.92 ON 12-13 TO 1/4 MILE OR LESS
LOWEST: 43 ON 30,16 3 = THUNDER
SNOW, ICE PELLETS, HAIL 4 = ICE PELLETS
TOTAL MONTH: 0.0 INCH 5 = HAIL
GRTST 24HR 0.0 6 = FREEZING RAIN OR DRIZZLE
GRTST DEPTH: M ON M 7 = DUSTSTORM OR SANDSTORM:
VSBY 1/2 MILE OR LESS
8 = SMOKE OR HAZE
[NO. OF DAYS WITH] [WEATHER - DAYS WITH] 9 = BLOWING SNOW
X = TORNADO
MAX 32 OR BELOW: 0 0.01 INCH OR MORE: 7
MAX 90 OR ABOVE: 5 0.10 INCH OR MORE: 4
MIN 32 OR BELOW: 0 0.50 INCH OR MORE: 1
MIN 0 OR BELOW: 0 1.00 INCH OR MORE: 0
[HDD (BASE 65) ]
TOTAL THIS MO. 39 CLEAR (SCALE 0-3) 25
DPTR FM NORMAL -76 PTCLDY (SCALE 4-7) 6
TOTAL FM JUL 1 39 CLOUDY (SCALE 8-10) 0
DPTR FM NORMAL -84
[CDD (BASE 65) ]
TOTAL THIS MO. 152
DPTR FM NORMAL 50 [PRESSURE DATA]
TOTAL FM JAN 1 2430 HIGHEST SLP M ON M
DPTR FM NORMAL -57 LOWEST SLP 29.37 ON 10
[REMARKS]
#FINAL-10-21#