000
CXUS53 KLMK 010710
CF6FFT
PRELIMINARY LOCAL CLIMATOLOGICAL DATA (WS FORM: F-6)
STATION: FRANKFORT KY
MONTH: MAY
YEAR: 2023
LATITUDE: 38 10 N
LONGITUDE: 84 54 W
TEMPERATURE IN F: :PCPN: SNOW: WIND :SUNSHINE: SKY :PK WND
================================================================================
1 2 3 4 5 6A 6B 7 8 9 10 11 12 13 14 15 16 17 18
12Z AVG MX 2MIN
DY MAX MIN AVG DEP HDD CDD WTR SNW DPTH SPD SPD DIR MIN PSBL S-S WX SPD DR
================================================================================
1 56 46 51 -11 14 0 0.01 M M 11.3 23 240 M M 10 38 240
2 61 43 52 -10 13 0 0.00 M M 10.3 25 310 M M 4 34 310
3 63 40 52 -10 13 0 0.00 M M 7.9 17 310 M M 4 26 320
4 70 34 52 -10 13 0 0.00 M M 1.5 12 330 M M 1 17 320
5 76 40 58 -5 7 0 0.00 M M 3.9 14 230 M M 0 19 70
6 77 49 63 0 2 0 0.00 M M 6.2 16 150 M M 6 26 140
7 71 58 65 2 0 0 0.79 M M 7.2 23 320 M M 3 13 37 310
8 75 53 64 1 1 0 0.01 M M 4.6 14 210 M M M 21 200
9 78 54 66 2 0 1 0.02 M M 5.5 16 10 M M M 33 260
10 78 45 62 -2 3 0 0.00 M M 4.1 13 60 M M 0 17 80
11 83 50 67 3 0 2 0.00 M M 3.6 20 200 M M 2 8 27 200
12 75 65 70 6 0 5 0.07 M M 5.6 16 220 M M 9 1 22 210
13 82 67 75 10 0 10 0.03 M M 4.9 12 220 M M 8 13 15 190
14 81 66 74 9 0 9 0.00 M M 7.0 14 90 M M 2 18 90
15 76 61 69 4 0 4 0.00 M M 6.4 13 60 M M 5 18 60
16 66 55 61 -5 4 0 1.19 M M 4.3 13 320 M M 8 138 22 270
17 76 48 62 -4 3 0 0.00 M M 4.5 10 50 M M 1 12 16 330
18 78 50 64 -2 1 0 0.00 M M 4.9 10 80 M M 0 15 80
19 75 62 69 3 0 4 0.00 M M 7.2 16 190 M M 4 22 170
20 73 55 64 -3 1 0 0.83 M M 5.6 13 330 M M 6 18 22 320
21 76 46 61 -6 4 0 0.00 M M 4.1 15 90 M M 0 1 20 70
22 78 46 62 -5 3 0 0.00 M M 5.4 16 80 M M 0 24 110
23 84 52 68 1 0 3 0.00 M M 3.0 10 100 M M 1 14 120
24 83 54 69 1 0 4 0.00 M M 3.2 13 60 M M 3 18 40
25 74 55 65 -3 0 0 0.00 M M 7.4 14 10 M M 0 24 360
26 77 50 64 -4 1 0 0.00 M M 7.1 16 70 M M 1 24 70
27 73 49 61 -8 4 0 0.00 M M 4.6 15 70 M M 0 21 70
28 66 54 60 -9 5 0 0.10 M M 4.0 12 130 M M 8 1 17 160
29 82 55 69 0 0 4 0.15 M M 3.8 13 100 M M 8 1 18 100
30 84 60 72 2 0 7 0.00 M M 4.4 13 100 M M 2 12 18 100
31 86 59 73 3 0 8 0.00 M M 2.7 13 90 M M 0 19 90
================================================================================
SM 2333 1621 92 61 3.20 M 166.2 M 96
================================================================================
AV 75.3 52.3 5.4 FASTST M M 3 MAX(MPH)
MISC ----> 25 310 38 240
================================================================================
NOTES:
# LAST OF SEVERAL OCCURRENCES
COLUMN 17 PEAK WIND IN M.P.H.
PRELIMINARY LOCAL CLIMATOLOGICAL DATA (WS FORM: F-6) , PAGE 2
STATION: FRANKFORT KY
MONTH: MAY
YEAR: 2023
LATITUDE: 38 10 N
LONGITUDE: 84 54 W
[TEMPERATURE DATA] [PRECIPITATION DATA] SYMBOLS USED IN COLUMN 16
AVERAGE MONTHLY: 63.8 TOTAL FOR MONTH: 3.20 1 = FOG OR MIST
DPTR FM NORMAL: -1.7 DPTR FM NORMAL: -1.90 2 = FOG REDUCING VISIBILITY
HIGHEST: 86 ON 31 GRTST 24HR 1.19 ON 16-16 TO 1/4 MILE OR LESS
LOWEST: 34 ON 4 3 = THUNDER
SNOW, ICE PELLETS, HAIL 4 = ICE PELLETS
TOTAL MONTH: M 5 = HAIL
GRTST 24HR M ON M 6 = FREEZING RAIN OR DRIZZLE
GRTST DEPTH: M ON M 7 = DUSTSTORM OR SANDSTORM:
VSBY 1/2 MILE OR LESS
8 = SMOKE OR HAZE
[NO. OF DAYS WITH] [WEATHER - DAYS WITH] 9 = BLOWING SNOW
X = TORNADO
MAX 32 OR BELOW: 0 0.01 INCH OR MORE: 10
MAX 90 OR ABOVE: 0 0.10 INCH OR MORE: 5
MIN 32 OR BELOW: 0 0.50 INCH OR MORE: 3
MIN 0 OR BELOW: 0 1.00 INCH OR MORE: 1
[HDD (BASE 65) ]
TOTAL THIS MO. 92 CLEAR (SCALE 0-3) 16
DPTR FM NORMAL 0 PTCLDY (SCALE 4-7) 10
TOTAL FM JUL 1 3974 CLOUDY (SCALE 8-10) 5
DPTR FM NORMAL -406
[CDD (BASE 65) ]
TOTAL THIS MO. 61
DPTR FM NORMAL -48 [PRESSURE DATA]
TOTAL FM JAN 1 79 HIGHEST SLP M ON M
DPTR FM NORMAL -60 LOWEST SLP 29.49 ON 1
[REMARKS]
#FINAL-05-23#