000
CXUS53 KLMK 010810
CF6FFT
PRELIMINARY LOCAL CLIMATOLOGICAL DATA (WS FORM: F-6)
STATION: FRANKFORT KY
MONTH: DECEMBER
YEAR: 2020
LATITUDE: 38 10 N
LONGITUDE: 84 54 W
TEMPERATURE IN F: :PCPN: SNOW: WIND :SUNSHINE: SKY :PK WND
================================================================================
1 2 3 4 5 6A 6B 7 8 9 10 11 12 13 14 15 16 17 18
12Z AVG MX 2MIN
DY MAX MIN AVG DEP HDD CDD WTR SNW DPTH SPD SPD DIR MIN PSBL S-S WX SPD DR
================================================================================
1 33 24 29 -11 36 0 T M M 8.1 17 260 M M 7 1 25 240
2 44 20 32 -7 33 0 0.00 M M 3.4 9 220 M M 0 13 230
3 45 22 34 -5 31 0 0.01 M M 1.2 9 170 M M 5 12 220
4 45 39 42 3 23 0 0.03 M M 3.8 10 190 M M 10 1 13 290
5 47 29 38 0 27 0 0.00 M M 3.5 10 310 M M 1 128 14 330
6 47 24 36 -2 29 0 0.01 M M 2.4 10 350 M M 6 18 14 360
7 37 28 33 -5 32 0 0.00 M M 6.3 13 330 M M 9 17 330
8 36 20 28 -9 37 0 0.00 M M 2.3 8 190 M M 6 12 190
9 57 30 44 7 21 0 0.00 M M 7.4 16 220 M M 0 22 220
10 63 28 46 10 19 0 0.00 M M 2.1 10 180 M M 0 14 190
11 68 37 53 17 12 0 0.00 M M 7.4 18 200 M M 0 25 170
12 66 37 52 16 13 0 0.01 M M 11.5 24 220 M M 6 34 230
13 46 33 40 4 25 0 0.05 M M 2.7 7 30 M M 9 18 9 30
14 41 27 34 -1 31 0 0.12 M M 6.4 15 340 M M 10 1 22 300
15 39 21 30 -5 35 0 0.00 M M 7.9 18 70 M M 2 25 60
16 41 33 37 2 28 0 0.41 M M 5.2 13 310 M M 10 168 21 300
17 34 31 33 -2 32 0 T M M 5.3 9 280 M M 10 18 15 310
18 40 23 32 -2 33 0 0.00 M M 2.8 9 130 M M 2 18 14 160
19 48 30 39 5 26 0 0.10 M M 6.1 15 210 M M 5 1 21 210
20 47 29 38 4 27 0 0.27 M M 6.0 17 220 M M 7 1 25 220
21 51 31 41 7 24 0 0.00 M M 10.5 22 220 M M 5 1 32 230
22 47 28 38 4 27 0 0.00 M M 6.1 22 290 M M 1 39 300
23 61 28 45 12 20 0 0.08 M M 11.5 31 200 M M 3 52 210
24 50 20 35 2 30 0 0.31 M M 10.4 21 180 M M 10 1 30 170
25 20 13 17 -16 48 0 T M M 8.7 16 280 M M 9 8 24 280
26 39 12 26 -7 39 0 0.00 M M 6.8 16 220 M M 0 20 220
27 58 24 41 8 24 0 T M M 8.9 21 200 M M 1 27 190
28 52 27 40 7 25 0 0.00 M M 9.1 25 220 M M 5 35 220
29 40 27 34 1 31 0 0.00 M M 8.0 16 120 M M 4 23 110
30 61 30 46 14 19 0 0.42 M M 9.4 28 200 M M 7 1 38 190
31 39 34 37 5 28 0 0.37 M M 6.9 17 70 M M 10 18 23 70
================================================================================
SM 1442 839 865 0 2.19 M 198.1 M 160
================================================================================
AV 46.5 27.1 6.4 FASTST M M 5 MAX(MPH)
MISC ----> 31 200 52 210
================================================================================
NOTES:
# LAST OF SEVERAL OCCURRENCES
COLUMN 17 PEAK WIND IN M.P.H.
PRELIMINARY LOCAL CLIMATOLOGICAL DATA (WS FORM: F-6) , PAGE 2
STATION: FRANKFORT KY
MONTH: DECEMBER
YEAR: 2020
LATITUDE: 38 10 N
LONGITUDE: 84 54 W
[TEMPERATURE DATA] [PRECIPITATION DATA] SYMBOLS USED IN COLUMN 16
AVERAGE MONTHLY: 36.8 TOTAL FOR MONTH: 2.19 1 = FOG OR MIST
DPTR FM NORMAL: 1.5 DPTR FM NORMAL: -1.82 2 = FOG REDUCING VISIBILITY
HIGHEST: 68 ON 11 GRTST 24HR 0.79 ON 30-31 TO 1/4 MILE OR LESS
LOWEST: 12 ON 26 3 = THUNDER
SNOW, ICE PELLETS, HAIL 4 = ICE PELLETS
TOTAL MONTH: M 5 = HAIL
GRTST 24HR M ON M 6 = FREEZING RAIN OR DRIZZLE
GRTST DEPTH: M ON M 7 = DUSTSTORM OR SANDSTORM:
VSBY 1/2 MILE OR LESS
8 = SMOKE OR HAZE
[NO. OF DAYS WITH] [WEATHER - DAYS WITH] 9 = BLOWING SNOW
X = TORNADO
MAX 32 OR BELOW: 1 0.01 INCH OR MORE: 13
MAX 90 OR ABOVE: 0 0.10 INCH OR MORE: 7
MIN 32 OR BELOW: 25 0.50 INCH OR MORE: 0
MIN 0 OR BELOW: 0 1.00 INCH OR MORE: 0
[HDD (BASE 65) ]
TOTAL THIS MO. 865 CLEAR (SCALE 0-3) 10
DPTR FM NORMAL -56 PTCLDY (SCALE 4-7) 12
TOTAL FM JUL 1 1606 CLOUDY (SCALE 8-10) 9
DPTR FM NORMAL -224
[CDD (BASE 65) ]
TOTAL THIS MO. 0
DPTR FM NORMAL 0 [PRESSURE DATA]
TOTAL FM JAN 1 1389 HIGHEST SLP 30.59 ON 29
DPTR FM NORMAL 234 LOWEST SLP 29.70 ON 24
[REMARKS]
#FINAL-12-20#