725
CXUS53 KFGF 010815
CF6FGF
PRELIMINARY LOCAL CLIMATOLOGICAL DATA (WS FORM: F-6)
STATION: GRAND FORKS UNIV. (NWS) ND
MONTH: APRIL
YEAR: 2020
LATITUDE: 47 55 N
LONGITUDE: 97 6 W
TEMPERATURE IN F: :PCPN: SNOW: WIND :SUNSHINE: SKY :PK WND
================================================================================
1 2 3 4 5 6A 6B 7 8 9 10 11 12 13 14 15 16 17 18
12Z AVG MX 2MIN
DY MAX MIN AVG DEP HDD CDD WTR SNW DPTH SPD SPD DIR MIN PSBL S-S WX SPD DR
================================================================================
1 52 32 42 7 23 0 0.10 0.0 T M M M M M M M M
2 32 16 24 -12 41 0 1.37 9.7 0 M M M M M M 26 M M
3 21 6 14 -22 51 0 0.04 1.3 10 M M M M M M M M
4 27 1 14 -23 51 0 0.00 0.0 8 M M M M M M M M
5 40 22 31 -6 34 0 0.00 0.0 7 M M M M M M M M
6 47 37 42 4 23 0 0.00 0.0 4 M M M M M M 1 M M
7 45 33 39 1 26 0 T 0.0 T M M M M M M M M
8 44 30 37 -2 28 0 T T 0 M M M M M M M M
9 39 25 32 -8 33 0 T T T M M M M M M M M
10 47 24 36 -4 29 0 0.00 0.0 0 M M M M M M M M
11 40 30 35 -6 30 0 T 0.0 0 M M M M M M M M
12 33 24 29 -12 36 0 0.01 0.1 0 M M M M M M M M
13 27 17 22 -20 43 0 0.05 0.9 0 M M M M M M M M
14 27 10 19 -23 46 0 T T T M M M M M M M M
15 37 19 28 -15 37 0 0.00 0.0 0 M M M M M M M M
16 42 19 31 -13 34 0 0.00 0.0 0 M M M M M M M M
17 52 26 39 -5 26 0 0.00 0.0 0 M M M M M M M M
18 55 31 43 -2 22 0 0.01 T 0 M M M M M M M M
19 50 26 38 -7 27 0 0.00 0.0 0 M M M M M M M M
20 46 28 37 -9 28 0 T T 0 M M M M M M M M
21 39 24 32 -14 33 0 T T 0 M M M M M M M M
22 58 33 46 -1 19 0 T 0.0 0 M M M M M M M M
23 65 40 53 6 12 0 0.16 0.0 0 M M M M M M M M
24 65 36 51 3 14 0 0.00 0.0 0 M M M M M M M M
25 63 41 52 4 13 0 T 0.0 0 M M M M M M M M
26 67 41 54 6 11 0 0.07 0.0 0 M M M M M M M M
27 69 41 55 6 10 0 0.00 0.0 0 M M M M M M M M
28 63 49 56 7 9 0 0.07 0.0 0 M M M M M M M M
29 63 41 52 2 13 0 0.00 0.0 0 M M M M M M M M
30 70 36 53 3 12 0 0.00 0.0 0 M M M M M M M M
================================================================================
SM 1425 838 814 0 1.88 12.0 M M M
================================================================================
AV 47.5 27.9 M FASTST M M M MAX(MPH)
MISC ----> M M M M
================================================================================
NOTES:
# LAST OF SEVERAL OCCURRENCES
COLUMN 17 PEAK WIND IN M.P.H.
PRELIMINARY LOCAL CLIMATOLOGICAL DATA (WS FORM: F-6) , PAGE 2
STATION: GRAND FORKS UNIV. (NWS) ND
MONTH: APRIL
YEAR: 2020
LATITUDE: 47 55 N
LONGITUDE: 97 6 W
[TEMPERATURE DATA] [PRECIPITATION DATA] SYMBOLS USED IN COLUMN 16
AVERAGE MONTHLY: 37.7 TOTAL FOR MONTH: 1.88 1 = FOG OR MIST
DPTR FM NORMAL: -5.3 DPTR FM NORMAL: 0.90 2 = FOG REDUCING VISIBILITY
HIGHEST: 70 ON 30 GRTST 24HR 1.37 ON 2- 2 TO 1/4 MILE OR LESS
LOWEST: 1 ON 4 3 = THUNDER
SNOW, ICE PELLETS, HAIL 4 = ICE PELLETS
TOTAL MONTH: 12.0 INCHES 5 = HAIL
GRTST 24HR 9.7 ON 2- 2 6 = FREEZING RAIN OR DRIZZLE
GRTST DEPTH: 10 ON 3 7 = DUSTSTORM OR SANDSTORM:
VSBY 1/2 MILE OR LESS
8 = SMOKE OR HAZE
[NO. OF DAYS WITH] [WEATHER - DAYS WITH] 9 = BLOWING SNOW
X = TORNADO
MAX 32 OR BELOW: 5 0.01 INCH OR MORE: 9
MAX 90 OR ABOVE: 0 0.10 INCH OR MORE: 3
MIN 32 OR BELOW: 19 0.50 INCH OR MORE: 1
MIN 0 OR BELOW: 0 1.00 INCH OR MORE: 1
[HDD (BASE 65) ]
TOTAL THIS MO. 814 CLEAR (SCALE 0-3) 0
DPTR FM NORMAL 165 PTCLDY (SCALE 4-7) 0
TOTAL FM JUL 1 9069 CLOUDY (SCALE 8-10) 30
DPTR FM NORMAL 240
[CDD (BASE 65) ]
TOTAL THIS MO. 0
DPTR FM NORMAL -3 [PRESSURE DATA]
TOTAL FM JAN 1 0 HIGHEST SLP M ON M
DPTR FM NORMAL -3 LOWEST SLP M ON M
[REMARKS]
#FINAL-04-20#