000
CXUS53 KARX 011535
CF6FKA
PRELIMINARY LOCAL CLIMATOLOGICAL DATA (WS FORM: F-6)
STATION: PRESTON MN
MONTH: OCTOBER
YEAR: 2023
LATITUDE: 43 40 N
LONGITUDE: 92 11 W
TEMPERATURE IN F: :PCPN: SNOW: WIND :SUNSHINE: SKY :PK WND
================================================================================
1 2 3 4 5 6A 6B 7 8 9 10 11 12 13 14 15 16 17 18
12Z AVG MX 2MIN
DY MAX MIN AVG DEP HDD CDD WTR SNW DPTH SPD SPD DIR MIN PSBL S-S WX SPD DR
================================================================================
1 90 66 78 M 0 13 0.00 0.0 0 9.7 16 190 M M 0 23 190
2 86 63 75 M 0 10 0.00 0.0 0 10.1 15 170 M M 0 21 200
3 82 61 72 M 0 7 0.01 0.0 0 10.5 17 210 M M 3 27 210
4 72 52 62 M 3 0 0.01 0.0 0 11.1 16 290 M M 6 33 200
5 66 48 57 M 8 0 0.00 0.0 0 13.8 23 300 M M 1 36 300
6 54 41 48 M 17 0 0.03 0.0 0 15.7 30 320 M M 5 1 40 320
7 54 39 47 M 18 0 0.00 0.0 0 8.7 15 310 M M 8 20 310
8 57 43 50 M 15 0 0.00 0.0 0 4.2 9 20 M M 7 8 15 20
9 54 36 45 M 20 0 0.00 0.0 0 10.0 20 320 M M 1 18 28 300
10 57 34 46 M 19 0 0.00 0.0 0 9.3 17 310 M M 0 27 310
11 63 28 46 M 19 0 0.00 0.0 0 5.2 12 80 M M 4 16 140
12 50 45 48 M 17 0 0.92 0.0 0 13.5 23 80 M M 10 1 31 90
13 52 46 49 M 16 0 0.56 0.0 0 17.6 28 110 M M 10 1 43 90
14 52 45 49 M 16 0 0.02 0.0 0 10.5 16 360 M M 10 1 23 30
15 54 43 49 M 16 0 T 0.0 0 11.1 16 340 M M 5 23 320
16 54 37 46 M 19 0 0.00 0.0 0 6.2 13 350 M M 4 8 16 330
17 64 39 52 M 13 0 0.00 0.0 0 6.1 10 200 M M 0 8 17 220
18 63 46 55 M 10 0 0.00 0.0 0 9.2 20 160 M M 4 25 160
19 55 43 49 M 16 0 T 0.0 0 10.8 16 290 M M 7 1 23 310
20 66 41 54 M 11 0 0.00 0.0 0 7.6 14 300 M M 3 20 300
21 61 41 51 M 14 0 0.00 0.0 0 15.6 27 330 M M 3 38 340
22 57 36 47 M 18 0 M 0.0 0 6.0 14 150 M M 2 M M
23 64 45 55 M 10 0 0.21 0.0 0 11.0 17 150 M M 7 1 28 140
24 73 61 67 M 0 2 0.05 0.0 0 10.7 17 210 M M 9 3 24 200
25 64 55 60 M 5 0 0.02 0.0 0 6.5 15 210 M M 10 1 29 220
26 66 59 63 M 2 0 1.06 0.0 0 7.0 15 220 M M 10 1 29 220
27 63 30 47 M 18 0 0.01 0.0 0 16.4 24 300 M M 10 1 33 300
28 32 28 30 M 35 0 M M 0 9.4 17 340 M M 8 18 24 340
29 36 28 32 M 33 0 0.00 0.0 M 8.5 12 350 M M 9 1 17 350
30 36 23 30 M 35 0 0.00 0.0 0 12.3 16 240 M M 6 29 210
31 34 23 29 M 36 0 M M M 17.9 32 310 M M 7 12 45 310
================================================================================
SM 1831 1325 459 32 2.90 0.0 322.2 M 169
================================================================================
AV 59.1 42.7 10.4 FASTST M M 5 MAX(MPH)
MISC ----> 32 310 45 310
================================================================================
NOTES:
# LAST OF SEVERAL OCCURRENCES
COLUMN 17 PEAK WIND IN M.P.H.
PRELIMINARY LOCAL CLIMATOLOGICAL DATA (WS FORM: F-6) , PAGE 2
STATION: PRESTON MN
MONTH: OCTOBER
YEAR: 2023
LATITUDE: 43 40 N
LONGITUDE: 92 11 W
[TEMPERATURE DATA] [PRECIPITATION DATA] SYMBOLS USED IN COLUMN 16
AVERAGE MONTHLY: 50.9 TOTAL FOR MONTH: 2.90 1 = FOG OR MIST
DPTR FM NORMAL: 0.0 DPTR FM NORMAL: M 2 = FOG REDUCING VISIBILITY
HIGHEST: 90 ON 1 GRTST 24HR 1.06 ON 26-26 TO 1/4 MILE OR LESS
LOWEST: 23 ON 31,30 3 = THUNDER
SNOW, ICE PELLETS, HAIL 4 = ICE PELLETS
TOTAL MONTH: 0.0 INCH 5 = HAIL
GRTST 24HR 0.0 6 = FREEZING RAIN OR DRIZZLE
GRTST DEPTH: 0 7 = DUSTSTORM OR SANDSTORM:
VSBY 1/2 MILE OR LESS
8 = SMOKE OR HAZE
[NO. OF DAYS WITH] [WEATHER - DAYS WITH] 9 = BLOWING SNOW
X = TORNADO
MAX 32 OR BELOW: 1 0.01 INCH OR MORE: 11
MAX 90 OR ABOVE: 1 0.10 INCH OR MORE: 4
MIN 32 OR BELOW: 6 0.50 INCH OR MORE: 3
MIN 0 OR BELOW: 0 1.00 INCH OR MORE: 1
[HDD (BASE 65) ]
TOTAL THIS MO. 459 CLEAR (SCALE 0-3) 9
DPTR FM NORMAL M PTCLDY (SCALE 4-7) 13
TOTAL FM JUL 1 515 CLOUDY (SCALE 8-10) 9
DPTR FM NORMAL M
[CDD (BASE 65) ]
TOTAL THIS MO. 32
DPTR FM NORMAL M [PRESSURE DATA]
TOTAL FM JAN 1 714 HIGHEST SLP M ON M
DPTR FM NORMAL M LOWEST SLP M ON M
[REMARKS]
#FINAL-10-23#