000
CXUS54 KLZK 011130
CF6FLP
PRELIMINARY LOCAL CLIMATOLOGICAL DATA (WS FORM: F-6)
STATION: FLIPPIN
MONTH: OCTOBER
YEAR: 2021
LATITUDE: 36 17 N
LONGITUDE: 92 28 W
TEMPERATURE IN F: :PCPN: SNOW: WIND :SUNSHINE: SKY :PK WND
================================================================================
1 2 3 4 5 6A 6B 7 8 9 10 11 12 13 14 15 16 17 18
12Z AVG MX 2MIN
DY MAX MIN AVG DEP HDD CDD WTR SNW DPTH SPD SPD DIR MIN PSBL S-S WX SPD DR
================================================================================
1 84 67 76 M 0 11 T M M 2.0 6 99 M M 8 1 M M
2 81 65 73 M 0 8 0.25 M M 1.9 8 240 M M 8 1 M M
3 77 60 69 M 0 4 0.00 M M 3.7 10 310 M M 5 M M
4 82 58 70 M 0 5 0.00 M M 3.0 9 340 M M 2 1 M M
5 81 52 67 M 0 2 0.00 M M 3.2 12 330 M M 3 8 M M
6 69 62 66 M 0 1 0.88 M M 2.5 9 260 M M 9 1 M M
7 79 60 70 M 0 5 0.02 M M 1.0 5 30 M M 6 12 M M
8 88 57 73 M 0 8 0.00 M M 2.4 9 210 M M 3 12 16 210
9 91 62 77 M 0 12 0.00 M M 3.5 13 200 M M 0 20 200
10 86 65 76 M 0 11 0.00 M M 5.8 13 160 M M 0 20 190
11 77 55 66 M 0 1 0.53 M M 9.6 23 260 M M 4 1 31 220
12 81 49 65 M 0 0 0.00 M M 1.4 6 140 M M 3 128 M M
13 83 62 73 M 0 8 T M M 4.8 12 200 M M 6 22 200
14 72 65 69 M 0 4 1.01 M M 1.6 8 340 M M 10 1 M M
15 68 47 58 M 7 0 1.18 M M 4.5 15 320 M M 7 12 22 300
16 68 42 55 M 10 0 0.00 M M 4.5 15 340 M M 0 8 21 340
17 72 38 55 M 10 0 0.00 M M 0.5 5 99 M M 0 1 M M
18 74 40 57 M 8 0 0.00 M M 1.9 7 170 M M 1 12 M M
19 75 43 59 M 6 0 0.00 M M 2.9 8 160 M M 0 M M
20 80 48 64 M 1 0 0.00 M M 3.6 10 240 M M 4 18 230
21 70 47 59 M 6 0 0.00 M M 5.9 14 270 M M 1 17 310
22 73 41 57 M 8 0 0.00 M M 1.2 8 230 M M 0 8 M M
23 71 51 61 M 4 0 0.00 M M 5.0 16 30 M M 4 23 30
24 82 57 70 M 0 5 0.19 M M 8.3 18 260 M M 2 3 33 190
25 68 47 58 M 7 0 0.00 M M 5.4 12 290 M M 3 M M
26 67 43 55 M 10 0 0.00 M M 4.1 10 110 M M 2 8 M M
27 60 52 56 M 9 0 1.60 M M 5.1 10 240 M M 9 1 M M
28 55 46 51 M 14 0 0.39 M M 9.6 18 300 M M 10 1 31 300
29 54 46 50 M 15 0 0.12 M M 11.3 16 310 M M 10 1 28 310
30 65 43 54 M 11 0 0.00 M M 5.8 12 330 M M 5 16 330
31 68 37 53 M 12 0 0.00 M M 3.2 12 340 M M 0 12 M M
================================================================================
SM 2301 1607 138 85 6.17 M 129.3 M 125
================================================================================
AV 74.2 51.8 4.2 FASTST M M 4 MAX(MPH)
MISC ----> 23 260 33 190
================================================================================
NOTES:
# LAST OF SEVERAL OCCURRENCES
COLUMN 17 PEAK WIND IN M.P.H.
PRELIMINARY LOCAL CLIMATOLOGICAL DATA (WS FORM: F-6) , PAGE 2
STATION: FLIPPIN
MONTH: OCTOBER
YEAR: 2021
LATITUDE: 36 17 N
LONGITUDE: 92 28 W
[TEMPERATURE DATA] [PRECIPITATION DATA] SYMBOLS USED IN COLUMN 16
AVERAGE MONTHLY: 63.0 TOTAL FOR MONTH: 6.17 1 = FOG OR MIST
DPTR FM NORMAL: 0.0 DPTR FM NORMAL: M 2 = FOG REDUCING VISIBILITY
HIGHEST: 91 ON 9 GRTST 24HR 1.96 ON 14-15 TO 1/4 MILE OR LESS
LOWEST: 37 ON 31 3 = THUNDER
SNOW, ICE PELLETS, HAIL 4 = ICE PELLETS
TOTAL MONTH: M 5 = HAIL
GRTST 24HR M ON M 6 = FREEZING RAIN OR DRIZZLE
GRTST DEPTH: M ON M 7 = DUSTSTORM OR SANDSTORM:
VSBY 1/2 MILE OR LESS
8 = SMOKE OR HAZE
[NO. OF DAYS WITH] [WEATHER - DAYS WITH] 9 = BLOWING SNOW
X = TORNADO
MAX 32 OR BELOW: 0 0.01 INCH OR MORE: 10
MAX 90 OR ABOVE: 1 0.10 INCH OR MORE: 9
MIN 32 OR BELOW: 0 0.50 INCH OR MORE: 5
MIN 0 OR BELOW: 0 1.00 INCH OR MORE: 3
[HDD (BASE 65) ]
TOTAL THIS MO. 138 CLEAR (SCALE 0-3) 15
DPTR FM NORMAL M PTCLDY (SCALE 4-7) 10
TOTAL FM JUL 1 144 CLOUDY (SCALE 8-10) 6
DPTR FM NORMAL M
[CDD (BASE 65) ]
TOTAL THIS MO. 85
DPTR FM NORMAL M [PRESSURE DATA]
TOTAL FM JAN 1 1756 HIGHEST SLP 30.35 ON 17
DPTR FM NORMAL M LOWEST SLP 29.31 ON 28
[REMARKS]
#FINAL-10-21#