000
CXUS52 KTBW 011304
CF6FMY
PRELIMINARY LOCAL CLIMATOLOGICAL DATA (WS FORM: F-6)
STATION: FORT MYERS
MONTH: JULY
YEAR: 2021
LATITUDE: 26 34 N
LONGITUDE: 81 52 W
TEMPERATURE IN F: :PCPN: SNOW: WIND :SUNSHINE: SKY :PK WND
================================================================================
1 2 3 4 5 6A 6B 7 8 9 10 11 12 13 14 15 16 17 18
12Z AVG MX 2MIN
DY MAX MIN AVG DEP HDD CDD WTR SNW DPTH SPD SPD DIR MIN PSBL S-S WX SPD DR
================================================================================
1 86 74 80 -3 0 15 0.01 0.0 0 4.4 14 270 M M 2 13 19 120
2 89 75 82 -1 0 17 T 0.0 0 6.2 15 250 M M 2 3 29 310
3 90 77 84 1 0 19 0.00 0.0 0 7.7 18 250 M M 1 31 260
4 95 76 86 3 0 21 0.00 0.0 0 5.4 15 320 M M 1 26 330
5 94 76 85 2 0 20 0.14 0.0 0 7.3 21 140 M M 4 13 27 110
6 79 74 77 -6 0 12 2.39 0.0 0 10.2 26 140 M M 7 13 39 120
7 86 74 80 -3 0 15 2.23 0.0 0 5.7 21 150 M M 5 13 31 140
8 92 75 84 1 0 19 0.00 0.0 0 6.3 17 100 M M 0 27 300
9 95 75 85 2 0 20 0.00 0.0 0 5.8 15 100 M M 2 3 20 110
10 95 74 85 2 0 20 0.21 0.0 0 4.8 22 30 M M 2 13 27 30
11 93 75 84 1 0 19 0.18 0.0 0 5.8 22 170 M M 2 13 31 160
12 92 76 84 1 0 19 T 0.0 0 7.9 20 110 M M 1 25 110
13 91 75 83 0 0 18 0.27 0.0 0 7.6 21 170 M M 3 138 30 170
14 93 75 84 1 0 19 0.04 0.0 0 6.4 16 200 M M 4 3 34 80
15 92 75 84 1 0 19 T 0.0 0 8.6 16 90 M M 1 3 23 90
16 94 76 85 2 0 20 0.00 0.0 0 7.4 18 120 M M 2 3 25 140
17 92 75 84 1 0 19 0.47 0.0 0 4.9 23 160 M M 3 13 38 160
18 92 75 84 1 0 19 0.82 0.0 0 5.8 24 190 M M 3 1238 30 220
19 94 75 85 2 0 20 0.35 0.0 0 3.4 14 40 M M 3 13 18 190
20 91 76 84 1 0 19 0.00 0.0 0 4.6 14 140 M M 2 3 19 240
21 93 77 85 2 0 20 0.00 0.0 0 6.2 13 240 M M 1 20 250
22 97 79 88 5 0 23 0.00 0.0 0 5.6 16 320 M M 1 19 320
23 95 81 88 5 0 23 0.00 0.0 0 6.2 17 300 M M 1 29 310
24 94 77 86 3 0 21 0.22 0.0 0 3.9 21 300 M M 3 13 26 300
25 95 76 86 3 0 21 0.03 0.0 0 4.2 15 250 M M 2 3 19 130
26 91 78 85 2 0 20 0.01 0.0 0 3.6 18 60 M M 4 3 23 50
27 92 76 84 1 0 19 1.44 0.0 0 5.7 20 260 M M 3 13 33 230
28 89 77 83 0 0 18 0.01 0.0 0 4.5 17 330 M M 2 13 30 330
29 92 78 85 1 0 20 0.04 0.0 0 5.1 16 320 M M 1 3 25 310
30 93 77 85 1 0 20 0.00 0.0 0 4.9 14 240 M M 1 23 230
31 93 79 86 2 0 21 0.00 0.0 0 4.4 14 260 M M 1 21 220
================================================================================
SM 2849 2358 0 595 8.86 0.0 180.5 M 70
================================================================================
AV 91.9 76.1 5.8 FASTST M M 2 MAX(MPH)
MISC ----> 26 140 39 120
================================================================================
NOTES:
# LAST OF SEVERAL OCCURRENCES
COLUMN 17 PEAK WIND IN M.P.H.
PRELIMINARY LOCAL CLIMATOLOGICAL DATA (WS FORM: F-6) , PAGE 2
STATION: FORT MYERS
MONTH: JULY
YEAR: 2021
LATITUDE: 26 34 N
LONGITUDE: 81 52 W
[TEMPERATURE DATA] [PRECIPITATION DATA] SYMBOLS USED IN COLUMN 16
AVERAGE MONTHLY: 84.0 TOTAL FOR MONTH: 8.86 1 = FOG OR MIST
DPTR FM NORMAL: 0.8 DPTR FM NORMAL: -0.52 2 = FOG REDUCING VISIBILITY
HIGHEST: 97 ON 22 GRTST 24HR 4.56 ON 6- 7 TO 1/4 MILE OR LESS
LOWEST: 74 ON 10, 7 3 = THUNDER
SNOW, ICE PELLETS, HAIL 4 = ICE PELLETS
TOTAL MONTH: 0.0 INCH 5 = HAIL
GRTST 24HR 0.0 6 = FREEZING RAIN OR DRIZZLE
GRTST DEPTH: 0 7 = DUSTSTORM OR SANDSTORM:
VSBY 1/2 MILE OR LESS
8 = SMOKE OR HAZE
[NO. OF DAYS WITH] [WEATHER - DAYS WITH] 9 = BLOWING SNOW
X = TORNADO
MAX 32 OR BELOW: 0 0.01 INCH OR MORE: 17
MAX 90 OR ABOVE: 26 0.10 INCH OR MORE: 11
MIN 32 OR BELOW: 0 0.50 INCH OR MORE: 4
MIN 0 OR BELOW: 0 1.00 INCH OR MORE: 3
[HDD (BASE 65) ]
TOTAL THIS MO. 0 CLEAR (SCALE 0-3) 25
DPTR FM NORMAL 0 PTCLDY (SCALE 4-7) 6
TOTAL FM JUL 1 0 CLOUDY (SCALE 8-10) 0
DPTR FM NORMAL 0
[CDD (BASE 65) ]
TOTAL THIS MO. 595
DPTR FM NORMAL 32 [PRESSURE DATA]
TOTAL FM JAN 1 2443 HIGHEST SLP 30.23 ON 13
DPTR FM NORMAL 232 LOWEST SLP 29.85 ON 25
[REMARKS]
#FINAL-07-21#