000
CXUS53 KOAX 010930
CF6FNB
PRELIMINARY LOCAL CLIMATOLOGICAL DATA (WS FORM: F-6)
STATION: FALLS CITY NE
MONTH: APRIL
YEAR: 2022
LATITUDE: 40 4 N
LONGITUDE: 95 35 W
TEMPERATURE IN F: :PCPN: SNOW: WIND :SUNSHINE: SKY :PK WND
================================================================================
1 2 3 4 5 6A 6B 7 8 9 10 11 12 13 14 15 16 17 18
12Z AVG MX 2MIN
DY MAX MIN AVG DEP HDD CDD WTR SNW DPTH SPD SPD DIR MIN PSBL S-S WX SPD DR
================================================================================
1 62 22 42 -7 23 0 0.03 M M 10.2 24 160 M M 2 32 150
2 63 41 52 3 13 0 0.00 M M 11.0 22 260 M M 1 30 250
3 58 35 47 -2 18 0 0.01 M M 5.6 16 150 M M 4 1 22 150
4 59 32 46 -4 19 0 0.00 M M 6.5 13 10 M M 0 18 19 340
5 60 38 49 -1 16 0 0.15 M M 8.6 28 290 M M 7 138 36 290
6 58 40 49 -1 16 0 T M M 18.8 37 300 M M 4 49 290
7 45 34 40 -11 25 0 0.05 M M 22.7 35 320 M M 6 1 49 310
8 53 31 42 -9 23 0 0.03 M M 16.8 28 320 M M 5 1 40 340
9 64 23 44 -7 21 0 0.00 M M 10.0 23 150 M M 0 30 150
10 74 42 58 6 7 0 0.00 M M 14.0 25 280 M M 0 33 290
11 67 41 54 2 11 0 0.00 M M 4.7 13 120 M M 1 16 120
12 88 47 68 16 0 3 0.49 M M 21.8 37 160 M M 4 13 58 180
13 53 34 44 -8 21 0 0.05 M M 14.8 26 310 M M 4 45 320
14 59 30 45 -8 20 0 0.00 M M 14.2 30 250 M M 2 40 260
15 56 33 45 -8 20 0 0.00 M M 11.0 18 40 M M 1 27 50
16 53 32 43 -10 22 0 0.00 M M 9.6 20 360 M M 1 26 340
17 44 35 40 -14 25 0 0.02 M M 10.3 20 90 M M 9 1 26 90
18 56 31 44 -10 21 0 0.00 M M 10.8 24 320 M M 2 38 320
19 56 25 41 -13 24 0 0.00 M M 12.2 25 150 M M 6 35 160
20 59 42 51 -4 14 0 0.02 M M 9.1 23 150 M M 9 12 33 150
21 73 39 56 1 9 0 T M M 10.6 24 100 M M 4 12 33 120
22 83 64 74 19 0 9 0.00 M M 20.3 35 180 M M 8 3 52 190
23 78 50 64 8 1 0 0.83 M M 22.3 40 200 M M 5 13 61 210
24 64 43 54 -2 11 0 0.00 M M 17.1 29 290 M M 0 39 290
25 58 38 48 -8 17 0 0.00 M M 11.8 24 320 M M 3 35 310
26 70 29 50 -6 15 0 0.00 M M 7.2 21 170 M M 0 29 190
27 80 50 65 8 0 0 0.00 M M 16.2 25 190 M M 1 41 160
28 80 54 67 10 0 2 0.00 M M 13.7 24 150 M M 1 33 150
29 71 57 64 6 1 0 1.46 M M 14.6 32 210 M M 8 13 46 210
30 58 50 54 -4 11 0 T M M 20.0 35 280 M M 9 50 280
================================================================================
SM 1902 1162 424 14 3.14 M 396.5 M 107
================================================================================
AV 63.4 38.7 13.2 FASTST M M 4 MAX(MPH)
MISC ----> 40 200 61 210
================================================================================
NOTES:
# LAST OF SEVERAL OCCURRENCES
COLUMN 17 PEAK WIND IN M.P.H.
PRELIMINARY LOCAL CLIMATOLOGICAL DATA (WS FORM: F-6) , PAGE 2
STATION: FALLS CITY NE
MONTH: APRIL
YEAR: 2022
LATITUDE: 40 4 N
LONGITUDE: 95 35 W
[TEMPERATURE DATA] [PRECIPITATION DATA] SYMBOLS USED IN COLUMN 16
AVERAGE MONTHLY: 51.1 TOTAL FOR MONTH: 3.14 1 = FOG OR MIST
DPTR FM NORMAL: -2.2 DPTR FM NORMAL: -0.37 2 = FOG REDUCING VISIBILITY
HIGHEST: 88 ON 12 GRTST 24HR 1.46 ON 29-29 TO 1/4 MILE OR LESS
LOWEST: 22 ON 1 3 = THUNDER
SNOW, ICE PELLETS, HAIL 4 = ICE PELLETS
TOTAL MONTH: M 5 = HAIL
GRTST 24HR M ON M 6 = FREEZING RAIN OR DRIZZLE
GRTST DEPTH: M ON M 7 = DUSTSTORM OR SANDSTORM:
VSBY 1/2 MILE OR LESS
8 = SMOKE OR HAZE
[NO. OF DAYS WITH] [WEATHER - DAYS WITH] 9 = BLOWING SNOW
X = TORNADO
MAX 32 OR BELOW: 0 0.01 INCH OR MORE: 11
MAX 90 OR ABOVE: 0 0.10 INCH OR MORE: 4
MIN 32 OR BELOW: 9 0.50 INCH OR MORE: 2
MIN 0 OR BELOW: 0 1.00 INCH OR MORE: 1
[HDD (BASE 65) ]
TOTAL THIS MO. 424 CLEAR (SCALE 0-3) 15
DPTR FM NORMAL 57 PTCLDY (SCALE 4-7) 10
TOTAL FM JUL 1 4908 CLOUDY (SCALE 8-10) 5
DPTR FM NORMAL -499
[CDD (BASE 65) ]
TOTAL THIS MO. 14
DPTR FM NORMAL -1 [PRESSURE DATA]
TOTAL FM JAN 1 14 HIGHEST SLP 30.44 ON 26
DPTR FM NORMAL -4 LOWEST SLP 29.15 ON 12
[REMARKS]
#FINAL-04-22#