065
CXUS52 KFFC 011010
CF6FTY
PRELIMINARY LOCAL CLIMATOLOGICAL DATA (WS FORM: F-6)
STATION: FULTON COUNTY AIRPORT
MONTH: MAY
YEAR: 2020
LATITUDE: 33 46 N
LONGITUDE: 84 31 W
TEMPERATURE IN F: :PCPN: SNOW: WIND :SUNSHINE: SKY :PK WND
================================================================================
1 2 3 4 5 6A 6B 7 8 9 10 11 12 13 14 15 16 17 18
12Z AVG MX 2MIN
DY MAX MIN AVG DEP HDD CDD WTR SNW DPTH SPD SPD DIR MIN PSBL S-S WX SPD DR
================================================================================
1 74 45 60 -5 5 0 0.00 0.0 0 6.5 20 280 M M 0 28 290
2 82 45 64 -1 1 0 0.00 M 0 2.2 12 200 M M 0 16 220
3 85 52 69 3 0 4 0.00 0.0 0 5.7 14 250 M M 0 21 190
4 85 58 72 6 0 7 0.00 0.0 0 3.9 10 300 M M 2 17 350
5 83 64 74 8 0 9 0.00 0.0 0 8.0 20 310 M M 3 28 340
6 72 47 60 -6 5 0 0.00 0.0 0 10.8 29 320 M M 2 38 290
7 68 44 56 -11 9 0 0.00 0.0 0 5.6 16 300 M M 0 22 290
8 63 45 54 -13 11 0 0.13 M 0 4.8 16 340 M M 7 1 29 320
9 63 43 53 -14 12 0 0.00 0.0 0 6.6 16 320 M M 0 27 320
10 73 37 55 -13 10 0 0.00 0.0 0 3.1 14 290 M M 0 19 260
11 67 47 57 -11 8 0 0.00 0.0 0 8.5 21 290 M M 0 32 300
12 73 42 58 -10 7 0 0.00 0.0 0 2.3 12 290 M M 1 13 290
13 80 51 66 -3 0 1 0.00 0.0 0 3.0 13 40 M M 1 17 220
14 82 61 72 3 0 7 0.00 0.0 0 5.2 14 150 M M 4 20 150
15 81 60 71 2 0 6 0.00 0.0 0 5.3 14 150 M M 2 19 140
16 85 57 71 2 0 6 0.00 0.0 0 3.7 13 150 M M 1 16 140
17 86 59 73 3 0 8 0.24 0.0 0 4.8 15 210 M M 4 1 23 200
18 79 64 72 2 0 7 0.08 0.0 0 4.6 21 230 M M 7 1 29 240
19 74 63 69 -1 0 4 0.15 0.0 M 6.6 20 300 M M 7 13 25 290
20 63 55 59 -12 6 0 T 0.0 0 9.1 16 80 M M 9 3 20 80
21 75 54 65 -6 0 0 0.00 0.0 0 3.1 10 160 M M 8 1 16 170
22 85 59 72 1 0 7 0.20 0.0 0 4.4 24 230 M M 5 13 37 230
23 86 63 75 4 0 10 T 0.0 0 3.6 14 280 M M 3 123 18 270
24 88 66 77 5 0 12 T 0.0 0 3.1 15 200 M M 3 3 19 300
25 85 66 76 4 0 11 0.38 M M 6.1 20 100 M M 4 1 28 90
26 75 69 72 0 0 7 T 0.0 M 7.9 16 90 M M 9 24 80
27 73 65 69 -4 0 4 0.41 0.0 M 6.6 16 300 M M 10 18 22 290
28 85 66 76 3 0 11 0.12 M M 3.0 14 180 M M 6 18 19 190
29 85 67 76 3 0 11 T 0.0 M 3.2 15 320 M M 5 3 20 310
30 86 65 76 3 0 11 0.00 M M 4.1 14 320 M M 0 1 20 290
31 86 60 73 -1 0 8 0.00 M M 3.0 12 350 M M 2 16 340
================================================================================
SM 2427 1739 74 151 1.71 0.0 158.4 M 105
================================================================================
AV 78.3 56.1 5.1 FASTST M M 3 MAX(MPH)
MISC ----> 29 320 38 290
================================================================================
NOTES:
# LAST OF SEVERAL OCCURRENCES
COLUMN 17 PEAK WIND IN M.P.H.
PRELIMINARY LOCAL CLIMATOLOGICAL DATA (WS FORM: F-6) , PAGE 2
STATION: FULTON COUNTY AIRPORT
MONTH: MAY
YEAR: 2020
LATITUDE: 33 46 N
LONGITUDE: 84 31 W
[TEMPERATURE DATA] [PRECIPITATION DATA] SYMBOLS USED IN COLUMN 16
AVERAGE MONTHLY: 67.2 TOTAL FOR MONTH: 1.71 1 = FOG OR MIST
DPTR FM NORMAL: -2.2 DPTR FM NORMAL: -2.06 2 = FOG REDUCING VISIBILITY
HIGHEST: 88 ON 24 GRTST 24HR 0.41 ON 27-27 TO 1/4 MILE OR LESS
LOWEST: 37 ON 10 3 = THUNDER
SNOW, ICE PELLETS, HAIL 4 = ICE PELLETS
TOTAL MONTH: 0.0 INCH 5 = HAIL
GRTST 24HR 0.0 6 = FREEZING RAIN OR DRIZZLE
GRTST DEPTH: 0 7 = DUSTSTORM OR SANDSTORM:
VSBY 1/2 MILE OR LESS
8 = SMOKE OR HAZE
[NO. OF DAYS WITH] [WEATHER - DAYS WITH] 9 = BLOWING SNOW
X = TORNADO
MAX 32 OR BELOW: 0 0.01 INCH OR MORE: 8
MAX 90 OR ABOVE: 0 0.10 INCH OR MORE: 7
MIN 32 OR BELOW: 0 0.50 INCH OR MORE: 0
MIN 0 OR BELOW: 0 1.00 INCH OR MORE: 0
[HDD (BASE 65) ]
TOTAL THIS MO. 74 CLEAR (SCALE 0-3) 17
DPTR FM NORMAL 46 PTCLDY (SCALE 4-7) 11
TOTAL FM JUL 1 2398 CLOUDY (SCALE 8-10) 3
DPTR FM NORMAL -480
[CDD (BASE 65) ]
TOTAL THIS MO. 151
DPTR FM NORMAL -10 [PRESSURE DATA]
TOTAL FM JAN 1 209 HIGHEST SLP 30.31 ON 12
DPTR FM NORMAL 9 LOWEST SLP 29.69 ON 19
[REMARKS]
#FINAL-05-20#