000
CXUS53 KIWX 280810
CF6FWA
PRELIMINARY LOCAL CLIMATOLOGICAL DATA (WS FORM: F-6)
STATION: FORT WAYNE
MONTH: MARCH
YEAR: 2024
LATITUDE: 41 0 N
LONGITUDE: 85 12 W
TEMPERATURE IN F: :PCPN: SNOW: WIND :SUNSHINE: SKY :PK WND
================================================================================
1 2 3 4 5 6A 6B 7 8 9 10 11 12 13 14 15 16 17 18
12Z AVG MX 2MIN
DY MAX MIN AVG DEP HDD CDD WTR SNW DPTH SPD SPD DIR MIN PSBL S-S WX SPD DR
================================================================================
1 47 25 36 3 29 0 T 0.0 0 7.9 14 140 M M 7 20 140
2 56 38 47 13 18 0 T 0.0 0 5.0 12 170 M M 7 12 16 190
3 66 38 52 18 13 0 0.00 0.0 0 10.8 21 160 M M 4 12 30 170
4 72 47 60 26 5 0 0.00 0.0 0 11.2 22 200 M M 6 32 200
5 65 50 58 23 7 0 T 0.0 0 9.8 17 60 M M 9 138 22 180
6 50 43 47 12 18 0 T 0.0 0 9.6 15 10 M M 10 1 20 30
7 48 39 44 9 21 0 0.00 0.0 0 9.9 16 90 M M 10 21 90
8 55 41 48 12 17 0 0.62 0.0 0 10.1 20 150 M M 10 1 26 150
9 55 35 45 9 20 0 0.10 0.0 0 13.5 23 290 M M 9 1 31 290
10 40 30 35 -1 30 0 T T 0 15.0 29 300 M M 6 40 290
11 58 25 42 5 23 0 0.00 0.0 0 14.6 28 220 M M 1 35 220
12 68 41 55 18 10 0 0.00 0.0 0 14.8 26 230 M M 7 36 210
13 73 41 57 19 8 0 0.00 0.0 0 7.5 15 230 M M 6 22 220
14 68 52 60 22 5 0 2.12 0.0 0 9.7 24 290 M M 9 135 35 290
15 59 37 48 10 17 0 0.00 0.0 0 10.2 21 360 M M 6 28 360
16 61 34 48 9 17 0 0.02 0.0 0 17.2 37 260 M M 4 52 270
17 43 31 37 -2 28 0 T T 0 13.1 23 310 M M 6 33 300
18 36 27 32 -7 33 0 0.01 0.3 0 12.1 24 280 M M 9 1 31 270
19 53 28 41 1 24 0 0.00 0.0 0 17.7 37 250 M M 6 53 250
20 42 24 33 -7 32 0 0.00 0.0 0 12.3 28 330 M M 3 40 320
21 38 21 30 -10 35 0 0.00 0.0 0 5.0 9 80 M M 5 14 100
22 48 27 38 -3 27 0 0.05 0.4 0 12.8 21 50 M M 8 18 28 70
23 44 27 36 -5 29 0 0.00 0.0 T 10.1 18 360 M M 5 27 30
24 47 24 36 -6 29 0 0.00 0.0 0 13.5 23 100 M M 6 1 30 100
25 68 33 51 9 14 0 T 0.0 0 14.1 25 150 M M 10 34 160
26 65 41 53 11 12 0 0.26 0.0 0 19.3 31 170 M M 9 45 180
27 41 30 36 -7 29 0 0.00 0.0 0 14.4 22 260 M M 7 30 260
================================================================================
SM 1466 929 550 0 3.18 0.7 321.2 M 185
================================================================================
AV 54.3 34.4 11.9 FASTST M M 7 MAX(MPH)
MISC ----> # 37 260 53 250
================================================================================
NOTES:
# LAST OF SEVERAL OCCURRENCES
COLUMN 17 PEAK WIND IN M.P.H.
PRELIMINARY LOCAL CLIMATOLOGICAL DATA (WS FORM: F-6) , PAGE 2
STATION: FORT WAYNE
MONTH: MARCH
YEAR: 2024
LATITUDE: 41 0 N
LONGITUDE: 85 12 W
[TEMPERATURE DATA] [PRECIPITATION DATA] SYMBOLS USED IN COLUMN 16
AVERAGE MONTHLY: 44.4 TOTAL FOR MONTH: 3.18 1 = FOG OR MIST
DPTR FM NORMAL: 6.4 DPTR FM NORMAL: 0.80 2 = FOG REDUCING VISIBILITY
HIGHEST: 73 ON 13 GRTST 24HR 2.12 ON 14-14 TO 1/4 MILE OR LESS
LOWEST: 21 ON 21 3 = THUNDER
SNOW, ICE PELLETS, HAIL 4 = ICE PELLETS
TOTAL MONTH: 0.7 INCH 5 = HAIL
GRTST 24HR 0.4 ON 22-22 6 = FREEZING RAIN OR DRIZZLE
GRTST DEPTH: T 7 = DUSTSTORM OR SANDSTORM:
VSBY 1/2 MILE OR LESS
8 = SMOKE OR HAZE
[NO. OF DAYS WITH] [WEATHER - DAYS WITH] 9 = BLOWING SNOW
X = TORNADO
MAX 32 OR BELOW: 0 0.01 INCH OR MORE: 7
MAX 90 OR ABOVE: 0 0.10 INCH OR MORE: 4
MIN 32 OR BELOW: 12 0.50 INCH OR MORE: 2
MIN 0 OR BELOW: 0 1.00 INCH OR MORE: 1
[HDD (BASE 65) ]
TOTAL THIS MO. 550 CLEAR (SCALE 0-3) 2
DPTR FM NORMAL -183 PTCLDY (SCALE 4-7) 16
TOTAL FM JUL 1 4363 CLOUDY (SCALE 8-10) 9
DPTR FM NORMAL -866
[CDD (BASE 65) ]
TOTAL THIS MO. 0
DPTR FM NORMAL 0 [PRESSURE DATA]
TOTAL FM JAN 1 0 HIGHEST SLP M ON M
DPTR FM NORMAL 0 LOWEST SLP 29.52 ON 26
[REMARKS]