000
CXUS53 KIWX 010800
CF6FWA
PRELIMINARY LOCAL CLIMATOLOGICAL DATA (WS FORM: F-6)
STATION: FORT WAYNE
MONTH: JUNE
YEAR: 2020
LATITUDE: 41 0 N
LONGITUDE: 85 12 W
TEMPERATURE IN F: :PCPN: SNOW: WIND :SUNSHINE: SKY :PK WND
================================================================================
1 2 3 4 5 6A 6B 7 8 9 10 11 12 13 14 15 16 17 18
12Z AVG MX 2MIN
DY MAX MIN AVG DEP HDD CDD WTR SNW DPTH SPD SPD DIR MIN PSBL S-S WX SPD DR
================================================================================
1 73 42 58 -8 7 0 0.00 0.0 0 5.5 12 220 M M 5 16 260
2 92 56 74 8 0 9 0.00 0.0 0 16.8 26 240 M M 4 36 250
3 85 71 78 12 0 13 0.00 0.0 0 9.4 22 280 M M 8 30 250
4 83 65 74 7 0 9 0.17 0.0 0 6.5 16 240 M M 9 13 21 250
5 90 61 76 9 0 11 0.00 0.0 0 6.3 17 250 M M 5 1 24 290
6 87 60 74 7 0 9 0.00 0.0 0 7.6 16 320 M M 3 8 24 320
7 83 57 70 2 0 5 0.00 0.0 0 7.9 15 80 M M 5 19 100
8 88 57 73 5 0 8 0.00 0.0 0 8.4 16 100 M M 4 24 120
9 94 61 78 10 0 13 0.02 0.0 0 16.2 32 180 M M 8 44 180
10 91 62 77 8 0 12 0.27 0.0 0 21.4 44 210 M M 7 13 64 210
11 80 59 70 1 0 5 0.01 0.0 0 12.1 24 270 M M 2 1 34 270
12 84 55 70 1 0 5 0.00 0.0 0 6.0 17 10 M M 2 24 290
13 71 55 63 -7 2 0 0.17 0.0 0 12.7 22 60 M M 7 13 29 10
14 73 53 63 -7 2 0 0.00 0.0 0 11.8 21 60 M M 4 30 80
15 80 53 67 -3 0 2 0.00 0.0 0 9.6 17 70 M M 1 25 80
16 85 58 72 2 0 7 0.00 0.0 0 5.8 14 60 M M 3 8 22 90
17 85 57 71 0 0 6 0.00 0.0 0 6.5 15 60 M M 4 22 70
18 88 58 73 2 0 8 0.00 0.0 0 4.3 14 30 M M 4 20 30
19 91 61 76 5 0 11 0.00 0.0 0 1.4 9 330 M M 4 20 110
20 93 62 78 6 0 13 0.00 0.0 0 6.7 17 260 M M 5 24 220
21 79 64 72 0 0 7 0.08 0.0 0 5.2 14 200 M M 8 17 190
22 89 60 75 3 0 10 0.11 0.0 0 6.9 23 300 M M 7 12 38 300
23 75 60 68 -4 0 3 0.48 0.0 0 10.7 24 280 M M 7 1 34 280
24 79 58 69 -3 0 4 0.08 0.0 0 7.1 25 230 M M 6 13 32 230
25 83 56 70 -3 0 5 0.00 0.0 0 7.9 20 270 M M 4 26 280
26 85 61 73 0 0 8 0.05 0.0 0 11.8 25 300 M M 7 3 41 290
27 81 69 75 2 0 10 0.45 0.0 0 11.6 31 260 M M 7 13 44 260
28 87 66 77 4 0 12 0.00 0.0 0 3.1 10 70 M M 7 12 13 50
29 90 68 79 6 0 14 0.00 0.0 0 4.5 12 110 M M 7 3 17 230
30 90 70 80 6 0 15 0.08 0.0 0 7.4 17 100 M M 5 3 22 110
================================================================================
SM 2534 1795 11 234 1.97 0.0 259.1 M 159
================================================================================
AV 84.5 59.8 8.6 FASTST M M 5 MAX(MPH)
MISC ----> # 44 210 # 64 210
================================================================================
NOTES:
# LAST OF SEVERAL OCCURRENCES
COLUMN 17 PEAK WIND IN M.P.H.
PRELIMINARY LOCAL CLIMATOLOGICAL DATA (WS FORM: F-6) , PAGE 2
STATION: FORT WAYNE
MONTH: JUNE
YEAR: 2020
LATITUDE: 41 0 N
LONGITUDE: 85 12 W
[TEMPERATURE DATA] [PRECIPITATION DATA] SYMBOLS USED IN COLUMN 16
AVERAGE MONTHLY: 72.2 TOTAL FOR MONTH: 1.97 1 = FOG OR MIST
DPTR FM NORMAL: 2.1 DPTR FM NORMAL: -2.19 2 = FOG REDUCING VISIBILITY
HIGHEST: 94 ON 9 GRTST 24HR 0.48 ON 23-23 TO 1/4 MILE OR LESS
LOWEST: 42 ON 1 3 = THUNDER
SNOW, ICE PELLETS, HAIL 4 = ICE PELLETS
TOTAL MONTH: 0.0 INCH 5 = HAIL
GRTST 24HR 0.0 6 = FREEZING RAIN OR DRIZZLE
GRTST DEPTH: 0 7 = DUSTSTORM OR SANDSTORM:
VSBY 1/2 MILE OR LESS
8 = SMOKE OR HAZE
[NO. OF DAYS WITH] [WEATHER - DAYS WITH] 9 = BLOWING SNOW
X = TORNADO
MAX 32 OR BELOW: 0 0.01 INCH OR MORE: 12
MAX 90 OR ABOVE: 8 0.10 INCH OR MORE: 6
MIN 32 OR BELOW: 0 0.50 INCH OR MORE: 0
MIN 0 OR BELOW: 0 1.00 INCH OR MORE: 0
[HDD (BASE 65) ]
TOTAL THIS MO. 11 CLEAR (SCALE 0-3) 5
DPTR FM NORMAL -18 PTCLDY (SCALE 4-7) 23
TOTAL FM JUL 1 5717 CLOUDY (SCALE 8-10) 2
DPTR FM NORMAL -384
[CDD (BASE 65) ]
TOTAL THIS MO. 234
DPTR FM NORMAL 52 [PRESSURE DATA]
TOTAL FM JAN 1 290 HIGHEST SLP 30.37 ON 16
DPTR FM NORMAL 51 LOWEST SLP 29.52 ON 10
[REMARKS]
#FINAL-06-20#