000
CXUS54 KFWD 010732
CF6FWD
PRELIMINARY LOCAL CLIMATOLOGICAL DATA (WS FORM: F-6)
STATION: FORT WORTH NWS
MONTH: AUGUST
YEAR: 2023
LATITUDE: 32 50 N
LONGITUDE: 97 18 W
TEMPERATURE IN F: :PCPN: SNOW: WIND :SUNSHINE: SKY :PK WND
================================================================================
1 2 3 4 5 6A 6B 7 8 9 10 11 12 13 14 15 16 17 18
12Z AVG MX 2MIN
DY MAX MIN AVG DEP HDD CDD WTR SNW DPTH SPD SPD DIR MIN PSBL S-S WX SPD DR
================================================================================
1 104 82 93 7 0 28 0.00 0.0 0 M M M M M M M M
2 104 81 93 7 0 28 0.00 0.0 0 M M M M M M M M
3 103 84 94 8 0 29 0.00 0.0 0 M M M M M M M M
4 103 83 93 7 0 28 0.00 0.0 0 M M M M M M M M
5 104 84 94 8 0 29 0.00 0.0 0 M M M M M M M M
6 103 83 93 7 0 28 0.00 0.0 0 M M M M M M M M
7 103 85 94 8 0 29 0.00 0.0 0 M M M M M M M M
8 101 85 93 7 0 28 0.00 0.0 0 M M M M M M M M
9 106 82 94 8 0 29 0.02 0.0 0 M M M M M M M M
10 105 82 94 8 0 29 0.00 0.0 0 M M M M M M M M
11 105 83 94 8 0 29 0.00 0.0 0 M M M M M M M M
12 105 81 93 7 0 28 0.00 0.0 0 M M M M M M M M
13 105 82 94 8 0 29 0.00 0.0 0 M M M M M M M M
14 97 79 88 2 0 23 0.00 0.0 0 M M M M M M M M
15 93 73 83 -2 0 18 0.00 0.0 0 M M M M M M M M
16 94 71 83 -2 0 18 0.00 0.0 0 M M M M M M M M
17 108 74 91 6 0 26 0.00 0.0 0 M M M M M M M M
18 108 80 94 9 0 29 0.00 0.0 0 M M M M M M M M
19 105 83 94 9 0 29 0.00 0.0 0 M M M M M M M M
20 106 84 95 10 0 30 0.00 0.0 0 M M M M M M M M
21 103 83 93 8 0 28 0.00 0.0 0 M M M M M M M M
22 100 82 91 7 0 26 0.00 0.0 0 M M M M M M M M
23 101 82 92 8 0 27 0.00 0.0 0 M M M M M M M M
24 103 84 94 10 0 29 0.00 0.0 0 M M M M M M M M
25 106 84 95 11 0 30 0.00 0.0 0 M M M M M M M M
26 106 83 95 11 0 30 0.00 0.0 0 M M M M M M M M
27 98 79 89 6 0 24 0.02 0.0 0 M M M M M M 3 M M
28 92 75 84 1 0 19 0.00 0.0 0 M M M M M M M M
29 95 73 84 1 0 19 0.00 0.0 0 M M M M M M M M
30 96 75 86 3 0 21 0.00 0.0 0 M M M M M M M M
31 96 75 86 4 0 21 0.00 0.0 0 M M M M M M M M
================================================================================
SM 3158 2496 0 818 0.04 0.0 M M M
================================================================================
AV101.9 80.5 M FASTST M M M MAX(MPH)
MISC ----> M M M M
================================================================================
NOTES:
# LAST OF SEVERAL OCCURRENCES
COLUMN 17 PEAK WIND IN M.P.H.
PRELIMINARY LOCAL CLIMATOLOGICAL DATA (WS FORM: F-6) , PAGE 2
STATION: FORT WORTH NWS
MONTH: AUGUST
YEAR: 2023
LATITUDE: 32 50 N
LONGITUDE: 97 18 W
[TEMPERATURE DATA] [PRECIPITATION DATA] SYMBOLS USED IN COLUMN 16
AVERAGE MONTHLY: 91.2 TOTAL FOR MONTH: 0.04 1 = FOG OR MIST
DPTR FM NORMAL: 6.3 DPTR FM NORMAL: -1.93 2 = FOG REDUCING VISIBILITY
HIGHEST: 108 ON 18,17 GRTST 24HR 0.02 ON 9- 9 TO 1/4 MILE OR LESS
LOWEST: 71 ON 16 3 = THUNDER
SNOW, ICE PELLETS, HAIL 4 = ICE PELLETS
TOTAL MONTH: 0.0 INCH 5 = HAIL
GRTST 24HR 0.0 6 = FREEZING RAIN OR DRIZZLE
GRTST DEPTH: 0 7 = DUSTSTORM OR SANDSTORM:
VSBY 1/2 MILE OR LESS
8 = SMOKE OR HAZE
[NO. OF DAYS WITH] [WEATHER - DAYS WITH] 9 = BLOWING SNOW
X = TORNADO
MAX 32 OR BELOW: 0 0.01 INCH OR MORE: 2
MAX 90 OR ABOVE: 31 0.10 INCH OR MORE: 0
MIN 32 OR BELOW: 0 0.50 INCH OR MORE: 0
MIN 0 OR BELOW: 0 1.00 INCH OR MORE: 0
[HDD (BASE 65) ]
TOTAL THIS MO. 0 CLEAR (SCALE 0-3) 0
DPTR FM NORMAL 0 PTCLDY (SCALE 4-7) 0
TOTAL FM JUL 1 0 CLOUDY (SCALE 8-10) 31
DPTR FM NORMAL 0
[CDD (BASE 65) ]
TOTAL THIS MO. 818
DPTR FM NORMAL 203 [PRESSURE DATA]
TOTAL FM JAN 1 2432 HIGHEST SLP M ON M
DPTR FM NORMAL 337 LOWEST SLP M ON M
[REMARKS]
#FINAL-08-23#