000
CXUS52 KMFL 011130
CF6FXE
PRELIMINARY LOCAL CLIMATOLOGICAL DATA (WS FORM: F-6)
STATION: FORT LAUDERDALE EXEC ARPT
MONTH: FEBRUARY
YEAR: 2023
LATITUDE: 26 12 N
LONGITUDE: 80 11 W
TEMPERATURE IN F: :PCPN: SNOW: WIND :SUNSHINE: SKY :PK WND
================================================================================
1 2 3 4 5 6A 6B 7 8 9 10 11 12 13 14 15 16 17 18
12Z AVG MX 2MIN
DY MAX MIN AVG DEP HDD CDD WTR SNW DPTH SPD SPD DIR MIN PSBL S-S WX SPD DR
================================================================================
1 84 66 75 7 0 10 0.00 0.0 0 3.8 13 110 M M 1 18 100
2 85 66 76 8 0 11 0.00 M M 4.6 14 130 M M 2 1 19 120
3 88 64 76 8 0 11 0.00 0.0 0 5.9 17 330 M M 2 1 25 330
4 78 65 72 4 0 7 0.00 M M 15.4 24 70 M M 9 34 70
5 83 68 76 7 0 11 2.25 0.0 0 8.5 24 90 M M 8 13 31 220
6 81 66 74 5 0 9 0.00 0.0 M 6.3 16 60 M M 5 22 40
7 79 66 73 4 0 8 0.00 0.0 M 11.6 20 80 M M 3 26 90
8 81 71 76 7 0 11 0.00 0.0 0 12.8 21 80 M M 6 28 80
9 82 74 78 9 0 13 0.00 0.0 0 13.5 23 110 M M 4 29 120
10 84 73 79 10 0 14 0.00 0.0 0 9.3 17 140 M M 3 28 130
11 86 69 78 9 0 13 0.00 0.0 0 7.6 17 160 M M 2 24 140
12 79 65 72 3 0 7 0.00 0.0 0 14.4 24 270 M M 5 3 35 260
13 74 56 65 -5 0 0 0.00 0.0 0 7.5 18 330 M M 1 8 31 300
14 78 53 66 -4 0 1 0.00 0.0 0 7.4 17 100 M M 2 26 110
15 82 71 77 7 0 12 0.00 0.0 0 12.1 21 110 M M 4 29 130
16 84 74 79 9 0 14 0.00 0.0 0 11.9 21 110 M M 3 28 100
17 85 71 78 8 0 13 T 0.0 0 6.9 16 150 M M 6 1 20 180
18 79 69 74 4 0 9 0.00 0.0 0 8.8 16 40 M M 6 1 22 10
19 84 69 77 7 0 12 0.00 0.0 0 7.3 15 80 M M 4 18 80
20 86 66 76 6 0 11 0.00 0.0 0 5.7 13 150 M M 3 16 130
21 87 67 77 7 0 12 0.00 0.0 0 5.2 14 110 M M 2 18 130
22 85 67 76 6 0 11 0.00 M M 6.2 17 140 M M 2 24 140
23 86 71 79 9 0 14 0.00 M M 7.4 15 120 M M 2 19 160
24 85 67 76 5 0 11 0.00 M M 4.9 14 90 M M 1 18 100
25 85 65 75 4 0 10 0.00 M M 4.3 14 100 M M 2 17 100
26 87 66 77 6 0 12 0.00 M M 5.3 13 120 M M 1 18 310
27 89 64 77 6 0 12 0.00 M M 6.9 16 240 M M 1 23 210
28 90 64 77 6 0 12 0.00 M M 7.4 17 260 M M 0 21 240
================================================================================
SM 2336 1873 0 291 2.25 0.0 228.9 M 90
================================================================================
AV 83.4 66.9 8.2 FASTST M M 3 MAX(MPH)
MISC ----> # 24 70 35 260
================================================================================
NOTES:
# LAST OF SEVERAL OCCURRENCES
COLUMN 17 PEAK WIND IN M.P.H.
PRELIMINARY LOCAL CLIMATOLOGICAL DATA (WS FORM: F-6) , PAGE 2
STATION: FORT LAUDERDALE EXEC ARPT
MONTH: FEBRUARY
YEAR: 2023
LATITUDE: 26 12 N
LONGITUDE: 80 11 W
[TEMPERATURE DATA] [PRECIPITATION DATA] SYMBOLS USED IN COLUMN 16
AVERAGE MONTHLY: 75.2 TOTAL FOR MONTH: 2.25 1 = FOG OR MIST
DPTR FM NORMAL: 5.6 DPTR FM NORMAL: 0.30 2 = FOG REDUCING VISIBILITY
HIGHEST: 90 ON 28 GRTST 24HR 2.25 ON 5- 5 TO 1/4 MILE OR LESS
LOWEST: 53 ON 14 3 = THUNDER
SNOW, ICE PELLETS, HAIL 4 = ICE PELLETS
TOTAL MONTH: 0.0 INCH 5 = HAIL
GRTST 24HR 0.0 6 = FREEZING RAIN OR DRIZZLE
GRTST DEPTH: 0 7 = DUSTSTORM OR SANDSTORM:
VSBY 1/2 MILE OR LESS
8 = SMOKE OR HAZE
[NO. OF DAYS WITH] [WEATHER - DAYS WITH] 9 = BLOWING SNOW
X = TORNADO
MAX 32 OR BELOW: 0 0.01 INCH OR MORE: 1
MAX 90 OR ABOVE: 1 0.10 INCH OR MORE: 1
MIN 32 OR BELOW: 0 0.50 INCH OR MORE: 1
MIN 0 OR BELOW: 0 1.00 INCH OR MORE: 1
[HDD (BASE 65) ]
TOTAL THIS MO. 0 CLEAR (SCALE 0-3) 17
DPTR FM NORMAL -31 PTCLDY (SCALE 4-7) 10
TOTAL FM JUL 1 81 CLOUDY (SCALE 8-10) 1
DPTR FM NORMAL -47
[CDD (BASE 65) ]
TOTAL THIS MO. 291
DPTR FM NORMAL 131 [PRESSURE DATA]
TOTAL FM JAN 1 526 HIGHEST SLP 30.31 ON 24
DPTR FM NORMAL 226 LOWEST SLP 29.92 ON 12
[REMARKS]
#FINAL-02-23#