000
CXUS54 KTSA 011106
CF6FYV
PRELIMINARY LOCAL CLIMATOLOGICAL DATA (WS FORM: F-6)
STATION: FAYETTEVILLE ARKANSAS
MONTH: AUGUST
YEAR: 2022
LATITUDE: 36 0 N
LONGITUDE: 94 10 W
TEMPERATURE IN F: :PCPN: SNOW: WIND :SUNSHINE: SKY :PK WND
================================================================================
1 2 3 4 5 6A 6B 7 8 9 10 11 12 13 14 15 16 17 18
12Z AVG MX 2MIN
DY MAX MIN AVG DEP HDD CDD WTR SNW DPTH SPD SPD DIR MIN PSBL S-S WX SPD DR
================================================================================
1 91 72 82 4 0 17 T 0.0 0 6.2 20 220 M M 2 28 210
2 96 70 83 5 0 18 0.00 0.0 0 6.7 17 170 M M 0 22 180
3 96 76 86 8 0 21 0.00 0.0 0 6.4 17 170 M M 0 25 190
4 88 73 81 3 0 16 0.60 0.0 0 5.3 13 70 M M 3 1 20 40
5 95 72 84 6 0 19 0.00 0.0 0 4.3 15 160 M M 1 1 23 180
6 92 75 84 6 0 19 0.00 0.0 0 5.5 15 190 M M 2 22 180
7 91 75 83 5 0 18 0.00 0.0 0 5.0 15 180 M M 1 21 180
8 94 75 85 7 0 20 T 0.0 0 6.5 21 150 M M 3 3 29 150
9 87 73 80 2 0 15 0.39 0.0 0 3.5 13 320 M M 3 13 15 310
10 92 68 80 2 0 15 0.00 0.0 0 1.6 10 350 M M 3 12 16 330
11 89 64 77 -1 0 12 0.00 0.0 0 2.3 9 90 M M 1 1 14 60
12 91 61 76 -2 0 11 0.00 0.0 0 2.4 12 110 M M 0 1 15 110
13 92 64 78 0 0 13 0.00 0.0 0 1.6 9 130 M M 0 1 13 140
14 95 63 79 1 0 14 0.00 0.0 0 2.3 12 230 M M 0 16 220
15 97 66 82 4 0 17 0.00 0.0 0 1.7 8 170 M M 0 1 18 260
16 95 71 83 6 0 18 0.38 0.0 0 5.9 18 100 M M 1 13 26 350
17 74 66 70 -7 0 5 1.21 0.0 0 4.2 15 100 M M 9 138 22 100
18 85 63 74 -3 0 9 0.00 0.0 0 2.9 10 70 M M 4 1 15 80
19 87 61 74 -3 0 9 0.00 0.0 0 1.8 9 200 M M 1 1 15 200
20 90 65 78 1 0 13 0.00 0.0 0 3.7 14 200 M M 1 21 190
21 82 67 75 -1 0 10 1.72 0.0 0 3.8 37 320 M M 4 123 51 320
22 81 67 74 -2 0 9 T 0.0 0 3.5 14 70 M M 8 12 21 70
23 86 65 76 0 0 11 0.00 0.0 0 3.2 13 70 M M 4 1 17 90
24 87 64 76 0 0 11 0.00 0.0 0 2.1 12 70 M M 3 18 17 110
25 88 60 74 -2 0 9 0.00 0.0 0 1.6 9 100 M M 0 12 13 80
26 90 62 76 1 0 11 0.00 0.0 0 1.9 9 90 M M 0 1 13 110
27 90 65 78 3 0 13 0.00 0.0 0 4.6 13 110 M M 1 12 17 120
28 91 74 83 8 0 18 0.00 0.0 0 8.0 17 170 M M 2 24 190
29 91 71 81 6 0 16 0.28 0.0 0 6.3 32 300 M M 1 13 41 310
30 92 68 80 6 0 15 0.00 0.0 0 2.3 12 60 M M 1 18 70
31 91 64 78 4 0 13 0.00 0.0 0 1.1 8 60 M M 1 1 12 40
================================================================================
SM 2786 2100 0 435 4.58 0.0 118.2 M 60
================================================================================
AV 89.9 67.7 3.8 FASTST M M 2 MAX(MPH)
MISC ----> 37 320 51 320
================================================================================
NOTES:
# LAST OF SEVERAL OCCURRENCES
COLUMN 17 PEAK WIND IN M.P.H.
PRELIMINARY LOCAL CLIMATOLOGICAL DATA (WS FORM: F-6) , PAGE 2
STATION: FAYETTEVILLE ARKANSAS
MONTH: AUGUST
YEAR: 2022
LATITUDE: 36 0 N
LONGITUDE: 94 10 W
[TEMPERATURE DATA] [PRECIPITATION DATA] SYMBOLS USED IN COLUMN 16
AVERAGE MONTHLY: 78.8 TOTAL FOR MONTH: 4.58 1 = FOG OR MIST
DPTR FM NORMAL: 1.9 DPTR FM NORMAL: 1.41 2 = FOG REDUCING VISIBILITY
HIGHEST: 97 ON 15 GRTST 24HR 1.72 ON 21-21 TO 1/4 MILE OR LESS
LOWEST: 60 ON 25 3 = THUNDER
SNOW, ICE PELLETS, HAIL 4 = ICE PELLETS
TOTAL MONTH: 0.0 INCH 5 = HAIL
GRTST 24HR 0.0 6 = FREEZING RAIN OR DRIZZLE
GRTST DEPTH: 0 7 = DUSTSTORM OR SANDSTORM:
VSBY 1/2 MILE OR LESS
8 = SMOKE OR HAZE
[NO. OF DAYS WITH] [WEATHER - DAYS WITH] 9 = BLOWING SNOW
X = TORNADO
MAX 32 OR BELOW: 0 0.01 INCH OR MORE: 6
MAX 90 OR ABOVE: 20 0.10 INCH OR MORE: 6
MIN 32 OR BELOW: 0 0.50 INCH OR MORE: 3
MIN 0 OR BELOW: 0 1.00 INCH OR MORE: 2
[HDD (BASE 65) ]
TOTAL THIS MO. 0 CLEAR (SCALE 0-3) 24
DPTR FM NORMAL -1 PTCLDY (SCALE 4-7) 5
TOTAL FM JUL 1 0 CLOUDY (SCALE 8-10) 2
DPTR FM NORMAL 0
[CDD (BASE 65) ]
TOTAL THIS MO. 435
DPTR FM NORMAL 63 [PRESSURE DATA]
TOTAL FM JAN 1 1631 HIGHEST SLP 30.15 ON 12
DPTR FM NORMAL 472 LOWEST SLP 29.77 ON 28
[REMARKS]
#FINAL-08-22#