000
CXUS53 KUNR 010945
CF6GCC
PRELIMINARY LOCAL CLIMATOLOGICAL DATA (WS FORM: F-6)
STATION: GILLETTE AIRPORT WY
MONTH: AUGUST
YEAR: 2020
LATITUDE: 44 20 N
LONGITUDE: 105 32 W
TEMPERATURE IN F: :PCPN: SNOW: WIND :SUNSHINE: SKY :PK WND
================================================================================
1 2 3 4 5 6A 6B 7 8 9 10 11 12 13 14 15 16 17 18
12Z AVG MX 2MIN
DY MAX MIN AVG DEP HDD CDD WTR SNW DPTH SPD SPD DIR MIN PSBL S-S WX SPD DR
================================================================================
1 89 51 70 -2 0 5 0.00 M M 7.3 18 170 M M 2 24 180
2 88 62 75 3 0 10 0.00 M M 15.7 29 170 M M 0 37 160
3 91 61 76 4 0 11 0.01 M M 16.3 36 230 M M 0 3 46 230
4 87 56 72 0 0 7 T M M 8.7 21 360 M M 1 32 350
5 89 53 71 -1 0 6 0.00 M M 7.4 17 130 M M 1 24 30
6 95 62 79 7 0 14 0.01 M M 14.8 28 160 M M 0 3 35 160
7 97 55 76 4 0 11 T M M 9.9 23 360 M M 0 3 34 180
8 94 60 77 6 0 12 0.07 M M 8.6 23 150 M M 1 3 33 230
9 82 56 69 -2 0 4 0.00 M M 11.9 24 360 M M 0 31 340
10 90 46 68 -3 0 3 T M M 6.6 23 170 M M 0 31 180
11 97 59 78 7 0 13 0.00 M M 9.7 20 250 M M 0 30 330
12 98 55 77 6 0 12 T M M 9.4 33 220 M M 0 46 230
13 94 59 77 7 0 12 0.00 M M 8.7 25 320 M M 0 33 320
14 82 48 65 -5 0 0 0.00 M M 10.0 37 330 M M 1 47 10
15 90 51 71 1 0 6 0.00 M M 8.2 18 310 M M 0 24 310
16 93 47 70 0 0 5 0.00 M M 5.2 22 170 M M 0 28 190
17 98 65 82 12 0 17 0.00 M M 10.3 25 160 M M 1 33 170
18 97 60 79 10 0 14 0.00 M M 8.2 20 10 M M 0 8 26 20
19 95 64 80 11 0 15 T M M 6.4 29 330 M M 1 45 350
20 93 62 78 9 0 13 0.00 M M 5.8 17 190 M M 0 25 180
21 89 59 74 5 0 9 0.00 M M 7.0 30 340 M M 0 38 330
22 96 57 77 9 0 12 0.00 M M 6.6 20 170 M M 0 8 27 160
23 91 61 76 8 0 11 0.00 M M 7.9 17 20 M M 0 8 22 160
24 96 53 75 7 0 10 0.00 M M 6.3 21 170 M M 0 8 31 160
25 97 63 80 12 0 15 0.01 M M 8.6 30 240 M M 0 3 42 240
26 90 59 75 8 0 10 0.00 M M 6.7 21 340 M M 1 3 28 330
27 91 60 76 9 0 11 0.15 M M 7.2 30 350 M M 1 3 40 350
28 77 53 65 -1 0 0 0.00 M M 10.1 21 160 M M 0 27 160
29 92 57 75 9 0 10 0.00 M M 13.2 31 170 M M 0 40 160
30 70 42 56 -10 9 0 0.02 M M 14.9 35 340 M M 3 1 44 360
31 63 40 52 -13 13 0 0.00 M M 7.4 17 220 M M 4 22 220
================================================================================
SM 2791 1736 22 278 0.27 M 285.0 M 17
================================================================================
AV 90.0 56.0 9.2 FASTST M M 1 MAX(MPH)
MISC ----> # 37 330 # 47 10
================================================================================
NOTES:
# LAST OF SEVERAL OCCURRENCES
COLUMN 17 PEAK WIND IN M.P.H.
PRELIMINARY LOCAL CLIMATOLOGICAL DATA (WS FORM: F-6) , PAGE 2
STATION: GILLETTE AIRPORT WY
MONTH: AUGUST
YEAR: 2020
LATITUDE: 44 20 N
LONGITUDE: 105 32 W
[TEMPERATURE DATA] [PRECIPITATION DATA] SYMBOLS USED IN COLUMN 16
AVERAGE MONTHLY: 73.0 TOTAL FOR MONTH: 0.27 1 = FOG OR MIST
DPTR FM NORMAL: 3.5 DPTR FM NORMAL: -0.68 2 = FOG REDUCING VISIBILITY
HIGHEST: 98 ON 17,12 GRTST 24HR 0.15 ON 27-27 TO 1/4 MILE OR LESS
LOWEST: 40 ON 31 3 = THUNDER
SNOW, ICE PELLETS, HAIL 4 = ICE PELLETS
TOTAL MONTH: M 5 = HAIL
GRTST 24HR M ON M 6 = FREEZING RAIN OR DRIZZLE
GRTST DEPTH: M ON M 7 = DUSTSTORM OR SANDSTORM:
VSBY 1/2 MILE OR LESS
8 = SMOKE OR HAZE
[NO. OF DAYS WITH] [WEATHER - DAYS WITH] 9 = BLOWING SNOW
X = TORNADO
MAX 32 OR BELOW: 0 0.01 INCH OR MORE: 6
MAX 90 OR ABOVE: 21 0.10 INCH OR MORE: 1
MIN 32 OR BELOW: 0 0.50 INCH OR MORE: 0
MIN 0 OR BELOW: 0 1.00 INCH OR MORE: 0
[HDD (BASE 65) ]
TOTAL THIS MO. 22 CLEAR (SCALE 0-3) 30
DPTR FM NORMAL -16 PTCLDY (SCALE 4-7) 1
TOTAL FM JUL 1 22 CLOUDY (SCALE 8-10) 0
DPTR FM NORMAL -35
[CDD (BASE 65) ]
TOTAL THIS MO. 278
DPTR FM NORMAL 100 [PRESSURE DATA]
TOTAL FM JAN 1 605 HIGHEST SLP 30.16 ON 16
DPTR FM NORMAL 145 LOWEST SLP 29.50 ON 30
[REMARKS]
#FINAL-08-20#